{"id":987482574,"date":"2023-12-22T20:42:01","date_gmt":"2023-12-22T19:42:01","guid":{"rendered":"https:\/\/www.claresco-cosmetic.de\/kosmetik-shop\/?page_id=987482574"},"modified":"2023-12-22T21:48:23","modified_gmt":"2023-12-22T20:48:23","slug":"hinweis-bestellungen","status":"publish","type":"page","link":"https:\/\/www.claresco-cosmetic.de\/kosmetik-shop\/hinweis-bestellungen\/","title":{"rendered":"Hinweis zu Bestellungen und Versand"},"content":{"rendered":"<p>[et_pb_section fb_built=&#8221;1&#8243; admin_label=&#8221;Sektion&#8221; _builder_version=&#8221;4.23.1&#8243; custom_padding=&#8221;0|0px|54px|0px|false|false&#8221; global_colors_info=&#8221;{%22gcid-cd71076a-7971-4630-b8e1-93b5bc1ee318%22:%91%22background_color_gradient_stops%22%93,%22gcid-c7b09c4b-b0be-4d7b-874f-ea099d8b5a37%22:%91%22background_color_gradient_stops%22%93}&#8221;][et_pb_row _builder_version=&#8221;4.23.1&#8243; background_color=&#8221;RGBA(255,255,255,0)&#8221; max_width=&#8221;1480px&#8221; custom_padding=&#8221;50px|0px|50px|0px|false|false&#8221; global_colors_info=&#8221;{}&#8221;][et_pb_column type=&#8221;4_4&#8243; _builder_version=&#8221;4.16&#8243; custom_padding=&#8221;|||&#8221; global_colors_info=&#8221;{}&#8221; custom_padding__hover=&#8221;|||&#8221;][\/et_pb_column][\/et_pb_row][\/et_pb_section][et_pb_section fb_built=&#8221;1&#8243; custom_padding_last_edited=&#8221;on|desktop&#8221; admin_label=&#8221;Hero&#8221; _builder_version=&#8221;4.23.1&#8243; _module_preset=&#8221;default&#8221; use_background_color_gradient=&#8221;on&#8221; background_color_gradient_stops=&#8221;rgba(255,255,255,0) 54%|#f7f5f6 100%&#8221; background_color_gradient_overlays_image=&#8221;on&#8221; background_color_gradient_start=&#8221;rgba(255,255,255,0)&#8221; background_color_gradient_start_position=&#8221;78%&#8221; background_color_gradient_end=&#8221;#ffffff&#8221; background_enable_image=&#8221;off&#8221; background_position=&#8221;top_center&#8221; custom_margin=&#8221;||0px||false|false&#8221; custom_padding=&#8221;1vw||140px||false|false&#8221; custom_padding_tablet=&#8221;1vw||140px||false|false&#8221; custom_padding_phone=&#8221;0vw||0px||false|false&#8221; background_last_edited=&#8221;on|desktop&#8221; background_position_tablet=&#8221;bottom_right&#8221; locked=&#8221;off&#8221; collapsed=&#8221;off&#8221; global_colors_info=&#8221;{}&#8221;][et_pb_row column_structure=&#8221;2_5,3_5&#8243; use_custom_gutter=&#8221;on&#8221; make_equal=&#8221;on&#8221; custom_padding_last_edited=&#8221;on|phone&#8221; _builder_version=&#8221;4.23.1&#8243; _module_preset=&#8221;default&#8221; background_color=&#8221;RGBA(255,255,255,0)&#8221; width_tablet=&#8221;90%&#8221; width_phone=&#8221;90%&#8221; width_last_edited=&#8221;on|desktop&#8221; max_width=&#8221;1480px&#8221; custom_padding=&#8221;0px||2vw||false|false&#8221; custom_padding_tablet=&#8221;||2vw||false|false&#8221; custom_padding_phone=&#8221;0px||||false|false&#8221; locked=&#8221;off&#8221; collapsed=&#8221;off&#8221; global_colors_info=&#8221;{}&#8221;][et_pb_column type=&#8221;2_5&#8243; _builder_version=&#8221;4.23.1&#8243; _module_preset=&#8221;default&#8221; background_color=&#8221;RGBA(255,255,255,0)&#8221; custom_padding=&#8221;||||false|false&#8221; custom_css_main_element=&#8221;margin: auto auto auto;&#8221; global_colors_info=&#8221;{}&#8221;][et_pb_text content_tablet=&#8221;<\/p>\n<h1>Wichtiger Hinweis<\/h1>\n<p>&#8221; content_phone=&#8221;<\/p>\n<h1>Wichtiger Hinweis<\/h1>\n<p>&#8221; content_last_edited=&#8221;on|tablet&#8221; _builder_version=&#8221;4.23.1&#8243; _module_preset=&#8221;3eb0557b-119e-4e22-8cd5-4f1ce91b0245&#8243; header_font=&#8221;Source Sans Pro|600|||||||&#8221; header_text_align=&#8221;left&#8221; header_text_color=&#8221;gcid-78aebea1-d65b-47b0-b274-541623b424a5&#8243; custom_padding=&#8221;1.9vw|0px||0px|false|false&#8221; custom_padding_tablet=&#8221;1.9vw|0px||0px|false|false&#8221; custom_padding_phone=&#8221;1.9vw|0px||0px|false|false&#8221; custom_padding_last_edited=&#8221;on|desktop&#8221; animation_style=&#8221;fade&#8221; header_4_line_height_tablet=&#8221;1.4em&#8221; header_4_line_height_phone=&#8221;1.4em&#8221; locked=&#8221;off&#8221; global_colors_info=&#8221;{%22gcid-78aebea1-d65b-47b0-b274-541623b424a5%22:%91%22header_text_color%22%93}&#8221;]<\/p>\n<h1>Wichtiger Hinweis<\/h1>\n<p>[\/et_pb_text][et_pb_divider color=&#8221;#000000&#8243; divider_weight=&#8221;2px&#8221; disabled_on=&#8221;off|off|off&#8221; _builder_version=&#8221;4.16&#8243; max_width=&#8221;80px&#8221; module_alignment=&#8221;left&#8221; height=&#8221;10px&#8221; custom_margin=&#8221;||||false|false&#8221; animation_style=&#8221;slide&#8221; animation_direction=&#8221;bottom&#8221; saved_tabs=&#8221;all&#8221; locked=&#8221;off&#8221; global_colors_info=&#8221;{}&#8221;][\/et_pb_divider][et_pb_text content_tablet=&#8221;<\/p>\n<h2 class=%22p1%22>Bitte beachten Sie:<\/h2>\n<h2> <\/h2>\n<p class=%22p1%22>Alle Bestellungen, die nach dem 22.12.2023 um 12:00 Uhr mittags bei uns eingehen, werden von uns zwar bearbeitet, k\u00f6nnen aber erst im neuen Jahr ab dem 2. Januar versendet und zugestellt werden.<\/p>\n<p class=%22p1%22>Beachten Sie bitte auch die Lieferfristen individuell bei den jeweiligen Produkten. Alle Produkte, die auf Vorbestellung stehen, werden erst ab dem 8. Januar<span class=%22Apple-converted-space%22> <\/span>2024 versendet und zugestellt.<\/p>\n<p class=%22p1%22>Wir danken f\u00fcr Ihr Verst\u00e4ndnis und w\u00fcnschen Ihnen ein frohes Fest sowie ein gesundes neues Jahr!<\/p>\n<\/p>\n<p>&#8221; content_last_edited=&#8221;on|phone&#8221; _builder_version=&#8221;4.23.1&#8243; _module_preset=&#8221;f48d9de8-31b2-41b7-a132-39fbe55a9172&#8243; text_line_height=&#8221;1.7em&#8221; header_3_text_color=&#8221;gcid-8ce5df40-5767-44d8-858e-aa1a4d961be7&#8243; width_tablet=&#8221;&#8221; width_phone=&#8221;&#8221; width_last_edited=&#8221;on|desktop&#8221; custom_padding=&#8221;2vw||||false|false&#8221; custom_padding_tablet=&#8221;2vw||||false|false&#8221; custom_padding_phone=&#8221;2vw||||false|false&#8221; custom_padding_last_edited=&#8221;on|tablet&#8221; hover_enabled=&#8221;0&#8243; text_font_size_tablet=&#8221;1rem&#8221; text_font_size_phone=&#8221;1rem&#8221; text_font_size_last_edited=&#8221;on|phone&#8221; header_4_line_height_tablet=&#8221;1.4em&#8221; header_4_line_height_phone=&#8221;1.4em&#8221; locked=&#8221;off&#8221; global_colors_info=&#8221;{%22gcid-8ce5df40-5767-44d8-858e-aa1a4d961be7%22:%91%22header_3_text_color%22%93}&#8221; sticky_enabled=&#8221;0&#8243; content_phone=&#8221;<\/p>\n<h2 class=%22p1%22>Bitte beachten Sie:<\/h2>\n<h2> <\/h2>\n<p class=%22p1%22>Alle Bestellungen, die nach dem 22.12.2023 um 12:00 Uhr mittags bei uns eingehen, werden von uns zwar bearbeitet, k\u00f6nnen aber erst im neuen Jahr ab dem 2. Januar versendet und zugestellt werden.<\/p>\n<p class=%22p1%22>Beachten Sie bitte auch die Lieferfristen individuell bei den jeweiligen Produkten. Alle Produkte, die auf Vorbestellung stehen, werden erst ab dem 8. Januar<span class=%22Apple-converted-space%22> <\/span>2024 versendet und zugestellt.<\/p>\n<p class=%22p1%22>Wir danken f\u00fcr Ihr Verst\u00e4ndnis und w\u00fcnschen Ihnen ein frohes Fest sowie ein gesundes neues Jahr!<\/p>\n<\/p>\n<p>&#8220;]<\/p>\n<h2 class=\"p1\">Bitte beachten Sie:<\/h2>\n<h2><\/h2>\n<p class=\"p1\">Alle Bestellungen, die nach dem 22.12.2023 um 12:00 Uhr mittags bei uns eingehen, werden von uns zwar bearbeitet, k\u00f6nnen aber erst im neuen Jahr ab dem 2. Januar versendet und zugestellt werden.<\/p>\n<p class=\"p1\">Beachten Sie bitte auch die Lieferfristen individuell bei den jeweiligen Produkten. Alle Produkte, die auf Vorbestellung stehen, werden erst ab dem 8. Januar<span class=\"Apple-converted-space\">\u00a0<\/span>2024 versendet und zugestellt.<\/p>\n<p class=\"p1\">Wir danken f\u00fcr Ihr Verst\u00e4ndnis und w\u00fcnschen Ihnen ein frohes Fest sowie ein gesundes neues Jahr!<\/p>\n<p>&nbsp;<\/p>\n<p>[\/et_pb_text][et_pb_button button_url=&#8221;@ET-DC@eyJkeW5hbWljIjp0cnVlLCJjb250ZW50IjoicG9zdF9saW5rX3VybF9wYWdlIiwic2V0dGluZ3MiOnsicG9zdF9pZCI6Ijk4NzQ2NjkwMiJ9fQ==@&#8221; button_text=&#8221;Zu den Produkten&#8221; button_alignment=&#8221;left&#8221; _builder_version=&#8221;4.23.1&#8243; _dynamic_attributes=&#8221;button_url&#8221; _module_preset=&#8221;default&#8221; custom_button=&#8221;on&#8221; button_text_size=&#8221;16px&#8221; button_text_color=&#8221;#FEFEFE&#8221; button_bg_color=&#8221;gcid-620eb930-2f92-4748-9695-867f320063ad&#8221; button_border_width=&#8221;0px&#8221; button_letter_spacing=&#8221;1px&#8221; button_font=&#8221;|||on|||||&#8221; custom_margin=&#8221;||||false|false&#8221; custom_margin_tablet=&#8221;||3vw||false|false&#8221; custom_margin_phone=&#8221;||7vw||false|false&#8221; custom_margin_last_edited=&#8221;on|phone&#8221; button_text_size_tablet=&#8221;16px&#8221; button_text_size_phone=&#8221;14px&#8221; button_text_size_last_edited=&#8221;on|desktop&#8221; box_shadow_style=&#8221;preset3&#8243; box_shadow_spread=&#8221;-9px&#8221; locked=&#8221;off&#8221; global_colors_info=&#8221;{%22gcid-620eb930-2f92-4748-9695-867f320063ad%22:%91%22button_bg_color%22,%22button_bg_color__hover%22%93}&#8221; button_bg_color__hover_enabled=&#8221;on|hover&#8221; button_bg_color__hover=&#8221;#6b4a55&#8243; button_bg_enable_color__hover=&#8221;on&#8221; button_text_size__hover_enabled=&#8221;on|hover&#8221; button_text_size__hover=&#8221;16px&#8221;][\/et_pb_button][\/et_pb_column][et_pb_column type=&#8221;3_5&#8243; _builder_version=&#8221;4.23.1&#8243; _module_preset=&#8221;default&#8221; background_color=&#8221;RGBA(255,255,255,0)&#8221; horizontal_offset=&#8221;88px&#8221; vertical_offset_tablet=&#8221;&#8221; vertical_offset_phone=&#8221;&#8221; vertical_offset_last_edited=&#8221;on|tablet&#8221; horizontal_offset_tablet=&#8221;0px&#8221; horizontal_offset_phone=&#8221;0px&#8221; horizontal_offset_last_edited=&#8221;on|phone&#8221; scroll_vertical_motion=&#8221;0|40|60|100|0.5|0|-0.5&#8243; global_colors_info=&#8221;{}&#8221; custom_css_main_element_last_edited=&#8221;on|desktop&#8221;][et_pb_image src=&#8221;https:\/\/www.claresco-cosmetic.de\/kosmetik-shop\/wp-content\/uploads\/2023\/12\/hinweise-claresco-cosmetic.jpg&#8221; alt=&#8221;Hinweise zu den Lieferfristen &#8211; Claresco cosmetic Reichenbach&#8221; title_text=&#8221;hinweise-claresco-cosmetic&#8221; url=&#8221;https:\/\/www.claresco-cosmetic.de\/kosmetik-shop\/produkt-kategorie\/jane-iredale\/mineralmakeup-gesicht\/&#8221; force_fullwidth=&#8221;on&#8221; _builder_version=&#8221;4.23.1&#8243; _module_preset=&#8221;default&#8221; custom_margin=&#8221;||||false|false&#8221; custom_padding=&#8221;||||false|false&#8221; scroll_vertical_motion=&#8221;0|40|60|100|0.5|0|-0.5&#8243; custom_css_main_element=&#8221;height: 100%;||||&#8221; box_shadow_style=&#8221;preset4&#8243; box_shadow_horizontal=&#8221;500px&#8221; box_shadow_vertical=&#8221;0px&#8221; box_shadow_spread=&#8221;25px&#8221; box_shadow_color=&#8221;RGBA(227,196,187,0.65)&#8221; global_colors_info=&#8221;{}&#8221; custom_css_main_element_last_edited=&#8221;on|desktop&#8221; custom_css_main_element_tablet=&#8221;height: 100%;||||&#8221; custom_css_main_element_phone=&#8221;height: 100%;||||&#8221;][\/et_pb_image][\/et_pb_column][\/et_pb_row][\/et_pb_section][et_pb_section fb_built=&#8221;1&#8243; admin_label=&#8221;Sektion-newsletter&#8221; _builder_version=&#8221;4.23.1&#8243; _module_preset=&#8221;default&#8221; background_enable_color=&#8221;off&#8221; use_background_color_gradient=&#8221;on&#8221; background_color_gradient_stops=&#8221;#f7f5f6 0%|#fefefe 100%&#8221; background_color_gradient_start=&#8221;#f3f0f2&#8243; background_color_gradient_end=&#8221;#fefefe&#8221; background_color_gradient_stops_tablet=&#8221;#f3f0f2 0%|#fefefe 100%&#8221; background_color_gradient_stops_phone=&#8221;#f3f0f2 0%|#fefefe 100%&#8221; saved_tabs=&#8221;all&#8221; collapsed=&#8221;off&#8221; global_colors_info=&#8221;{}&#8221;][\/et_pb_section]<\/p>\n","protected":false},"excerpt":{"rendered":"<p>Wichtiger HinweisBitte beachten Sie: Alle Bestellungen, die nach dem 22.12.2023 um 12:00 Uhr mittags bei uns eingehen, werden von uns zwar bearbeitet, k\u00f6nnen aber erst im neuen Jahr ab dem 2. Januar versendet und zugestellt werden. Beachten Sie bitte auch die Lieferfristen individuell bei den jeweiligen Produkten. Alle Produkte, die auf Vorbestellung stehen, werden erst ab dem 8. Januar\u00a02024 versendet und zugestellt. Wir danken f\u00fcr Ihr Verst\u00e4ndnis und w\u00fcnschen Ihnen ein frohes Fest sowie ein gesundes neues Jahr! &nbsp;<\/p>\n","protected":false},"author":2,"featured_media":0,"parent":0,"menu_order":0,"comment_status":"closed","ping_status":"closed","template":"","meta":{"_et_pb_use_builder":"on","_et_pb_old_content":"","_et_gb_content_width":"","footnotes":""},"class_list":["post-987482574","page","type-page","status-publish","hentry"],"_links":{"self":[{"href":"https:\/\/www.claresco-cosmetic.de\/kosmetik-shop\/wp-json\/wp\/v2\/pages\/987482574","targetHints":{"allow":["GET"]}}],"collection":[{"href":"https:\/\/www.claresco-cosmetic.de\/kosmetik-shop\/wp-json\/wp\/v2\/pages"}],"about":[{"href":"https:\/\/www.claresco-cosmetic.de\/kosmetik-shop\/wp-json\/wp\/v2\/types\/page"}],"author":[{"embeddable":true,"href":"https:\/\/www.claresco-cosmetic.de\/kosmetik-shop\/wp-json\/wp\/v2\/users\/2"}],"replies":[{"embeddable":true,"href":"https:\/\/www.claresco-cosmetic.de\/kosmetik-shop\/wp-json\/wp\/v2\/comments?post=987482574"}],"version-history":[{"count":5,"href":"https:\/\/www.claresco-cosmetic.de\/kosmetik-shop\/wp-json\/wp\/v2\/pages\/987482574\/revisions"}],"predecessor-version":[{"id":987482592,"href":"https:\/\/www.claresco-cosmetic.de\/kosmetik-shop\/wp-json\/wp\/v2\/pages\/987482574\/revisions\/987482592"}],"wp:attachment":[{"href":"https:\/\/www.claresco-cosmetic.de\/kosmetik-shop\/wp-json\/wp\/v2\/media?parent=987482574"}],"curies":[{"name":"wp","href":"https:\/\/api.w.org\/{rel}","templated":true}]}}