{"id":149,"date":"2020-08-01T20:04:11","date_gmt":"2020-08-01T18:04:11","guid":{"rendered":"https:\/\/www.claresco-cosmetic.de\/kosmetik-shop\/?post_type=product&#038;p=149"},"modified":"2024-10-13T14:31:25","modified_gmt":"2024-10-13T12:31:25","slug":"handpeeling","status":"publish","type":"product","link":"https:\/\/www.claresco-cosmetic.de\/kosmetik-shop\/produkt\/handpeeling\/","title":{"rendered":"Handpeeling"},"content":{"rendered":"<p>H\u00e4nde reichen, H\u00e4nde zeigen \u2013 wir tun es st\u00e4ndig, oft unbewusst. Vom Profi manik\u00fcrte H\u00e4nde hinterlassen einen nachhaltigen Eindruck. Dieses Thema geht M\u00e4nner wie Frauen an. Im Anschlu\u00df an die Manik\u00fcre erschafft ein wohltuendes Handpeeling\u00a0 mit wenig Aufwand einen gro\u00dfen Erfolg!<\/p>\n","protected":false},"excerpt":{"rendered":"<p>Gerne k\u00f6nnen Sie diese Behandlung zu Ihrer Nagelpflege dazu buchen. Bitte beachten Sie, dass sich die Dauer der Haupt-Behandlung dadurch entsprechend verl\u00e4ngert!<\/p>\n","protected":false},"featured_media":0,"comment_status":"open","ping_status":"closed","template":"","meta":{"_et_pb_use_builder":"","_et_pb_old_content":"","_et_gb_content_width":""},"product_brand":[],"product_cat":[19,81],"product_tag":[],"class_list":{"0":"post-149","1":"product","2":"type-product","3":"status-publish","5":"product_cat-termine-haende","6":"product_cat-termine","8":"first","9":"instock","10":"virtual","11":"sold-individually","12":"taxable","13":"purchasable","14":"product-type-booking"},"booking_location":"","booking_location_type":"","booking_duration":10,"booking_duration_unit":"minute","booking_buffer":0,"booking_cost":10,"booking_resources":[987471010],"exclude_global_add_ons":[],"addons":[],"_links":{"self":[{"href":"https:\/\/www.claresco-cosmetic.de\/kosmetik-shop\/wp-json\/wp\/v2\/product\/149","targetHints":{"allow":["GET"]}}],"collection":[{"href":"https:\/\/www.claresco-cosmetic.de\/kosmetik-shop\/wp-json\/wp\/v2\/product"}],"about":[{"href":"https:\/\/www.claresco-cosmetic.de\/kosmetik-shop\/wp-json\/wp\/v2\/types\/product"}],"replies":[{"embeddable":true,"href":"https:\/\/www.claresco-cosmetic.de\/kosmetik-shop\/wp-json\/wp\/v2\/comments?post=149"}],"wp:attachment":[{"href":"https:\/\/www.claresco-cosmetic.de\/kosmetik-shop\/wp-json\/wp\/v2\/media?parent=149"}],"wp:term":[{"taxonomy":"product_brand","embeddable":true,"href":"https:\/\/www.claresco-cosmetic.de\/kosmetik-shop\/wp-json\/wp\/v2\/product_brand?post=149"},{"taxonomy":"product_cat","embeddable":true,"href":"https:\/\/www.claresco-cosmetic.de\/kosmetik-shop\/wp-json\/wp\/v2\/product_cat?post=149"},{"taxonomy":"product_tag","embeddable":true,"href":"https:\/\/www.claresco-cosmetic.de\/kosmetik-shop\/wp-json\/wp\/v2\/product_tag?post=149"}],"curies":[{"name":"wp","href":"https:\/\/api.w.org\/{rel}","templated":true}]}}