{"id":987469830,"date":"2021-01-17T17:40:07","date_gmt":"2021-01-17T16:40:07","guid":{"rendered":"https:\/\/www.claresco-cosmetic.de\/kosmetik-shop\/?post_type=product&#038;p=987469830"},"modified":"2026-04-13T19:47:16","modified_gmt":"2026-04-13T17:47:16","slug":"kostenlose-beratung","status":"publish","type":"product","link":"https:\/\/www.claresco-cosmetic.de\/kosmetik-shop\/produkt\/kostenlose-beratung\/","title":{"rendered":"Kostenloses Informationsgespr\u00e4ch"},"content":{"rendered":"<h5>Beschreibung<\/h5>\n<ul>\n<li>Sie sind sich unsicher, wie Sie am besten starten sollen oder welche Produkte \u00fcberhaupt in Frage kommen?<\/li>\n<li>Sie m\u00f6chten unsere Einsch\u00e4tzung zu Ihren Hautkonditionen?<\/li>\n<li>Sie m\u00f6chten sich \u00fcber unsere Produkte informieren?<\/li>\n<li>Sie m\u00f6chten speziell die Rosel Heim Produkte kennenlernen und k\u00fcnftig auch online bestellen k\u00f6nnen?<\/li>\n<\/ul>\n<p>Keine Sorge, wir helfen Ihnen und begleiten Sie auf dem Weg zu Ihrer ganz individuellen Pflege! Wir nehmen uns die Zeit Ihre grundlegenden Fragen zu beantworten.<\/p>\n<p>Bitte beachten Sie:<br \/>\nEin kostenloses Gespr\u00e4ch ist nur telefonisch oder bei einem pers\u00f6nlichen Besuch bei uns vor Ort m\u00f6glich! Dauer ca. 10min.<\/p>\n<p>&nbsp;<\/p>\n<h5>So l\u00e4uft Ihr Gespr\u00e4ch ab<\/h5>\n<ul>\n<li>Buchen Sie Ihren Wunschtermin und Ihre Option.<\/li>\n<li>Bitte hinterlegen Sie in jedem Fall Ihre Telefonnummer.<\/li>\n<li>Ihr Termin findet statt, sobald Sie eine Terminbest\u00e4tigung von uns erhalten.<\/li>\n<li>Rechtzeitig zum telefonischen Termin kontaktieren wir Sie.<\/li>\n<li>F\u00fcr den Termin vor Ort freuen wir uns auf Ihren Besuch.<\/li>\n<\/ul>\n","protected":false},"excerpt":{"rendered":"<p>\u2192 10-Min-Vorgespr\u00e4ch telefonisch oder vor Ort<br \/>\n\u2192 Orientierung und Fragen kl\u00e4ren<br \/>\n\u2192 die passenden Leistungen finden<br \/>\n\u2192 kostenlos und unverbindlich<\/p>\n","protected":false},"featured_media":987479873,"comment_status":"open","ping_status":"closed","template":"","meta":{"_et_pb_use_builder":"off","_et_pb_old_content":"<strong>Dieser Service beinhaltet:<\/strong>\r\n<ul>\r\n \t<li>\u00dcbergang bestehender Nagelmodellage feilen<\/li>\r\n \t<li>in Form feilen<\/li>\r\n \t<li>Nagelhaut entfernen<\/li>\r\n \t<li>Gel\u00fcberzug \/ Rebalancierung in Frenchoptik oder mit Glitzer\u00fcberzug<\/li>\r\n \t<li>Hand & Nagelpflege<\/li>\r\n<\/ul>","_et_gb_content_width":""},"product_brand":[],"product_cat":[117,81],"product_tag":[],"class_list":{"0":"post-987469830","1":"product","2":"type-product","3":"status-publish","4":"has-post-thumbnail","6":"product_cat-beratung-coaching","7":"product_cat-termine","9":"first","10":"instock","11":"virtual","12":"sold-individually","13":"taxable","14":"purchasable","15":"product-type-booking"},"booking_location":"","booking_location_type":"","booking_duration":10,"booking_duration_unit":"minute","booking_buffer":5,"booking_cost":0,"booking_resources":[987471011],"exclude_global_add_ons":false,"addons":[{"name":"Ich w\u00fcnsche den Termin","type":"multiple_choice","position":0,"required":true,"title_format":"label","default":"","description_enable":false,"description":"","placeholder_enable":false,"placeholder":"","display":"select","restrictions_type":"any_text","adjust_price":false,"price":"","price_type":"flat_fee","restrictions":false,"min":"0","max":"0","options":[{"label":"Telefonisch","price":"","price_type":"flat_fee","image":0,"visibility":true},{"label":"Pers\u00f6nlich vor Ort im Studio","price":"","price_type":"flat_fee","image":0,"visibility":true}],"id":1761229869}],"_links":{"self":[{"href":"https:\/\/www.claresco-cosmetic.de\/kosmetik-shop\/wp-json\/wp\/v2\/product\/987469830","targetHints":{"allow":["GET"]}}],"collection":[{"href":"https:\/\/www.claresco-cosmetic.de\/kosmetik-shop\/wp-json\/wp\/v2\/product"}],"about":[{"href":"https:\/\/www.claresco-cosmetic.de\/kosmetik-shop\/wp-json\/wp\/v2\/types\/product"}],"replies":[{"embeddable":true,"href":"https:\/\/www.claresco-cosmetic.de\/kosmetik-shop\/wp-json\/wp\/v2\/comments?post=987469830"}],"wp:featuredmedia":[{"embeddable":true,"href":"https:\/\/www.claresco-cosmetic.de\/kosmetik-shop\/wp-json\/wp\/v2\/media\/987479873"}],"wp:attachment":[{"href":"https:\/\/www.claresco-cosmetic.de\/kosmetik-shop\/wp-json\/wp\/v2\/media?parent=987469830"}],"wp:term":[{"taxonomy":"product_brand","embeddable":true,"href":"https:\/\/www.claresco-cosmetic.de\/kosmetik-shop\/wp-json\/wp\/v2\/product_brand?post=987469830"},{"taxonomy":"product_cat","embeddable":true,"href":"https:\/\/www.claresco-cosmetic.de\/kosmetik-shop\/wp-json\/wp\/v2\/product_cat?post=987469830"},{"taxonomy":"product_tag","embeddable":true,"href":"https:\/\/www.claresco-cosmetic.de\/kosmetik-shop\/wp-json\/wp\/v2\/product_tag?post=987469830"}],"curies":[{"name":"wp","href":"https:\/\/api.w.org\/{rel}","templated":true}]}}

Kostenloses Informationsgespräch

<h5>Beschreibung</h5>
<ul>
<li>Sie sind sich unsicher, wie Sie am besten starten sollen oder welche Produkte überhaupt in Frage kommen?</li>
<li>Sie möchten unsere Einschätzung zu Ihren Hautkonditionen?</li>
<li>Sie möchten sich über unsere Produkte informieren?</li>
<li>Sie möchten speziell die Rosel Heim Produkte kennenlernen und künftig auch online bestellen können?</li>
</ul>
<p>Keine Sorge, wir helfen Ihnen und begleiten Sie auf dem Weg zu Ihrer ganz individuellen Pflege! Wir nehmen uns die Zeit Ihre grundlegenden Fragen zu beantworten.</p>
<p>Bitte beachten Sie:<br />
Ein kostenloses Gespräch ist nur telefonisch oder bei einem persönlichen Besuch bei uns vor Ort möglich! Dauer ca. 10min.</p>
<p>&nbsp;</p>
<h5>So läuft Ihr Gespräch ab</h5>
<ul>
<li>Buchen Sie Ihren Wunschtermin und Ihre Option.</li>
<li>Bitte hinterlegen Sie in jedem Fall Ihre Telefonnummer.</li>
<li>Ihr Termin findet statt, sobald Sie eine Terminbestätigung von uns erhalten.</li>
<li>Rechtzeitig zum telefonischen Termin kontaktieren wir Sie.</li>
<li>Für den Termin vor Ort freuen wir uns auf Ihren Besuch.</li>
</ul>

<p>→ 10-Min-Vorgespräch telefonisch oder vor Ort<br />
→ Orientierung und Fragen klären<br />
→ die passenden Leistungen finden<br />
→ kostenlos und unverbindlich</p>

<strong>Dieser Service beinhaltet:</strong>
<ul>
 	<li>Übergang bestehender Nagelmodellage feilen</li>
 	<li>in Form feilen</li>
 	<li>Nagelhaut entfernen</li>
 	<li>Gelüberzug / Rebalancierung in Frenchoptik oder mit Glitzerüberzug</li>
 	<li>Hand & Nagelpflege</li>
</ul>

Ich wünsche den Termin

Persönlich vor Ort im Studio
