{"id":987470294,"date":"2021-01-22T20:04:12","date_gmt":"2021-01-22T19:04:12","guid":{"rendered":"https:\/\/www.claresco-cosmetic.de\/kosmetik-shop\/?post_type=product&#038;p=987470294"},"modified":"2025-07-26T20:52:13","modified_gmt":"2025-07-26T18:52:13","slug":"puderdose-leer","status":"publish","type":"product","link":"https:\/\/www.claresco-cosmetic.de\/kosmetik-shop\/produkt\/puderdose-leer\/","title":{"rendered":"Puderdose leer &#8211; wei\u00df\/gold"},"content":{"rendered":"<p>Hierbei handelt es sich um eine leere, sehr hochwertige jane iredale Puderdose aus Metall mit integriertem Spiegel, welche mit einem jane iredale Pressed Powder Refill oder Bronzer Refill verwendet werden kann. Die jeweiligen Puder sind separat erh\u00e4ltlich und im Lieferumfang nicht enthalten.<\/p>\n<p>&nbsp;<\/p>\n<h5>Produktmerkmale:<\/h5>\n<ul>\n<li>Die schicke, umweltfreundliche Dose passt zu allen jane iredale Puder Refills: PurePressed Base Mineral Foundation, So-Bronze Bronzing Powder, Bronzer, PureMatte Finish Powder.<\/li>\n<li>Langlebiges Design mit einer robusten, hochwertigen Verarbeitung.<\/li>\n<li>Der sichere Magnetverschluss h\u00e4lt das Puder gesch\u00fctzt.<\/li>\n<li>Einfaches Austauschen oder Ersetzen von Puder Refills.<\/li>\n<li>Enth\u00e4lt an der Innenseite des Deckels einen gro\u00dfz\u00fcgigen Spiegel.<\/li>\n<li><\/li>\n<\/ul>\n<h5>Nachhaltigkeitsvorteile:<\/h5>\n<ul>\n<li>Das einfach zu verwendende Nachf\u00fcllsystem hilft beim Aufbau einer nachhaltigen Sch\u00f6nheitsroutine.<\/li>\n<li>Tr\u00e4gt zu einer gesch\u00e4tzten j\u00e4hrlichen Reduzierung von 5,28 Tonnen Plastik bei.<\/li>\n<li>Verpackt in einem recycelbaren Papierkarton aus zertifiziertem Papier.<\/li>\n<\/ul>\n","protected":false},"excerpt":{"rendered":"<p>Leeres Puderd\u00f6schen in wei\u00df\/gold<\/p>\n<ul>\n<li>passt zu allen jane iredale Puder Refills<\/li>\n<\/ul>\n","protected":false},"featured_media":987478624,"comment_status":"open","ping_status":"closed","template":"","meta":{"_et_pb_use_builder":"off","_et_pb_old_content":"<strong>Anwendungsgebiete: <\/strong>\r\n\r\nAls Gesichtspackung wird masque verwendet bei allen Hautarten zur Straffung und Versch\u00f6nerung des Hautbildes.\r\nZur kurfristigen Therapie bei d\u00fcnner, empfindlicher Haut mit oberfl\u00e4chlichen Entz\u00fcndungen.\r\n\r\n<strong>Wirkungsweise:<\/strong>\r\n\r\nMasque erh\u00f6ht mit Hilfe der Lipacide RH (Lipoaminos\u00e4uren) die F\u00e4higkeit der Epidermis, den zullul\u00e4ren Wassergehalt stabil zu halten. Die Haut wird sichtbar straffer und elastischer. Lipacide RH wirkt gleichzeitig vorbeugend gegen bakterielle Entz\u00fcndungen.\r\n\r\n<strong>Anwendung<\/strong>:\r\n\r\nQuantit\u00e4t und Art der Anwendung sind nach dem individuellen und aktuellen Zustand der Haut festzulegen.\r\n\r\n<strong>Gegenanzeigen:<\/strong>\r\n\r\nDas Produkt sollte bei bekannter Campher-Unvertr\u00e4glichkeit nicht angewendet werden.\r\n\r\n\u00a0","_et_gb_content_width":""},"product_brand":[474],"product_cat":[224,132,129,83,86],"product_tag":[133,134,125],"class_list":{"0":"post-987470294","1":"product","2":"type-product","3":"status-publish","4":"has-post-thumbnail","6":"product_brand-jane-iredale","7":"product_cat-mu-accessoires","8":"product_cat-mineralmakeup-accessoires","9":"product_cat-mineralmakeup-gesicht","10":"product_cat-jane-iredale","11":"product_cat-make-up","12":"product_tag-puder","13":"product_tag-teint","14":"product_tag-tools","16":"first","17":"instock","18":"taxable","19":"shipping-taxable","20":"purchasable","21":"product-type-simple"},"booking_location":null,"booking_location_type":null,"booking_duration":null,"booking_duration_unit":null,"booking_buffer":null,"booking_cost":null,"booking_resources":null,"exclude_global_add_ons":[],"addons":[],"_links":{"self":[{"href":"https:\/\/www.claresco-cosmetic.de\/kosmetik-shop\/wp-json\/wp\/v2\/product\/987470294","targetHints":{"allow":["GET"]}}],"collection":[{"href":"https:\/\/www.claresco-cosmetic.de\/kosmetik-shop\/wp-json\/wp\/v2\/product"}],"about":[{"href":"https:\/\/www.claresco-cosmetic.de\/kosmetik-shop\/wp-json\/wp\/v2\/types\/product"}],"replies":[{"embeddable":true,"href":"https:\/\/www.claresco-cosmetic.de\/kosmetik-shop\/wp-json\/wp\/v2\/comments?post=987470294"}],"wp:featuredmedia":[{"embeddable":true,"href":"https:\/\/www.claresco-cosmetic.de\/kosmetik-shop\/wp-json\/wp\/v2\/media\/987478624"}],"wp:attachment":[{"href":"https:\/\/www.claresco-cosmetic.de\/kosmetik-shop\/wp-json\/wp\/v2\/media?parent=987470294"}],"wp:term":[{"taxonomy":"product_brand","embeddable":true,"href":"https:\/\/www.claresco-cosmetic.de\/kosmetik-shop\/wp-json\/wp\/v2\/product_brand?post=987470294"},{"taxonomy":"product_cat","embeddable":true,"href":"https:\/\/www.claresco-cosmetic.de\/kosmetik-shop\/wp-json\/wp\/v2\/product_cat?post=987470294"},{"taxonomy":"product_tag","embeddable":true,"href":"https:\/\/www.claresco-cosmetic.de\/kosmetik-shop\/wp-json\/wp\/v2\/product_tag?post=987470294"}],"curies":[{"name":"wp","href":"https:\/\/api.w.org\/{rel}","templated":true}]}}