{"id":987470391,"date":"2021-01-24T14:42:34","date_gmt":"2021-01-24T13:42:34","guid":{"rendered":"https:\/\/www.claresco-cosmetic.de\/kosmetik-shop\/?post_type=product&#038;p=987470391"},"modified":"2026-03-23T15:06:09","modified_gmt":"2026-03-23T14:06:09","slug":"balsam","status":"publish","type":"product","link":"https:\/\/www.claresco-cosmetic.de\/kosmetik-shop\/produkt\/balsam\/","title":{"rendered":"Balsam"},"content":{"rendered":"<h5>Anwendungsgebiete:<\/h5>\n<p>Bei normaler, dicker fettender und dabei wasserarmer Haut. Bei zu Verhornung und starker Talgproduktion neigender Haut, z. B. w\u00e4hrend der Pubert\u00e4t.<\/p>\n<p>&nbsp;<\/p>\n<h5>Wirkungsweise:<\/h5>\n<p>Balsam wirkt regulierend auf die Haut, die zu starker Talgproduktion neigt. Hyalurons\u00e4ure versorgt die Haut mit ausreichend Feuchtigkeit und erm\u00f6glicht die bessere Resorption des hauteigenen Talges. Allantoin, Bisabolol und Azulen wirken beruhigend und beugen Entz\u00fcndungen vor.<\/p>\n<p>&nbsp;<\/p>\n<h5>\u00a0Anwendung:<\/h5>\n<p>Quantit\u00e4t und Art der Anwendung sollte nach dem Individuellen und aktuellen Zustand der Haut von der Kosmetikerin festgelegt werden.<\/p>\n<p>&nbsp;<\/p>\n<h5>Gegenanzeigen:<\/h5>\n<p>Balsam sollte nicht \u00fcber l\u00e4ngere Zeit und nicht bei d\u00fcnner Haut oder durchl\u00e4ssiger Hornschicht angewendet werden. Auch bei bekannter Lanolin Unvertr\u00e4glichkeit sollte Balsam nicht angewendet werden.<\/p>\n<p>&nbsp;<\/p>\n<h5>Hinweis:<\/h5>\n<div class=\"page\" title=\"Page 73\">\n<div class=\"section\">\n<div class=\"layoutArea\">\n<div class=\"column\">\n<p>Die Einf\u00e4rbung des Balsam durch Azulen und Bienenwachs (cera alba) kann, da es sich um ein Naturprodukt handelt, unterschiedlich sein. Die Wirkung des Produkts wird dadurch nicht beeinflusst.<\/p>\n<p>Balsam sollte nicht l\u00e4nger als 6-8 Wochen ununterbrochen verwendet werden. Es empfiehlt sich ein Wechsel anzuwenden, beispielsweise mit phase 2 intervall oder Cream.<\/p>\n<\/div>\n<\/div>\n<\/div>\n<\/div>\n","protected":false},"excerpt":{"rendered":"<p>Regulierendes Balsam zur regulativen Hauttherapie nach Rosel Heim.<\/p>\n","protected":false},"featured_media":987484208,"comment_status":"open","ping_status":"closed","template":"","meta":{"_et_pb_use_builder":"off","_et_pb_old_content":"<strong>Anwendungsgebiete: <\/strong>\r\n\r\nAls Gesichtspackung wird masque verwendet bei allen Hautarten zur Straffung und Versch\u00f6nerung des Hautbildes.\r\nZur kurfristigen Therapie bei d\u00fcnner, empfindlicher Haut mit oberfl\u00e4chlichen Entz\u00fcndungen.\r\n\r\n<strong>Wirkungsweise:<\/strong>\r\n\r\nMasque erh\u00f6ht mit Hilfe der Lipacide RH (Lipoaminos\u00e4uren) die F\u00e4higkeit der Epidermis, den zullul\u00e4ren Wassergehalt stabil zu halten. Die Haut wird sichtbar straffer und elastischer. Lipacide RH wirkt gleichzeitig vorbeugend gegen bakterielle Entz\u00fcndungen.\r\n\r\n<strong>Anwendung<\/strong>:\r\n\r\nQuantit\u00e4t und Art der Anwendung sind nach dem individuellen und aktuellen Zustand der Haut festzulegen.\r\n\r\n<strong>Gegenanzeigen:<\/strong>\r\n\r\nDas Produkt sollte bei bekannter Campher-Unvertr\u00e4glichkeit nicht angewendet werden.\r\n\r\n\u00a0","_et_gb_content_width":""},"product_brand":[472],"product_cat":[372,84,43,92],"product_tag":[66,67,69],"class_list":{"0":"post-987470391","1":"product","2":"type-product","3":"status-publish","4":"has-post-thumbnail","6":"product_brand-rosel-heim","7":"product_cat-alle-rosel-heim-produkte","8":"product_cat-gesicht","9":"product_cat-rosel-heim","10":"product_cat-rh-therapie","11":"product_tag-gesichtscreme","12":"product_tag-tagescreme","13":"product_tag-therapeutisch","14":"pa_inhalt-15ml","15":"pa_inhalt-50ml","16":"pa_packform-airless-spender","17":"pa_packform-tiegel","19":"first","20":"instock","21":"taxable","22":"shipping-taxable","23":"purchasable","24":"product-type-variable"},"booking_location":null,"booking_location_type":null,"booking_duration":null,"booking_duration_unit":null,"booking_buffer":null,"booking_cost":null,"booking_resources":null,"exclude_global_add_ons":[],"addons":[],"_links":{"self":[{"href":"https:\/\/www.claresco-cosmetic.de\/kosmetik-shop\/wp-json\/wp\/v2\/product\/987470391","targetHints":{"allow":["GET"]}}],"collection":[{"href":"https:\/\/www.claresco-cosmetic.de\/kosmetik-shop\/wp-json\/wp\/v2\/product"}],"about":[{"href":"https:\/\/www.claresco-cosmetic.de\/kosmetik-shop\/wp-json\/wp\/v2\/types\/product"}],"replies":[{"embeddable":true,"href":"https:\/\/www.claresco-cosmetic.de\/kosmetik-shop\/wp-json\/wp\/v2\/comments?post=987470391"}],"wp:featuredmedia":[{"embeddable":true,"href":"https:\/\/www.claresco-cosmetic.de\/kosmetik-shop\/wp-json\/wp\/v2\/media\/987484208"}],"wp:attachment":[{"href":"https:\/\/www.claresco-cosmetic.de\/kosmetik-shop\/wp-json\/wp\/v2\/media?parent=987470391"}],"wp:term":[{"taxonomy":"product_brand","embeddable":true,"href":"https:\/\/www.claresco-cosmetic.de\/kosmetik-shop\/wp-json\/wp\/v2\/product_brand?post=987470391"},{"taxonomy":"product_cat","embeddable":true,"href":"https:\/\/www.claresco-cosmetic.de\/kosmetik-shop\/wp-json\/wp\/v2\/product_cat?post=987470391"},{"taxonomy":"product_tag","embeddable":true,"href":"https:\/\/www.claresco-cosmetic.de\/kosmetik-shop\/wp-json\/wp\/v2\/product_tag?post=987470391"}],"curies":[{"name":"wp","href":"https:\/\/api.w.org\/{rel}","templated":true}]}}