{"id":987471009,"date":"2021-02-14T14:46:12","date_gmt":"2021-02-14T13:46:12","guid":{"rendered":"https:\/\/www.claresco-cosmetic.de\/kosmetik-shop\/?post_type=product&#038;p=987471009"},"modified":"2026-03-16T20:10:20","modified_gmt":"2026-03-16T19:10:20","slug":"fusspflege-basic","status":"publish","type":"product","link":"https:\/\/www.claresco-cosmetic.de\/kosmetik-shop\/produkt\/fusspflege-basic\/","title":{"rendered":"Fu\u00dfpflege Basic"},"content":{"rendered":"<h5>Details zur Behandlung<\/h5>\n<p>&nbsp;<\/p>\n<ul>\n<li>Wohltuendes Fu\u00dfbad zur Vorbereitung von Haut und N\u00e4geln<\/li>\n<li>Fachgerechtes Entfernen von \u00fcbersch\u00fcssiger Hornhaut<\/li>\n<li>K\u00fcrzen und Formen der Fu\u00dfn\u00e4gel mit geeigneten Instrumenten<\/li>\n<li>Sanftes Entfernen \u00fcbersch\u00fcssiger Nagelhaut<\/li>\n<li>Gl\u00e4tten und Aufpolieren der N\u00e4gel f\u00fcr eine gepflegte Optik<\/li>\n<li>Typgerechte Abschluss\u00adpflege zur Unterst\u00fctzung der Hautbarriere<\/li>\n<\/ul>\n<p>&nbsp;<\/p>\n<p>Regelm\u00e4\u00dfige Termine in Abst\u00e4nden von etwa 4\u20136 Wochen helfen, Ihre F\u00fc\u00dfe dauerhaft gesund und gepflegt zu halten.<\/p>\n","protected":false},"excerpt":{"rendered":"<p>Eine wohltuende, fachkundige Fu\u00dfpflege f\u00fcr normale und leicht beanspruchte F\u00fc\u00dfe \u2013 ideal, um Hornhaut, Druckstellen und N\u00e4gel regelm\u00e4\u00dfig professionell versorgen zu lassen und die Fu\u00dfgesundheit langfristig zu unterst\u00fctzen.<\/p>\n<p>ca. 45 min<\/p>\n","protected":false},"featured_media":987500370,"comment_status":"open","ping_status":"closed","template":"","meta":{"_et_pb_use_builder":"off","_et_pb_old_content":"<strong>Dieser Service beinhaltet:<\/strong>\r\n\r\n\u2022 N\u00e4gel k\u00fcrzen & in Form feilen\r\n\u2022 Nagelhaut entfernen\r\n\u2022 Hand- & Nagelpflege","_et_gb_content_width":""},"product_brand":[],"product_cat":[22,81],"product_tag":[],"class_list":{"0":"post-987471009","1":"product","2":"type-product","3":"status-publish","4":"has-post-thumbnail","6":"product_cat-termine-fuesse","7":"product_cat-termine","9":"first","10":"instock","11":"virtual","12":"sold-individually","13":"taxable","14":"purchasable","15":"product-type-booking"},"booking_location":"","booking_location_type":"","booking_duration":60,"booking_duration_unit":"minute","booking_buffer":0,"booking_cost":49,"booking_resources":[987471010],"exclude_global_add_ons":[],"addons":[],"_links":{"self":[{"href":"https:\/\/www.claresco-cosmetic.de\/kosmetik-shop\/wp-json\/wp\/v2\/product\/987471009","targetHints":{"allow":["GET"]}}],"collection":[{"href":"https:\/\/www.claresco-cosmetic.de\/kosmetik-shop\/wp-json\/wp\/v2\/product"}],"about":[{"href":"https:\/\/www.claresco-cosmetic.de\/kosmetik-shop\/wp-json\/wp\/v2\/types\/product"}],"replies":[{"embeddable":true,"href":"https:\/\/www.claresco-cosmetic.de\/kosmetik-shop\/wp-json\/wp\/v2\/comments?post=987471009"}],"wp:featuredmedia":[{"embeddable":true,"href":"https:\/\/www.claresco-cosmetic.de\/kosmetik-shop\/wp-json\/wp\/v2\/media\/987500370"}],"wp:attachment":[{"href":"https:\/\/www.claresco-cosmetic.de\/kosmetik-shop\/wp-json\/wp\/v2\/media?parent=987471009"}],"wp:term":[{"taxonomy":"product_brand","embeddable":true,"href":"https:\/\/www.claresco-cosmetic.de\/kosmetik-shop\/wp-json\/wp\/v2\/product_brand?post=987471009"},{"taxonomy":"product_cat","embeddable":true,"href":"https:\/\/www.claresco-cosmetic.de\/kosmetik-shop\/wp-json\/wp\/v2\/product_cat?post=987471009"},{"taxonomy":"product_tag","embeddable":true,"href":"https:\/\/www.claresco-cosmetic.de\/kosmetik-shop\/wp-json\/wp\/v2\/product_tag?post=987471009"}],"curies":[{"name":"wp","href":"https:\/\/api.w.org\/{rel}","templated":true}]}}