{"id":987471012,"date":"2021-02-14T18:25:11","date_gmt":"2021-02-14T17:25:11","guid":{"rendered":"https:\/\/www.claresco-cosmetic.de\/kosmetik-shop\/?post_type=product&#038;p=987471012"},"modified":"2026-03-16T20:19:31","modified_gmt":"2026-03-16T19:19:31","slug":"medizinische-fusspflege","status":"publish","type":"product","link":"https:\/\/www.claresco-cosmetic.de\/kosmetik-shop\/produkt\/medizinische-fusspflege\/","title":{"rendered":"Fu\u00dfpflege Medi"},"content":{"rendered":"<h5>Details zur Behandlung<\/h5>\n<p>&nbsp;<\/p>\n<ul>\n<li>Wohltuendes, kontrolliertes Fu\u00dfbad zur schonenden Vorbereitung<\/li>\n<li>Gr\u00fcndliches Entfernen von Hornhaut, Schwielen und Druckstellen<\/li>\n<li>Fachgerechtes K\u00fcrzen und Formen der Fu\u00dfn\u00e4gel, auch bei verdickten N\u00e4geln<\/li>\n<li>Sorgf\u00e4ltige Behandlung von Problemzonen im Rahmen der medizinischen Fu\u00dfpflege<\/li>\n<li>Weitere, gezielt ausgew\u00e4hlte Ma\u00dfnahmen je nach Fu\u00dfsituation<\/li>\n<li>Passende Abschluss\u00adpflege mit auf den Hautzustand abgestimmten Pr\u00e4paraten<\/li>\n<\/ul>\n<p>&nbsp;<\/p>\n<p>Besonders empfohlen bei empfindlichen F\u00fc\u00dfen, beginnenden Problembereichen oder erh\u00f6htem Risiko \u2013 die Behandlung ersetzt jedoch keine podologische oder \u00e4rztliche Therapie.<\/p>\n","protected":false},"excerpt":{"rendered":"<p>Professionelle fachkundige Fu\u00dfpflege f\u00fcr stark beanspruchte F\u00fc\u00dfe und Problemzonen \u2013 auch f\u00fcr empfindliche F\u00fc\u00dfe geeignet, mit besonderem Fokus auf Sicherheit, Hygiene und vorbeugender Pflege.<\/p>\n<p>ca. 50 min<\/p>\n","protected":false},"featured_media":987500369,"comment_status":"open","ping_status":"closed","template":"","meta":{"_et_pb_use_builder":"off","_et_pb_old_content":"<strong>Dieser Service beinhaltet:<\/strong>\r\n\r\n\u2022 N\u00e4gel k\u00fcrzen & in Form feilen\r\n\u2022 Nagelhaut entfernen\r\n\u2022 Hand- & Nagelpflege","_et_gb_content_width":""},"product_brand":[],"product_cat":[22,81],"product_tag":[],"class_list":{"0":"post-987471012","1":"product","2":"type-product","3":"status-publish","4":"has-post-thumbnail","6":"product_cat-termine-fuesse","7":"product_cat-termine","9":"first","10":"instock","11":"virtual","12":"sold-individually","13":"taxable","14":"purchasable","15":"product-type-booking"},"booking_location":"","booking_location_type":"","booking_duration":60,"booking_duration_unit":"minute","booking_buffer":0,"booking_cost":55,"booking_resources":[987471010],"exclude_global_add_ons":[],"addons":[],"_links":{"self":[{"href":"https:\/\/www.claresco-cosmetic.de\/kosmetik-shop\/wp-json\/wp\/v2\/product\/987471012","targetHints":{"allow":["GET"]}}],"collection":[{"href":"https:\/\/www.claresco-cosmetic.de\/kosmetik-shop\/wp-json\/wp\/v2\/product"}],"about":[{"href":"https:\/\/www.claresco-cosmetic.de\/kosmetik-shop\/wp-json\/wp\/v2\/types\/product"}],"replies":[{"embeddable":true,"href":"https:\/\/www.claresco-cosmetic.de\/kosmetik-shop\/wp-json\/wp\/v2\/comments?post=987471012"}],"wp:featuredmedia":[{"embeddable":true,"href":"https:\/\/www.claresco-cosmetic.de\/kosmetik-shop\/wp-json\/wp\/v2\/media\/987500369"}],"wp:attachment":[{"href":"https:\/\/www.claresco-cosmetic.de\/kosmetik-shop\/wp-json\/wp\/v2\/media?parent=987471012"}],"wp:term":[{"taxonomy":"product_brand","embeddable":true,"href":"https:\/\/www.claresco-cosmetic.de\/kosmetik-shop\/wp-json\/wp\/v2\/product_brand?post=987471012"},{"taxonomy":"product_cat","embeddable":true,"href":"https:\/\/www.claresco-cosmetic.de\/kosmetik-shop\/wp-json\/wp\/v2\/product_cat?post=987471012"},{"taxonomy":"product_tag","embeddable":true,"href":"https:\/\/www.claresco-cosmetic.de\/kosmetik-shop\/wp-json\/wp\/v2\/product_tag?post=987471012"}],"curies":[{"name":"wp","href":"https:\/\/api.w.org\/{rel}","templated":true}]}}

Fußpflege Medi

<h5>Details zur Behandlung</h5>
<p>&nbsp;</p>
<ul>
<li>Wohltuendes, kontrolliertes Fußbad zur schonenden Vorbereitung</li>
<li>Gründliches Entfernen von Hornhaut, Schwielen und Druckstellen</li>
<li>Fachgerechtes Kürzen und Formen der Fußnägel, auch bei verdickten Nägeln</li>
<li>Sorgfältige Behandlung von Problemzonen im Rahmen der medizinischen Fußpflege</li>
<li>Weitere, gezielt ausgewählte Maßnahmen je nach Fußsituation</li>
<li>Passende Abschluss­pflege mit auf den Hautzustand abgestimmten Präparaten</li>
</ul>
<p>&nbsp;</p>
<p>Besonders empfohlen bei empfindlichen Füßen, beginnenden Problembereichen oder erhöhtem Risiko – die Behandlung ersetzt jedoch keine podologische oder ärztliche Therapie.</p>

<p>Professionelle fachkundige Fußpflege für stark beanspruchte Füße und Problemzonen – auch für empfindliche Füße geeignet, mit besonderem Fokus auf Sicherheit, Hygiene und vorbeugender Pflege.</p>
<p>ca. 50 min</p>

<strong>Dieser Service beinhaltet:</strong>

• Nägel kürzen & in Form feilen
• Nagelhaut entfernen
• Hand- & Nagelpflege
