{"id":987471014,"date":"2021-02-14T18:37:46","date_gmt":"2021-02-14T17:37:46","guid":{"rendered":"https:\/\/www.claresco-cosmetic.de\/kosmetik-shop\/?post_type=product&#038;p=987471014"},"modified":"2026-03-16T20:25:59","modified_gmt":"2026-03-16T19:25:59","slug":"kombi-behandlung","status":"publish","type":"product","link":"https:\/\/www.claresco-cosmetic.de\/kosmetik-shop\/produkt\/kombi-behandlung\/","title":{"rendered":"Fu\u00dfpflege Kombi"},"content":{"rendered":"<h5>Details zur Behandlung<\/h5>\n<p>&nbsp;<\/p>\n<ul>\n<li>Wohltuendes Fu\u00dfbad zur Vorbereitung von Haut und N\u00e4geln<\/li>\n<li>Fachgerechtes K\u00fcrzen und Formen der Fu\u00dfn\u00e4gel<\/li>\n<li>Sorgf\u00e4ltige Hornhaut\u2011 und Nagelhautbehandlung<\/li>\n<li>Modellage mit Gel\/UV\u2011Lack f\u00fcr einen gleichm\u00e4\u00dfigen, haltbaren \u00dcberzug<\/li>\n<li>Farbauswahl nach Wunsch, inkl. French\u2011Optik m\u00f6glich<\/li>\n<li>Glanzversiegelung<\/li>\n<li>Pflegende Abschluss\u00adpflege f\u00fcr geschmeidige, gut versorgte Haut<\/li>\n<\/ul>\n<p>&nbsp;<\/p>\n<p>Ideal f\u00fcr alle, die sich professionelle Fu\u00dfpflege auf medizinischem Niveau und gleichzeitig \u00e4sthetisch sch\u00f6ne, dauerhaft gepflegte N\u00e4gel w\u00fcnschen.<\/p>\n","protected":false},"excerpt":{"rendered":"<p>Fachfu\u00dfpflege mit dauerhaftem Gel\/UV\u2011Lack\u00fcberzug \u2013 perfekt, wenn Sie medizinisch orientierte Pflege mit einem \u00e4sthetischen, lang haltenden Finish kombinieren m\u00f6chten.<\/p>\n<p>ca. 60 min<\/p>\n","protected":false},"featured_media":987500368,"comment_status":"open","ping_status":"closed","template":"","meta":{"_et_pb_use_builder":"off","_et_pb_old_content":"<strong>Dieser Service beinhaltet:<\/strong>\r\n\r\n\u2022 N\u00e4gel k\u00fcrzen & in Form feilen\r\n\u2022 Nagelhaut entfernen\r\n\u2022 Hand- & Nagelpflege","_et_gb_content_width":""},"product_brand":[],"product_cat":[22,81],"product_tag":[],"class_list":{"0":"post-987471014","1":"product","2":"type-product","3":"status-publish","4":"has-post-thumbnail","6":"product_cat-termine-fuesse","7":"product_cat-termine","9":"first","10":"instock","11":"virtual","12":"sold-individually","13":"taxable","14":"purchasable","15":"product-type-booking"},"booking_location":"","booking_location_type":"","booking_duration":60,"booking_duration_unit":"minute","booking_buffer":0,"booking_cost":71,"booking_resources":[987471010],"exclude_global_add_ons":[],"addons":[],"_links":{"self":[{"href":"https:\/\/www.claresco-cosmetic.de\/kosmetik-shop\/wp-json\/wp\/v2\/product\/987471014","targetHints":{"allow":["GET"]}}],"collection":[{"href":"https:\/\/www.claresco-cosmetic.de\/kosmetik-shop\/wp-json\/wp\/v2\/product"}],"about":[{"href":"https:\/\/www.claresco-cosmetic.de\/kosmetik-shop\/wp-json\/wp\/v2\/types\/product"}],"replies":[{"embeddable":true,"href":"https:\/\/www.claresco-cosmetic.de\/kosmetik-shop\/wp-json\/wp\/v2\/comments?post=987471014"}],"wp:featuredmedia":[{"embeddable":true,"href":"https:\/\/www.claresco-cosmetic.de\/kosmetik-shop\/wp-json\/wp\/v2\/media\/987500368"}],"wp:attachment":[{"href":"https:\/\/www.claresco-cosmetic.de\/kosmetik-shop\/wp-json\/wp\/v2\/media?parent=987471014"}],"wp:term":[{"taxonomy":"product_brand","embeddable":true,"href":"https:\/\/www.claresco-cosmetic.de\/kosmetik-shop\/wp-json\/wp\/v2\/product_brand?post=987471014"},{"taxonomy":"product_cat","embeddable":true,"href":"https:\/\/www.claresco-cosmetic.de\/kosmetik-shop\/wp-json\/wp\/v2\/product_cat?post=987471014"},{"taxonomy":"product_tag","embeddable":true,"href":"https:\/\/www.claresco-cosmetic.de\/kosmetik-shop\/wp-json\/wp\/v2\/product_tag?post=987471014"}],"curies":[{"name":"wp","href":"https:\/\/api.w.org\/{rel}","templated":true}]}}