{"id":987471679,"date":"2021-04-12T16:02:14","date_gmt":"2021-04-12T14:02:14","guid":{"rendered":"https:\/\/www.claresco-cosmetic.de\/kosmetik-shop\/?post_type=product&#038;p=987471679"},"modified":"2026-04-15T09:07:53","modified_gmt":"2026-04-15T07:07:53","slug":"o-p-phase-1-reinigungsemulsion","status":"publish","type":"product","link":"https:\/\/www.claresco-cosmetic.de\/kosmetik-shop\/produkt\/o-p-phase-1-reinigungsemulsion\/","title":{"rendered":"Phase 1 Reinigungsemulsion -ohne Parf\u00fcm-"},"content":{"rendered":"<p>Unsere Haut wird durch ein komplexes System sich gegenseitig beeinflussender Faktoren gesch\u00fctzt. Die Reinigungsemulsion unterst\u00fctzt diese wichtigen Systeme in ihrer Funktion!<\/p>\n<p>&nbsp;<\/p>\n<h5>Anwendungsgebiete:<\/h5>\n<p>Bei normaler und dicker Haut, oder wenn es zu Beginn oder im Verlauf einer Akne zu einer verst\u00e4rkten Verhornung der Haut besonders im Follikelausgang kommt.<\/p>\n<p>&nbsp;<\/p>\n<h5>Wirkungsweise:<\/h5>\n<p>Phase 1 Reinigungsemulsion imitiert und unterst\u00fctzt die nat\u00fcrlichen Reinigungs- und Absto\u00dfungsmechanismen der Haut. Die Schutz- und Abwehrfunktionen der Haut werden nicht gest\u00f6rt. Die Emulsion nimmt fett- wie wasserl\u00f6sliche Staub- und Schmutzpartikel auf und l\u00e4sst sich mit Wasser leicht abwaschen. L(+)Milchs\u00e4ure in physiologischer Konzentration erleichtert die Abl\u00f6sung der Hornsch\u00fcppchen. L(+)Milchs\u00e4ure unterst\u00fctzt die hauteigene Bakterienflora und bildet so eine wirksame Blockade gegen Fremdkeime.<\/p>\n<p>&nbsp;<\/p>\n<h5>Anwendung:<\/h5>\n<p>Die Intensit\u00e4t der Wirkung des Produkts wird von der aufgetragenen Menge, der Einwirkungsdauer und der H\u00e4ufigkeit der Anwendung bestimmt. Phase1 wird auf die nasse Haut aufgetragen und mit viel Wasser abgewaschen. Der bereits pflegende Effekt wird sofort sp\u00fcrbar! Um die Wirkung der Phase 1 Reinigungsemulsion extra mild nicht zu st\u00f6ren, sollte eine Nachbehandlung mit Gesichtswasser nicht erfolgen.<\/p>\n<p>&nbsp;<\/p>\n<h5>Gegenanzeigen:<\/h5>\n<p>Bei sehr d\u00fcnner Haut oder bei defekter Hornschicht sollte bis zur Normalisierung des Hautzustands zur Reinigung Squalan-\u00d6l oder Phase1 extra mild verwendet werden.<\/p>\n<p>&nbsp;<\/p>\n<h5>Hinweis:<\/h5>\n<p>Bei pubert\u00e4tsbedingter Akne kann es durch Schwankungen des Hormonhaushalts zeitweise zu einem d\u00fcnneren und trockeneren Hautbild kommen.\u00a0 In diesem Fall sollte die behandelnde Kosmetiker\/in die Reinigung dem jeweiligen Hautzustand anpassen.<\/p>\n","protected":false},"excerpt":{"rendered":"<p>Schonende Gesichtsreinigung auf Milchs\u00e4urebasis -ohne Parf\u00fcm-<\/p>\n","protected":false},"featured_media":987483192,"comment_status":"open","ping_status":"closed","template":"","meta":{"_et_pb_use_builder":"off","_et_pb_old_content":"Unsere Haut wird durch ein komplexes System sich gegenseitig beeinflussender Faktoren gesch\u00fctzt. Die Reinigungsemulsion unterst\u00fctzt diese wichtigen Systeme in ihrer Funktion!\r\n\r\n<span style=\"font-weight: bold\">Anwendungsgebiete:<\/span>\r\n\r\nBei normaler und dicker Haut, oder wenn es zu Beginn oder im Verlauf einer Akne zu einer verst\u00e4rkten Verhornung der Haut besonders im Follikelausgang kommt.\r\n\r\n<span style=\"font-weight: bold\">Wirkungsweise:<\/span>\r\n\r\nphase 1 reinigungsemulsion imitiert und unterst\u00fctzt die nat\u00fcrlichen Reinigungs- und Absto\u00dfungsmechanismen der Haut. Die Schutz- und Abwehrfunktionen der Haut werden nicht gest\u00f6rt. Die Emulsion nimmt fett- wie wasserl\u00f6sliche Staub- und Schmutzpartikel auf und l\u00e4\u00dft sich mit Wasser leicht abwaschen. L(+)Milchs\u00e4ure in physiologischer Konzentration erleichtert die Abl\u00f6sungder Hornsch\u00fcppchen. L(+)Milchs\u00e4ure unterst\u00fctzt die hauteigene Bakterienflora und bildet so eine wrksame Blockade gegen Fremdkeime.\r\n\r\n<strong>Anwendung:<\/strong>\r\n\r\nDie Intensit\u00e4t der Wirkung des Produkts wird von der aufgetragenen Menge, der Einwirkungsdauer und der H\u00e4ufigkeit der Anwendung bestimmt. Phase1 wird auf die nasse Haut aufgetragen und mit viel Wasser abgewaschen. Der bereits pflegende Effekt wird sofort sp\u00fcrbar! Um die Wirkung der phase 1 reinigungsemulsion extra mild nicht zu st\u00f6ren, sollte eine Nachbehandlung mit Gesichtswasser nicht erfolgen.\r\n\r\n<span style=\"font-weight: bold\">Gegenanzeigen:<\/span>\r\n\r\nBei sehr d\u00fcnner Haut oder bei defekter Hornschicht sollte bis zur Normalisierung des Hautzustands zur Reinigung Squalan-\u00d6l oder phase1 extra mild verwendet werden.\r\n\r\n<strong>Hinweis:<\/strong>\r\n\r\nBei pubert\u00e4tsbedingter Akne kann es duch Schwankungen des Hormonhaushalts zeitweise zu einem d\u00fcnneren und trockeneren Hautbild kommen.\u00a0 In diesem Fall sollte die behandelnde Kosmetiker\/in die Reinigung dem jeweiligen Hautzustand anpassen.","_et_gb_content_width":""},"product_brand":[472],"product_cat":[372,84,115,171,89,43],"product_tag":[49,59],"class_list":{"0":"post-987471679","1":"product","2":"type-product","3":"status-publish","4":"has-post-thumbnail","6":"product_brand-rosel-heim","7":"product_cat-alle-rosel-heim-produkte","8":"product_cat-gesicht","9":"product_cat-gesichtsreinigung","10":"product_cat-rh-ohne-parfuem","11":"product_cat-rh-reinigung","12":"product_cat-rosel-heim","13":"product_tag-gesichtsreinigung","14":"product_tag-reinigung","15":"pa_inhalt-200ml","17":"first","18":"instock","19":"taxable","20":"shipping-taxable","21":"purchasable","22":"product-type-simple"},"booking_location":null,"booking_location_type":null,"booking_duration":null,"booking_duration_unit":null,"booking_buffer":null,"booking_cost":null,"booking_resources":null,"exclude_global_add_ons":[],"addons":[],"_links":{"self":[{"href":"https:\/\/www.claresco-cosmetic.de\/kosmetik-shop\/wp-json\/wp\/v2\/product\/987471679","targetHints":{"allow":["GET"]}}],"collection":[{"href":"https:\/\/www.claresco-cosmetic.de\/kosmetik-shop\/wp-json\/wp\/v2\/product"}],"about":[{"href":"https:\/\/www.claresco-cosmetic.de\/kosmetik-shop\/wp-json\/wp\/v2\/types\/product"}],"replies":[{"embeddable":true,"href":"https:\/\/www.claresco-cosmetic.de\/kosmetik-shop\/wp-json\/wp\/v2\/comments?post=987471679"}],"wp:featuredmedia":[{"embeddable":true,"href":"https:\/\/www.claresco-cosmetic.de\/kosmetik-shop\/wp-json\/wp\/v2\/media\/987483192"}],"wp:attachment":[{"href":"https:\/\/www.claresco-cosmetic.de\/kosmetik-shop\/wp-json\/wp\/v2\/media?parent=987471679"}],"wp:term":[{"taxonomy":"product_brand","embeddable":true,"href":"https:\/\/www.claresco-cosmetic.de\/kosmetik-shop\/wp-json\/wp\/v2\/product_brand?post=987471679"},{"taxonomy":"product_cat","embeddable":true,"href":"https:\/\/www.claresco-cosmetic.de\/kosmetik-shop\/wp-json\/wp\/v2\/product_cat?post=987471679"},{"taxonomy":"product_tag","embeddable":true,"href":"https:\/\/www.claresco-cosmetic.de\/kosmetik-shop\/wp-json\/wp\/v2\/product_tag?post=987471679"}],"curies":[{"name":"wp","href":"https:\/\/api.w.org\/{rel}","templated":true}]}}