{"id":987472766,"date":"2021-06-08T11:40:47","date_gmt":"2021-06-08T09:40:47","guid":{"rendered":"https:\/\/www.claresco-cosmetic.de\/kosmetik-shop\/?post_type=product&#038;p=987472766"},"modified":"2025-07-26T20:52:13","modified_gmt":"2025-07-26T18:52:13","slug":"lash-conditioner","status":"publish","type":"product","link":"https:\/\/www.claresco-cosmetic.de\/kosmetik-shop\/produkt\/lash-conditioner\/","title":{"rendered":"Lash Conditioner"},"content":{"rendered":"<p><strong>Funktionen und Vorteile:<\/strong><\/p>\n<ul>\n<li>L\u00e4sst Wimpern l\u00e4nger und dicker aussehen, wenn es vor dem Mascara aufgetragen wird.<\/li>\n<li>Es muss weniger Mascara aufgetragen werden.<\/li>\n<li>Algenextrakt pflegt und sch\u00fctzt die Wimpern und reduziert Spliss und Haarbruch.<\/li>\n<li>L\u00e4sst die Wimpern voll zur Geltung kommen und unterst\u00fctzt ein vermehrtes Wachstum.<\/li>\n<li>Kann auf die Augenbrauen aufgetragen und \u00fcber Nacht als Kur f\u00fcr die Wimpern verwendet werden.<\/li>\n<\/ul>\n<p>&nbsp;<\/p>\n<p><strong>Beschreibung:<\/strong><\/p>\n<p>Conditioner und Primer f\u00fcr die Wimpern.<\/p>\n<p>&nbsp;<\/p>\n<p><strong>Wirkung:<\/strong><\/p>\n<ul>\n<li>Pflegt Wimpern, sodass sie seltener br\u00fcchig werden.<\/li>\n<li>Macht Wimpern dicker, st\u00e4rker und l\u00e4sst sie l\u00e4nger wachsen.<\/li>\n<li>Dient als Primer f\u00fcr Mascara und l\u00e4sst es l\u00e4nger anhalten.<\/li>\n<\/ul>\n","protected":false},"excerpt":{"rendered":"<p>Conditioner und Primer f\u00fcr die Wimpern<\/p>\n","protected":false},"featured_media":987472767,"comment_status":"open","ping_status":"closed","template":"","meta":{"_et_pb_use_builder":"off","_et_pb_old_content":"<strong>Anwendungsgebiete: <\/strong>\r\n\r\nAls Gesichtspackung wird masque verwendet bei allen Hautarten zur Straffung und Versch\u00f6nerung des Hautbildes.\r\nZur kurfristigen Therapie bei d\u00fcnner, empfindlicher Haut mit oberfl\u00e4chlichen Entz\u00fcndungen.\r\n\r\n<strong>Wirkungsweise:<\/strong>\r\n\r\nMasque erh\u00f6ht mit Hilfe der Lipacide RH (Lipoaminos\u00e4uren) die F\u00e4higkeit der Epidermis, den zullul\u00e4ren Wassergehalt stabil zu halten. Die Haut wird sichtbar straffer und elastischer. Lipacide RH wirkt gleichzeitig vorbeugend gegen bakterielle Entz\u00fcndungen.\r\n\r\n<strong>Anwendung<\/strong>:\r\n\r\nQuantit\u00e4t und Art der Anwendung sind nach dem individuellen und aktuellen Zustand der Haut festzulegen.\r\n\r\n<strong>Gegenanzeigen:<\/strong>\r\n\r\nDas Produkt sollte bei bekannter Campher-Unvertr\u00e4glichkeit nicht angewendet werden.\r\n\r\n\u00a0","_et_gb_content_width":""},"product_brand":[474],"product_cat":[130,221,83,86],"product_tag":[123,173,176],"class_list":{"0":"post-987472766","1":"product","2":"type-product","3":"status-publish","4":"has-post-thumbnail","6":"product_brand-jane-iredale","7":"product_cat-mineralmakeup-augen","8":"product_cat-mu-augen","9":"product_cat-jane-iredale","10":"product_cat-make-up","11":"product_tag-augen","12":"product_tag-make-up","13":"product_tag-wimperntusche","15":"first","16":"onbackorder","17":"taxable","18":"shipping-taxable","19":"purchasable","20":"product-type-simple"},"booking_location":null,"booking_location_type":null,"booking_duration":null,"booking_duration_unit":null,"booking_buffer":null,"booking_cost":null,"booking_resources":null,"exclude_global_add_ons":[],"addons":[],"_links":{"self":[{"href":"https:\/\/www.claresco-cosmetic.de\/kosmetik-shop\/wp-json\/wp\/v2\/product\/987472766","targetHints":{"allow":["GET"]}}],"collection":[{"href":"https:\/\/www.claresco-cosmetic.de\/kosmetik-shop\/wp-json\/wp\/v2\/product"}],"about":[{"href":"https:\/\/www.claresco-cosmetic.de\/kosmetik-shop\/wp-json\/wp\/v2\/types\/product"}],"replies":[{"embeddable":true,"href":"https:\/\/www.claresco-cosmetic.de\/kosmetik-shop\/wp-json\/wp\/v2\/comments?post=987472766"}],"wp:featuredmedia":[{"embeddable":true,"href":"https:\/\/www.claresco-cosmetic.de\/kosmetik-shop\/wp-json\/wp\/v2\/media\/987472767"}],"wp:attachment":[{"href":"https:\/\/www.claresco-cosmetic.de\/kosmetik-shop\/wp-json\/wp\/v2\/media?parent=987472766"}],"wp:term":[{"taxonomy":"product_brand","embeddable":true,"href":"https:\/\/www.claresco-cosmetic.de\/kosmetik-shop\/wp-json\/wp\/v2\/product_brand?post=987472766"},{"taxonomy":"product_cat","embeddable":true,"href":"https:\/\/www.claresco-cosmetic.de\/kosmetik-shop\/wp-json\/wp\/v2\/product_cat?post=987472766"},{"taxonomy":"product_tag","embeddable":true,"href":"https:\/\/www.claresco-cosmetic.de\/kosmetik-shop\/wp-json\/wp\/v2\/product_tag?post=987472766"}],"curies":[{"name":"wp","href":"https:\/\/api.w.org\/{rel}","templated":true}]}}