{"id":987472861,"date":"2021-06-22T11:32:08","date_gmt":"2021-06-22T09:32:08","guid":{"rendered":"https:\/\/www.claresco-cosmetic.de\/kosmetik-shop\/?post_type=product&#038;p=987472861"},"modified":"2023-01-29T22:19:56","modified_gmt":"2023-01-29T21:19:56","slug":"hybrid-top-coat","status":"publish","type":"product","link":"https:\/\/www.claresco-cosmetic.de\/kosmetik-shop\/produkt\/hybrid-top-coat\/","title":{"rendered":"Hybrid Top Coat"},"content":{"rendered":"<p><strong>Beschreibung:<\/strong><\/p>\n<p>Das perfekte Zusammenspiel von Photoinitiatoren und Oligomeren erm\u00f6glichen eine H\u00e4rtung des Gel Polish bei normalem Tageslicht. Die Festigkeit und Widerstandsf\u00e4higkeit erh\u00f6ht sich im Zeitverlauf. Aufgrund der speziellen UV Technologie werden f\u00fcr den TOP COAT lichtgesch\u00fctzte Flakons zur Abf\u00fcllung verwendet.<\/p>\n<ul>\n<li>Bis zu 75% aus Pfl anzen gewonnene Inhaltsstoffe (u.a. Mais, Weizen, Zuckerrohr und Maniok)<\/li>\n<li>Produziert nach ISO-Norm 16128<\/li>\n<li>100% vegan<\/li>\n<li>Umweltfreundliche Produktionsweise<\/li>\n<li>Tierversuchsfrei<\/li>\n<li>Nutzung nachwachsender Stoffe zur Reduzierung des \u00f6kologischen Fu\u00dfabdrucks<\/li>\n<\/ul>\n","protected":false},"excerpt":{"rendered":"<p>Reaktiver \u00dcberlack mit Gel-Effekt ganz ohne UV Lampe.<\/p>\n<ul>\n<li>Pflanzenbasiert<\/li>\n<li>Hochgl\u00e4nzendes Finish im Gel-Look<\/li>\n<li>Brillante Farbintensit\u00e4t<\/li>\n<li>Extra Langer Halt bis zu 10 Tage<\/li>\n<li>Einfache Anwendung<\/li>\n<li>Schonend und Sicher<\/li>\n<li>Geruchsneutral<\/li>\n<\/ul>\n","protected":false},"featured_media":0,"comment_status":"open","ping_status":"closed","template":"","meta":{"_et_pb_use_builder":"off","_et_pb_old_content":"<strong>Anwendungsgebiete: <\/strong>\r\n\r\nAls Gesichtspackung wird masque verwendet bei allen Hautarten zur Straffung und Versch\u00f6nerung des Hautbildes.\r\nZur kurfristigen Therapie bei d\u00fcnner, empfindlicher Haut mit oberfl\u00e4chlichen Entz\u00fcndungen.\r\n\r\n<strong>Wirkungsweise:<\/strong>\r\n\r\nMasque erh\u00f6ht mit Hilfe der Lipacide RH (Lipoaminos\u00e4uren) die F\u00e4higkeit der Epidermis, den zullul\u00e4ren Wassergehalt stabil zu halten. Die Haut wird sichtbar straffer und elastischer. Lipacide RH wirkt gleichzeitig vorbeugend gegen bakterielle Entz\u00fcndungen.\r\n\r\n<strong>Anwendung<\/strong>:\r\n\r\nQuantit\u00e4t und Art der Anwendung sind nach dem individuellen und aktuellen Zustand der Haut festzulegen.\r\n\r\n<strong>Gegenanzeigen:<\/strong>\r\n\r\nDas Produkt sollte bei bekannter Campher-Unvertr\u00e4glichkeit nicht angewendet werden.\r\n\r\n\u00a0","_et_gb_content_width":""},"product_brand":[],"product_cat":[182],"product_tag":[184,183],"class_list":{"0":"post-987472861","1":"product","2":"type-product","3":"status-publish","5":"product_cat-alessandro","6":"product_tag-handpflege","7":"product_tag-nagellack","9":"first","10":"instock","11":"taxable","12":"shipping-taxable","13":"purchasable","14":"product-type-simple"},"booking_location":null,"booking_location_type":null,"booking_duration":null,"booking_duration_unit":null,"booking_buffer":null,"booking_cost":null,"booking_resources":null,"exclude_global_add_ons":[],"addons":[],"_links":{"self":[{"href":"https:\/\/www.claresco-cosmetic.de\/kosmetik-shop\/wp-json\/wp\/v2\/product\/987472861","targetHints":{"allow":["GET"]}}],"collection":[{"href":"https:\/\/www.claresco-cosmetic.de\/kosmetik-shop\/wp-json\/wp\/v2\/product"}],"about":[{"href":"https:\/\/www.claresco-cosmetic.de\/kosmetik-shop\/wp-json\/wp\/v2\/types\/product"}],"replies":[{"embeddable":true,"href":"https:\/\/www.claresco-cosmetic.de\/kosmetik-shop\/wp-json\/wp\/v2\/comments?post=987472861"}],"wp:attachment":[{"href":"https:\/\/www.claresco-cosmetic.de\/kosmetik-shop\/wp-json\/wp\/v2\/media?parent=987472861"}],"wp:term":[{"taxonomy":"product_brand","embeddable":true,"href":"https:\/\/www.claresco-cosmetic.de\/kosmetik-shop\/wp-json\/wp\/v2\/product_brand?post=987472861"},{"taxonomy":"product_cat","embeddable":true,"href":"https:\/\/www.claresco-cosmetic.de\/kosmetik-shop\/wp-json\/wp\/v2\/product_cat?post=987472861"},{"taxonomy":"product_tag","embeddable":true,"href":"https:\/\/www.claresco-cosmetic.de\/kosmetik-shop\/wp-json\/wp\/v2\/product_tag?post=987472861"}],"curies":[{"name":"wp","href":"https:\/\/api.w.org\/{rel}","templated":true}]}}