{"id":987472939,"date":"2021-06-30T14:11:06","date_gmt":"2021-06-30T12:11:06","guid":{"rendered":"https:\/\/www.claresco-cosmetic.de\/kosmetik-shop\/?post_type=product&#038;p=987472939"},"modified":"2025-12-19T17:49:46","modified_gmt":"2025-12-19T16:49:46","slug":"lipcare-2","status":"publish","type":"product","link":"https:\/\/www.claresco-cosmetic.de\/kosmetik-shop\/produkt\/lipcare-2\/","title":{"rendered":"Lipcare 2 k\u00fchles Rot"},"content":{"rendered":"<p>Lipcare ist eine hochwertige Lippenpflege im Glastiegel, die in drei zarten Nuancen erh\u00e4ltlich ist.<br \/>\n(Bitte beachten Sie dass die Farben zart, transparent und nicht deckend sind. Die Abbildungen dienen lediglich als Anhaltspunkt)<\/p>\n<p>&nbsp;<\/p>\n<h5>Wirkung:<\/h5>\n<p>Lipcare enth\u00e4lt eine sorgf\u00e4ltig abgestimmte Komposition aus feinsten pflanzlichen Fetten, \u00d6len und Wachsen. Zu den Hauptbestandteilen geh\u00f6ren Squalan\u00f6l und Bienenwachs, was das Produkt jedoch nicht &#8220;vegan&#8221; macht. Die Zugabe von hautidentischen Ceramiden sorgt f\u00fcr eine au\u00dfergew\u00f6hnliche Pflege der Lippen. Aromatisiert mit ghanaischer Bio-Kakao-Butter und echtem Vanille-Extrakt, bietet Lipcare nicht nur Pflege, sondern auch ein sinnliches Dufterlebnis.<\/p>\n<p>Die Rohstoffe werden nach strengen Qualit\u00e4ts- und Reinheitskriterien ausgew\u00e4hlt, um die beste Haut- und K\u00f6rpervertr\u00e4glichkeit zu gew\u00e4hrleisten. Obwohl die Farbe und Konsistenz aufgrund der nat\u00fcrlichen Inhaltsstoffe variieren k\u00f6nnen, bleibt die einzigartige Wirkung des Produkts stets erhalten.<\/p>\n<p>&nbsp;<\/p>\n<h5>Anwendung<\/h5>\n<p>Der Lipcare kann sowohl mit einem Pinsel als auch einfach mit dem Finger aufgetragen werden. Da die Rezeptur kein Wasser enth\u00e4lt, ist die Anwendung hygienisch unbedenklich. Diese Flexibilit\u00e4t in der Anwendung macht Lipcare zu einem praktischen Begleiter f\u00fcr den Alltag, der jederzeit f\u00fcr geschmeidige und gepflegte Lippen sorgt.<\/p>\n","protected":false},"excerpt":{"rendered":"<p>Ein au\u00dfergew\u00f6hnlich intensiv pflegender Lippenbalsam mit hautidentischen Ceramiden in hauchzarter Farbnuance k\u00fchles Rot.<br \/>\n<strong><span style=\"color: #c59992;\">Zu jedem Lipcare gibt es ein Lippenpinsel GRATIS dazu<\/span> <\/strong>(nur solange der Vorrat reicht)<\/p>\n","protected":false},"featured_media":987487526,"comment_status":"open","ping_status":"closed","template":"","meta":{"_et_pb_use_builder":"off","_et_pb_old_content":"<strong>Anwendungsgebiete: <\/strong>\r\n\r\nAls Gesichtspackung wird masque verwendet bei allen Hautarten zur Straffung und Versch\u00f6nerung des Hautbildes.\r\nZur kurfristigen Therapie bei d\u00fcnner, empfindlicher Haut mit oberfl\u00e4chlichen Entz\u00fcndungen.\r\n\r\n<strong>Wirkungsweise:<\/strong>\r\n\r\nMasque erh\u00f6ht mit Hilfe der Lipacide RH (Lipoaminos\u00e4uren) die F\u00e4higkeit der Epidermis, den zullul\u00e4ren Wassergehalt stabil zu halten. Die Haut wird sichtbar straffer und elastischer. Lipacide RH wirkt gleichzeitig vorbeugend gegen bakterielle Entz\u00fcndungen.\r\n\r\n<strong>Anwendung<\/strong>:\r\n\r\nQuantit\u00e4t und Art der Anwendung sind nach dem individuellen und aktuellen Zustand der Haut festzulegen.\r\n\r\n<strong>Gegenanzeigen:<\/strong>\r\n\r\nDas Produkt sollte bei bekannter Campher-Unvertr\u00e4glichkeit nicht angewendet werden.\r\n\r\n\u00a0","_et_gb_content_width":""},"product_brand":[472],"product_cat":[372,211,97,84,222,86,43],"product_tag":[64,124,196],"class_list":{"0":"post-987472939","1":"product","2":"type-product","3":"status-publish","4":"has-post-thumbnail","6":"product_brand-rosel-heim","7":"product_cat-alle-rosel-heim-produkte","8":"product_cat-augen-und-co","9":"product_cat-rh-dekorativ","10":"product_cat-gesicht","11":"product_cat-mu-lippen","12":"product_cat-make-up","13":"product_cat-rosel-heim","14":"product_tag-hautschutz","15":"product_tag-lippen","16":"product_tag-lippenpflege","17":"pa_inhalt-4g","19":"first","20":"onbackorder","21":"taxable","22":"shipping-taxable","23":"purchasable","24":"product-type-simple"},"booking_location":null,"booking_location_type":null,"booking_duration":null,"booking_duration_unit":null,"booking_buffer":null,"booking_cost":null,"booking_resources":null,"exclude_global_add_ons":[],"addons":[],"_links":{"self":[{"href":"https:\/\/www.claresco-cosmetic.de\/kosmetik-shop\/wp-json\/wp\/v2\/product\/987472939","targetHints":{"allow":["GET"]}}],"collection":[{"href":"https:\/\/www.claresco-cosmetic.de\/kosmetik-shop\/wp-json\/wp\/v2\/product"}],"about":[{"href":"https:\/\/www.claresco-cosmetic.de\/kosmetik-shop\/wp-json\/wp\/v2\/types\/product"}],"replies":[{"embeddable":true,"href":"https:\/\/www.claresco-cosmetic.de\/kosmetik-shop\/wp-json\/wp\/v2\/comments?post=987472939"}],"wp:featuredmedia":[{"embeddable":true,"href":"https:\/\/www.claresco-cosmetic.de\/kosmetik-shop\/wp-json\/wp\/v2\/media\/987487526"}],"wp:attachment":[{"href":"https:\/\/www.claresco-cosmetic.de\/kosmetik-shop\/wp-json\/wp\/v2\/media?parent=987472939"}],"wp:term":[{"taxonomy":"product_brand","embeddable":true,"href":"https:\/\/www.claresco-cosmetic.de\/kosmetik-shop\/wp-json\/wp\/v2\/product_brand?post=987472939"},{"taxonomy":"product_cat","embeddable":true,"href":"https:\/\/www.claresco-cosmetic.de\/kosmetik-shop\/wp-json\/wp\/v2\/product_cat?post=987472939"},{"taxonomy":"product_tag","embeddable":true,"href":"https:\/\/www.claresco-cosmetic.de\/kosmetik-shop\/wp-json\/wp\/v2\/product_tag?post=987472939"}],"curies":[{"name":"wp","href":"https:\/\/api.w.org\/{rel}","templated":true}]}}