{"id":987473391,"date":"2021-09-20T13:50:59","date_gmt":"2021-09-20T11:50:59","guid":{"rendered":"https:\/\/www.claresco-cosmetic.de\/kosmetik-shop\/?post_type=product&#038;p=987473391"},"modified":"2026-03-16T19:48:01","modified_gmt":"2026-03-16T18:48:01","slug":"fussreflexzonen-massage","status":"publish","type":"product","link":"https:\/\/www.claresco-cosmetic.de\/kosmetik-shop\/produkt\/fussreflexzonen-massage\/","title":{"rendered":"Fussreflexzonen Massage"},"content":{"rendered":"<h5>Beschreibung<\/h5>\n<p>Unsere F\u00fc\u00dfe tragen uns Tag f\u00fcr Tag; in der Reflexzonentherapie gelten sie als Spiegel des gesamten Organismus. Durch pr\u00e4zise, wohldosierte Griffe an den Reflexzonen werden Reize gesetzt, die den Energiefluss harmonisieren und das vegetative Nervensystem beruhigen k\u00f6nnen.<\/p>\n<p>&nbsp;<\/p>\n<h5>Perfekt geeignet f\u00fcr<\/h5>\n<ul>\n<li>Menschen mit hoher Alltagsbelastung, die Stress abbauen und abschalten m\u00f6chten.<\/li>\n<li>Alle, die ihr allgemeines Wohlbefinden und ihre K\u00f6rperwahrnehmung unterst\u00fctzen wollen.<\/li>\n<li>Als sinnvolle Erg\u00e4nzung zu Wellness\u2011, oder Fu\u00dfpflegebehandlungen.<\/li>\n<\/ul>\n<p>&nbsp;<\/p>\n<h5>Wirkung<\/h5>\n<ul>\n<li>Kann die Durchblutung und den Lymphfluss anregen und so den Stoffwechsel unterst\u00fctzen.<\/li>\n<li>F\u00f6rdert tiefe Entspannung, hilft dem Nervensystem herunterzufahren und Stressreaktionen zu reduzieren.<\/li>\n<li>Unterst\u00fctzt das subjektive Empfinden von Leichtigkeit, innerer Ruhe und besserer Erdung.<\/li>\n<\/ul>\n<p>&nbsp;<\/p>\n<p>Die beschriebenen Effekte stammen aus Erfahrung und komplement\u00e4ren Ans\u00e4tzen und ersetzen keine medizinische Diagnose oder Therapie.<\/p>\n","protected":false},"excerpt":{"rendered":"<p>Gezielte Fussreflexzonenmassage zur F\u00f6rderung von Durchblutung und Entspannung \u2013 unterst\u00fctzt Stressabbau, harmonisiert den K\u00f6rper und schenkt sp\u00fcrbare Leichtigkeit.<\/p>\n<p>ca. 60 min<\/p>\n","protected":false},"featured_media":987500367,"comment_status":"open","ping_status":"closed","template":"","meta":{"_et_pb_use_builder":"off","_et_pb_old_content":"<strong>Dieser Service beinhaltet:<\/strong>\r\n\r\n\u2022 N\u00e4gel k\u00fcrzen & in Form feilen\r\n\u2022 Nagelhaut entfernen\r\n\u2022 Hand- & Nagelpflege","_et_gb_content_width":""},"product_brand":[],"product_cat":[22,81,109],"product_tag":[],"class_list":{"0":"post-987473391","1":"product","2":"type-product","3":"status-publish","4":"has-post-thumbnail","6":"product_cat-termine-fuesse","7":"product_cat-termine","8":"product_cat-termine-wellness","10":"first","11":"instock","12":"virtual","13":"sold-individually","14":"taxable","15":"purchasable","16":"product-type-booking"},"booking_location":"","booking_location_type":"","booking_duration":60,"booking_duration_unit":"minute","booking_buffer":0,"booking_cost":69,"booking_resources":[987471010],"exclude_global_add_ons":[],"addons":[],"_links":{"self":[{"href":"https:\/\/www.claresco-cosmetic.de\/kosmetik-shop\/wp-json\/wp\/v2\/product\/987473391","targetHints":{"allow":["GET"]}}],"collection":[{"href":"https:\/\/www.claresco-cosmetic.de\/kosmetik-shop\/wp-json\/wp\/v2\/product"}],"about":[{"href":"https:\/\/www.claresco-cosmetic.de\/kosmetik-shop\/wp-json\/wp\/v2\/types\/product"}],"replies":[{"embeddable":true,"href":"https:\/\/www.claresco-cosmetic.de\/kosmetik-shop\/wp-json\/wp\/v2\/comments?post=987473391"}],"wp:featuredmedia":[{"embeddable":true,"href":"https:\/\/www.claresco-cosmetic.de\/kosmetik-shop\/wp-json\/wp\/v2\/media\/987500367"}],"wp:attachment":[{"href":"https:\/\/www.claresco-cosmetic.de\/kosmetik-shop\/wp-json\/wp\/v2\/media?parent=987473391"}],"wp:term":[{"taxonomy":"product_brand","embeddable":true,"href":"https:\/\/www.claresco-cosmetic.de\/kosmetik-shop\/wp-json\/wp\/v2\/product_brand?post=987473391"},{"taxonomy":"product_cat","embeddable":true,"href":"https:\/\/www.claresco-cosmetic.de\/kosmetik-shop\/wp-json\/wp\/v2\/product_cat?post=987473391"},{"taxonomy":"product_tag","embeddable":true,"href":"https:\/\/www.claresco-cosmetic.de\/kosmetik-shop\/wp-json\/wp\/v2\/product_tag?post=987473391"}],"curies":[{"name":"wp","href":"https:\/\/api.w.org\/{rel}","templated":true}]}}

<h5>Beschreibung</h5>
<p>Unsere Füße tragen uns Tag für Tag; in der Reflexzonentherapie gelten sie als Spiegel des gesamten Organismus. Durch präzise, wohldosierte Griffe an den Reflexzonen werden Reize gesetzt, die den Energiefluss harmonisieren und das vegetative Nervensystem beruhigen können.</p>
<p>&nbsp;</p>
<h5>Perfekt geeignet für</h5>
<ul>
<li>Menschen mit hoher Alltagsbelastung, die Stress abbauen und abschalten möchten.</li>
<li>Alle, die ihr allgemeines Wohlbefinden und ihre Körperwahrnehmung unterstützen wollen.</li>
<li>Als sinnvolle Ergänzung zu Wellness‑, oder Fußpflegebehandlungen.</li>
</ul>
<p>&nbsp;</p>
<h5>Wirkung</h5>
<ul>
<li>Kann die Durchblutung und den Lymphfluss anregen und so den Stoffwechsel unterstützen.</li>
<li>Fördert tiefe Entspannung, hilft dem Nervensystem herunterzufahren und Stressreaktionen zu reduzieren.</li>
<li>Unterstützt das subjektive Empfinden von Leichtigkeit, innerer Ruhe und besserer Erdung.</li>
</ul>
<p>&nbsp;</p>
<p>Die beschriebenen Effekte stammen aus Erfahrung und komplementären Ansätzen und ersetzen keine medizinische Diagnose oder Therapie.</p>

<p>Gezielte Fussreflexzonenmassage zur Förderung von Durchblutung und Entspannung – unterstützt Stressabbau, harmonisiert den Körper und schenkt spürbare Leichtigkeit.</p>
<p>ca. 60 min</p>

<strong>Dieser Service beinhaltet:</strong>

• Nägel kürzen & in Form feilen
• Nagelhaut entfernen
• Hand- & Nagelpflege
