{"id":987473437,"date":"2021-09-21T11:27:04","date_gmt":"2021-09-21T09:27:04","guid":{"rendered":"https:\/\/www.claresco-cosmetic.de\/kosmetik-shop\/?post_type=product&#038;p=987473437"},"modified":"2026-04-28T21:26:11","modified_gmt":"2026-04-28T19:26:11","slug":"koerpercreme","status":"publish","type":"product","link":"https:\/\/www.claresco-cosmetic.de\/kosmetik-shop\/produkt\/koerpercreme\/","title":{"rendered":"K\u00f6rpercreme"},"content":{"rendered":"<h5>Wirkungsweise:<\/h5>\n<p>K\u00f6rpercreme ist eine Emulsion mit Fetten und \u00d6len, wie sie in unserem Hydrolipidfilm in nat\u00fcrlicher Weise vorkommen. Das Provitamin B3, bekannt als Calciumpantothenat oder Panthenol ist das Hautvitamin schlechthin, wirkt heilend, reguliert die Hornschicht und unterst\u00fctzt die Eigenregeneration der Haut.<\/p>\n<p>&nbsp;<\/p>\n<h5>Anwendung:<\/h5>\n<p>Nach dem Duschen oder Baden in die feuchte Haut einreiben.<\/p>\n<p>&nbsp;<\/p>\n<h5>Gegenanzeigen:<\/h5>\n<p>K\u00f6rpercreme sollte nicht angewendet werden bei bekannter Unvertr\u00e4glichkeit von Panthenol.<\/p>\n","protected":false},"excerpt":{"rendered":"<p>Die K\u00f6rpercreme verbessert die Elastizit\u00e4t und Spannkraft der Haut. Die Haut wird straffer und glatter.<\/p>\n","protected":false},"featured_media":987487822,"comment_status":"open","ping_status":"closed","template":"","meta":{"_et_pb_use_builder":"off","_et_pb_old_content":"<strong>Anwendungsgebiete:<\/strong>\r\n\r\nAls K\u00f6rper\u00f6l zur Hautpflege und bei sehr empfindlicher Haut kann Squalan\u00f6l auch zur Reinigung der Haut verwendet werden.\r\n\r\n<strong>Wirkungsweise:<\/strong>\r\n\r\nSqualan\u00f6l ist ein hochwirksames hautidentisches \u00d6l, das von der Haut vollst\u00e4ndig verwertet wird. Es entspricht dem \u00f6ligen Anteil der nat\u00fcrlichen Hautlipide.\r\n\r\n<span style=\"font-weight: bold\">Anwendung:<\/span>\r\n\r\nSqualan\u00f6l sollte auf Grund der hochwirksamen Inhaltsstoffe immer verd\u00fcnnt auf die Haut gebracht werden. Wenige Tropfen ins Badewasser oder auf einen nassen Waschhandschuh reichen aus, um die hautpflegende Wirkung zu erreichen..","_et_gb_content_width":""},"product_brand":[472],"product_cat":[372,95,85,213,43],"product_tag":[203,56,202,364],"class_list":{"0":"post-987473437","1":"product","2":"type-product","3":"status-publish","4":"has-post-thumbnail","6":"product_brand-rosel-heim","7":"product_cat-alle-rosel-heim-produkte","8":"product_cat-rh-body-line","9":"product_cat-koerper","10":"product_cat-koerperpflege","11":"product_cat-rosel-heim","12":"product_tag-bodylotion","13":"product_tag-creme","14":"product_tag-koerper","15":"product_tag-koerpercreme","17":"first","18":"onbackorder","19":"taxable","20":"shipping-taxable","21":"purchasable","22":"product-type-variable"},"booking_location":null,"booking_location_type":null,"booking_duration":null,"booking_duration_unit":null,"booking_buffer":null,"booking_cost":null,"booking_resources":null,"exclude_global_add_ons":[],"addons":[],"_links":{"self":[{"href":"https:\/\/www.claresco-cosmetic.de\/kosmetik-shop\/wp-json\/wp\/v2\/product\/987473437","targetHints":{"allow":["GET"]}}],"collection":[{"href":"https:\/\/www.claresco-cosmetic.de\/kosmetik-shop\/wp-json\/wp\/v2\/product"}],"about":[{"href":"https:\/\/www.claresco-cosmetic.de\/kosmetik-shop\/wp-json\/wp\/v2\/types\/product"}],"replies":[{"embeddable":true,"href":"https:\/\/www.claresco-cosmetic.de\/kosmetik-shop\/wp-json\/wp\/v2\/comments?post=987473437"}],"wp:featuredmedia":[{"embeddable":true,"href":"https:\/\/www.claresco-cosmetic.de\/kosmetik-shop\/wp-json\/wp\/v2\/media\/987487822"}],"wp:attachment":[{"href":"https:\/\/www.claresco-cosmetic.de\/kosmetik-shop\/wp-json\/wp\/v2\/media?parent=987473437"}],"wp:term":[{"taxonomy":"product_brand","embeddable":true,"href":"https:\/\/www.claresco-cosmetic.de\/kosmetik-shop\/wp-json\/wp\/v2\/product_brand?post=987473437"},{"taxonomy":"product_cat","embeddable":true,"href":"https:\/\/www.claresco-cosmetic.de\/kosmetik-shop\/wp-json\/wp\/v2\/product_cat?post=987473437"},{"taxonomy":"product_tag","embeddable":true,"href":"https:\/\/www.claresco-cosmetic.de\/kosmetik-shop\/wp-json\/wp\/v2\/product_tag?post=987473437"}],"curies":[{"name":"wp","href":"https:\/\/api.w.org\/{rel}","templated":true}]}}

Körpercreme

<h5>Wirkungsweise:</h5>
<p>Körpercreme ist eine Emulsion mit Fetten und Ölen, wie sie in unserem Hydrolipidfilm in natürlicher Weise vorkommen. Das Provitamin B3, bekannt als Calciumpantothenat oder Panthenol ist das Hautvitamin schlechthin, wirkt heilend, reguliert die Hornschicht und unterstützt die Eigenregeneration der Haut.</p>
<p>&nbsp;</p>
<h5>Anwendung:</h5>
<p>Nach dem Duschen oder Baden in die feuchte Haut einreiben.</p>
<p>&nbsp;</p>
<h5>Gegenanzeigen:</h5>
<p>Körpercreme sollte nicht angewendet werden bei bekannter Unverträglichkeit von Panthenol.</p>

<p>Die Körpercreme verbessert die Elastizität und Spannkraft der Haut. Die Haut wird straffer und glatter.</p>

<strong>Anwendungsgebiete:</strong>

Als Körperöl zur Hautpflege und bei sehr empfindlicher Haut kann Squalanöl auch zur Reinigung der Haut verwendet werden.

<strong>Wirkungsweise:</strong>

Squalanöl ist ein hochwirksames hautidentisches Öl, das von der Haut vollständig verwertet wird. Es entspricht dem öligen Anteil der natürlichen Hautlipide.

<span style="font-weight: bold">Anwendung:</span>

Squalanöl sollte auf Grund der hochwirksamen Inhaltsstoffe immer verdünnt auf die Haut gebracht werden. Wenige Tropfen ins Badewasser oder auf einen nassen Waschhandschuh reichen aus, um die hautpflegende Wirkung zu erreichen..
