{"id":987474342,"date":"2022-03-24T14:28:46","date_gmt":"2022-03-24T13:28:46","guid":{"rendered":"https:\/\/www.claresco-cosmetic.de\/kosmetik-shop\/?post_type=product&#038;p=987474342"},"modified":"2025-07-26T20:52:11","modified_gmt":"2025-07-26T18:52:11","slug":"beyond-lash-volumizing-mascara-black-ink","status":"publish","type":"product","link":"https:\/\/www.claresco-cosmetic.de\/kosmetik-shop\/produkt\/beyond-lash-volumizing-mascara-black-ink\/","title":{"rendered":"Beyond Lash Volumizing Mascara &#8211; Black Ink"},"content":{"rendered":"<p>Mascara steht meist an erster Stelle, wenn es um Make-up geht. Sie soll f\u00fcr viel Volumen und einen tollen Augenaufschlag sorgen, gleichzeitig aber auch aus den besten Inhaltsstoffen bestehen und keinerlei Chemikalien enthalten. Genau das liefert die Beyond Lash Volumizing Mascara von jane iredale. Sie kreiert eindrucksvolle Wimpern mit einer Formulierung aus zu 98% nat\u00fcrlichen Inhaltsstoffen, die die Wimpern pflegen und sch\u00fctzen, sie verdichten und ihnen eine intensive, tiefschwarze Farbe verleihen. Die magische B\u00fcrste der Beyond Lash Volumizing Mascara in konischer Sanduhrform sorgt f\u00fcr maximales Volumen und eine Umh\u00fcllung der Wimpern, ohne dass sie verklumpen, verschmieren oder abbl\u00e4ttern.<\/p>\n<p>&nbsp;<\/p>\n<h5>Funktionen und Vorteile:<\/h5>\n<ul>\n<li>Schwereloses, aufbaubares Volumen f\u00fcr volle, betonte Wimpern, ohne zu verklumpen.<\/li>\n<li>Verst\u00e4rkt die Wimpern mit einem lang anhaltenden Verl\u00e4ngerungseffekt.<\/li>\n<li>Maximale Pigmentierung f\u00fcr eine kr\u00e4ftige, gl\u00e4nzende und satte Farbabgabe.<\/li>\n<li>Flexible Rezeptur pflegt und sch\u00fctzt f\u00fcr ges\u00fcndere Wimpern.<\/li>\n<li>Widersteht dem Verschmieren und Abbl\u00e4ttern unter den Augen.<\/li>\n<li>Der anschmiegsame Applikator trennt, voluminisiert und verl\u00e4ngert die Wimpern.<\/li>\n<li>Spitz zulaufende Sanduhrform f\u00fcr einfaches Auftragen in den inneren und \u00e4u\u00dferen Ecken.<\/li>\n<li>98% nat\u00fcrlich gewonnene Formel. Vegan.<\/li>\n<li>Von Augen\u00e4rzten getestet. Sicher f\u00fcr Kontaktlinsentr\u00e4gerinnen. Geeignet f\u00fcr empfindliche Augen.<\/li>\n<\/ul>\n<p>&nbsp;<\/p>\n<h5>Hauptinhaltsstoffe:<\/h5>\n<p>Avocado- und Jojoba-Samen\u00f6le ist reich an \u00d6ls\u00e4ure,sie st\u00e4rken die Wimpern und sch\u00fctzen vor Bruch. Basilikumwurzel-Extrakt ist ein starkes Antioxidans, das die Wimpern sich kr\u00e4ftiger anf\u00fchlen und ges\u00fcnder aussehen l\u00e4sst. Bambusst\u00e4ngel-Pulver ist eine nat\u00fcrliche Alternative zu Nylonfasern, Bambusst\u00e4ngel-Pulver kann nachweislich Wimpern mehr L\u00e4nge und Volumen verleihen. Sonnenblumenkern\u00f6l und Oliven\u00f6le sind nat\u00fcrliche \u00d6le, die pflegen, sch\u00fctzen und sch\u00e4dliche Weichmacher wie Petroleum ersetzen. Kokosnuss- und Baobab-Samen-\u00d6le spenden Feuchtigkeit und verleihen den Wimpern sichtbaren Glanz. Reiskleie-Wachs ist ein pflanzliches Wachs, das als vegane Alternative zu Bienenwachs fungiert und eine starke, aber dennoch flexible Umh\u00fcllung der Wimpern schafft.<\/p>\n<p>&nbsp;<\/p>\n<h5>Weitere Eigenschaften:<\/h5>\n<p>Herk\u00f6mmliche Mascaras k\u00f6nnen giftige Chemikalien enthalten, die die Augen reizen. Beyond Lash enth\u00e4lt ausgew\u00e4hlte Inhaltsstoffe und wurde von Augen\u00e4rzten intensiv getestet, so dass sie selbst f\u00fcr die empfindlichsten Augen und Kontaktlinsentr\u00e4ger geeignet ist.<\/p>\n<p>Kein Ru\u00df: Die hochwertige, gesch\u00fctzte Eisenoxidmischung liefert reichhaltige Pigmente ohne negative Effekte.<\/p>\n<p>Kein Teflon: Teflon ist eine synthetische Chemikalie, die eine glatte, geschmeidige Oberfl\u00e4che schaffen kann, aber auch mit negativen Auswirkungen auf die Gesundheit in Verbindung gebracht wurde.<\/p>\n<p>Keine Parabene: Ohne Phthalate und Parabene formuliert, die die Augen austrocknen und reizen k\u00f6nnen.<\/p>\n<p>&nbsp;<\/p>\n<h5>Inhalt:<\/h5>\n<p>8g<\/p>\n<p>Inhaltsstoffe:<\/p>\n<p>Water\/Aqua\/Eau, Iron Oxides (Ci 77499), Copernicia Cerifera (Carnauba) Wax, Stearic Acid, Hydrogenated Jojoba Oil, Glyceryl Stearate, Acacia Senegal Gum, Pentylene Glycol, Oleic\/Linoleic\/Linoleic Polyglyceride, Shorea Robusta Resin, Octyldodecanol, Aminomethyl Propanol, Leuconostoc\/Radish Root Ferment Filtrate, Oryza Sativa (Rice) Bran Wax, Lactobacillus, Adansonia Digitata Seed Oil, Bambusa Arundinacea Stem Powder, Cocos Nucifera (Coconut) Fruit Extract, Helianthus Annuus (Sunflower) Seed Oil\/Helianthus Annuus Seed Oil, Persea Gratissima (Avocado) Oil, Phytosterols, Cocos Nucifera (Coconut) Oil, Olea Europaea (Olive) Fruit Oil, Sorbitan Oleate, Ascorbyl Palmitate, Ocimum Basilicum Hairy Root Culture Extract, Tocopheryl Acetate.<\/p>\n","protected":false},"excerpt":{"rendered":"<p>Eine die Wimpern verst\u00e4rkende Clean Beauty Mascara f\u00fcr kr\u00e4ftige Farbe und ein schwereloses, aufbaubares Volumen in einer flexiblen, pflegenden Rezeptur.<\/p>\n","protected":false},"featured_media":987486933,"comment_status":"open","ping_status":"closed","template":"","meta":{"_et_pb_use_builder":"off","_et_pb_old_content":"<strong>Anwendungsgebiete: <\/strong>\r\n\r\nAls Gesichtspackung wird masque verwendet bei allen Hautarten zur Straffung und Versch\u00f6nerung des Hautbildes.\r\nZur kurfristigen Therapie bei d\u00fcnner, empfindlicher Haut mit oberfl\u00e4chlichen Entz\u00fcndungen.\r\n\r\n<strong>Wirkungsweise:<\/strong>\r\n\r\nMasque erh\u00f6ht mit Hilfe der Lipacide RH (Lipoaminos\u00e4uren) die F\u00e4higkeit der Epidermis, den zullul\u00e4ren Wassergehalt stabil zu halten. Die Haut wird sichtbar straffer und elastischer. Lipacide RH wirkt gleichzeitig vorbeugend gegen bakterielle Entz\u00fcndungen.\r\n\r\n<strong>Anwendung<\/strong>:\r\n\r\nQuantit\u00e4t und Art der Anwendung sind nach dem individuellen und aktuellen Zustand der Haut festzulegen.\r\n\r\n<strong>Gegenanzeigen:<\/strong>\r\n\r\nDas Produkt sollte bei bekannter Campher-Unvertr\u00e4glichkeit nicht angewendet werden.\r\n\r\n\u00a0","_et_gb_content_width":""},"product_brand":[474],"product_cat":[221,130,211,83,86],"product_tag":[123,173,334,176],"class_list":{"0":"post-987474342","1":"product","2":"type-product","3":"status-publish","4":"has-post-thumbnail","6":"product_brand-jane-iredale","7":"product_cat-mu-augen","8":"product_cat-mineralmakeup-augen","9":"product_cat-augen-und-co","10":"product_cat-jane-iredale","11":"product_cat-make-up","12":"product_tag-augen","13":"product_tag-make-up","14":"product_tag-mascara","15":"product_tag-wimperntusche","17":"first","18":"onbackorder","19":"taxable","20":"shipping-taxable","21":"purchasable","22":"product-type-simple"},"booking_location":null,"booking_location_type":null,"booking_duration":null,"booking_duration_unit":null,"booking_buffer":null,"booking_cost":null,"booking_resources":null,"exclude_global_add_ons":[],"addons":[],"_links":{"self":[{"href":"https:\/\/www.claresco-cosmetic.de\/kosmetik-shop\/wp-json\/wp\/v2\/product\/987474342","targetHints":{"allow":["GET"]}}],"collection":[{"href":"https:\/\/www.claresco-cosmetic.de\/kosmetik-shop\/wp-json\/wp\/v2\/product"}],"about":[{"href":"https:\/\/www.claresco-cosmetic.de\/kosmetik-shop\/wp-json\/wp\/v2\/types\/product"}],"replies":[{"embeddable":true,"href":"https:\/\/www.claresco-cosmetic.de\/kosmetik-shop\/wp-json\/wp\/v2\/comments?post=987474342"}],"wp:featuredmedia":[{"embeddable":true,"href":"https:\/\/www.claresco-cosmetic.de\/kosmetik-shop\/wp-json\/wp\/v2\/media\/987486933"}],"wp:attachment":[{"href":"https:\/\/www.claresco-cosmetic.de\/kosmetik-shop\/wp-json\/wp\/v2\/media?parent=987474342"}],"wp:term":[{"taxonomy":"product_brand","embeddable":true,"href":"https:\/\/www.claresco-cosmetic.de\/kosmetik-shop\/wp-json\/wp\/v2\/product_brand?post=987474342"},{"taxonomy":"product_cat","embeddable":true,"href":"https:\/\/www.claresco-cosmetic.de\/kosmetik-shop\/wp-json\/wp\/v2\/product_cat?post=987474342"},{"taxonomy":"product_tag","embeddable":true,"href":"https:\/\/www.claresco-cosmetic.de\/kosmetik-shop\/wp-json\/wp\/v2\/product_tag?post=987474342"}],"curies":[{"name":"wp","href":"https:\/\/api.w.org\/{rel}","templated":true}]}}