{"id":987475723,"date":"2022-06-05T14:56:59","date_gmt":"2022-06-05T12:56:59","guid":{"rendered":"https:\/\/www.claresco-cosmetic.de\/kosmetik-shop\/?post_type=product&#038;p=987475723"},"modified":"2026-03-14T15:55:03","modified_gmt":"2026-03-14T14:55:03","slug":"cleansing-cream","status":"publish","type":"product","link":"https:\/\/www.claresco-cosmetic.de\/kosmetik-shop\/produkt\/cleansing-cream\/","title":{"rendered":"Cleansing Cream"},"content":{"rendered":"<h5>Produktinformationen<\/h5>\n<p>Eine sanfte Revolution ist dieser nat\u00fcrliche Gesichtsreiniger mit Bio Aloe Vera aus \u00f6kologischer Mischkultur und Olive. Die Reinigungsemulsion wirkt auf besonders milde Weise, denn sie sch\u00fctzt Ihre Haut gleichzeitig vor dem Austrocknen. Mit dieser besten Gesichtsreinigung werden durch pflanzliche Wirkstoffe Make-Up und Schmutzpartikel entfernt. Durch den tiefen Reinigungsprozess kann sich Ihre Haut auf wunderbare Weise regenerieren. \u200b<br \/>\nDieser reizfreie Gesichtsreiniger schenkt Ihrer Haut schon w\u00e4hrend des Reinigungsrituals viel Feuchtigkeit. Reine Naturkosmetik ohne Duft. Sie st\u00e4rkt den nat\u00fcrlichen S\u00e4ureschutzmantel und sorgt mit Heil- und Verj\u00fcngungspflanzen, sacred plants, f\u00fcr gesunde, geschmeidige Haut. \u200b<\/p>\n<p>&nbsp;<\/p>\n<h5>Anwendung:<\/h5>\n<p>Eine kleine Menge CLEANSING CREAM mit etwas Wasser vermengt auftragen und einmassieren. Waschen Sie die Reinigungsemulsion danach mit lauwarmem Wasser ab. Morgens und abends.<\/p>\n<p>&nbsp;<\/p>\n<h5>Empfohlen f\u00fcr:<\/h5>\n<ul>\n<li>Trockene Haut &gt; <em>reinigt, ohne auszutrocknen<\/em><\/li>\n<li>Reife Haut &gt; <em>f\u00f6rdert die Hautregeneration<\/em><\/li>\n<li>Empfindliche Haut &gt; <em>vertr\u00e4glich und nat\u00fcrlich reinigend<\/em><\/li>\n<li>Die Entfernung von Augen Make-Up &gt; <em>reinigt schonend und gr\u00fcndlich\u200b<\/em><\/li>\n<li>Alle Hauttypen &gt; <em>100 % vertr\u00e4glich<\/em><\/li>\n<\/ul>\n<p>&nbsp;<\/p>\n[et_pb_section global_module=\"987493041\"][\/et_pb_section]\n","protected":false},"excerpt":{"rendered":"<p>Sanfte Reinigungsemulsion f\u00fcr alle Hauttypen<\/p>\n<p>&nbsp;<\/p>\n<ul>\n<li style=\"margin-bottom: 12px;\">sanfte Reinigung f\u00fcr jeden Hauttyp<\/li>\n<li style=\"margin-bottom: 12px;\">empfohlen bei Neurodermitis und f\u00fcr empfindliche Haut<\/li>\n<li style=\"margin-bottom: 12px;\">f\u00fcr ein glattes Hautgef\u00fchl\u200b<\/li>\n<li style=\"margin-bottom: 12px;\">wirkt beruhigend und r\u00f6tungsmindernd<\/li>\n<li style=\"margin-bottom: 12px;\">mit pflegender r\u00fcckfettender Wirkung<\/li>\n<li style=\"margin-bottom: 12px;\">Ideal als Make-up Entferner geeignet<\/li>\n<li>aus echten Heil- und Verj\u00fcngungspflanzen, sacred plants<\/li>\n<\/ul>\n","protected":false},"featured_media":987475725,"comment_status":"open","ping_status":"closed","template":"","meta":{"_et_pb_use_builder":"","_et_pb_old_content":"","_et_gb_content_width":""},"product_brand":[473],"product_cat":[251,84,115,240,239,242],"product_tag":[],"class_list":{"0":"post-987475723","1":"product","2":"type-product","3":"status-publish","4":"has-post-thumbnail","6":"product_brand-pharmos-natur","7":"product_cat-pharmos-alle-naturkosmetik","8":"product_cat-gesicht","9":"product_cat-gesichtsreinigung","10":"product_cat-pharmos-naturkosmetik","11":"product_cat-pharmos-natur","12":"product_cat-pharmos-reinigung","13":"pa_inhalt-50ml","15":"first","16":"onbackorder","17":"taxable","18":"shipping-taxable","19":"purchasable","20":"product-type-simple"},"booking_location":null,"booking_location_type":null,"booking_duration":null,"booking_duration_unit":null,"booking_buffer":null,"booking_cost":null,"booking_resources":null,"exclude_global_add_ons":[],"addons":[],"_links":{"self":[{"href":"https:\/\/www.claresco-cosmetic.de\/kosmetik-shop\/wp-json\/wp\/v2\/product\/987475723","targetHints":{"allow":["GET"]}}],"collection":[{"href":"https:\/\/www.claresco-cosmetic.de\/kosmetik-shop\/wp-json\/wp\/v2\/product"}],"about":[{"href":"https:\/\/www.claresco-cosmetic.de\/kosmetik-shop\/wp-json\/wp\/v2\/types\/product"}],"replies":[{"embeddable":true,"href":"https:\/\/www.claresco-cosmetic.de\/kosmetik-shop\/wp-json\/wp\/v2\/comments?post=987475723"}],"wp:featuredmedia":[{"embeddable":true,"href":"https:\/\/www.claresco-cosmetic.de\/kosmetik-shop\/wp-json\/wp\/v2\/media\/987475725"}],"wp:attachment":[{"href":"https:\/\/www.claresco-cosmetic.de\/kosmetik-shop\/wp-json\/wp\/v2\/media?parent=987475723"}],"wp:term":[{"taxonomy":"product_brand","embeddable":true,"href":"https:\/\/www.claresco-cosmetic.de\/kosmetik-shop\/wp-json\/wp\/v2\/product_brand?post=987475723"},{"taxonomy":"product_cat","embeddable":true,"href":"https:\/\/www.claresco-cosmetic.de\/kosmetik-shop\/wp-json\/wp\/v2\/product_cat?post=987475723"},{"taxonomy":"product_tag","embeddable":true,"href":"https:\/\/www.claresco-cosmetic.de\/kosmetik-shop\/wp-json\/wp\/v2\/product_tag?post=987475723"}],"curies":[{"name":"wp","href":"https:\/\/api.w.org\/{rel}","templated":true}]}}