{"id":987475842,"date":"2022-06-06T20:20:29","date_gmt":"2022-06-06T18:20:29","guid":{"rendered":"https:\/\/www.claresco-cosmetic.de\/kosmetik-shop\/?post_type=product&#038;p=987475842"},"modified":"2026-03-14T15:55:03","modified_gmt":"2026-03-14T14:55:03","slug":"sesamkraft","status":"publish","type":"product","link":"https:\/\/www.claresco-cosmetic.de\/kosmetik-shop\/produkt\/sesamkraft\/","title":{"rendered":"Sesamkraft"},"content":{"rendered":"[et_pb_section global_module=\"987493261\"][\/et_pb_section]\n<h5>Zellpower mit reichhaltigen Pflanzenn\u00e4hrstoffen<\/h5>\n<p>Sesam \u00f6ffne Dich! Mit dieser bekannten Zauberformel verbinden wir bis heute Reichtum und F\u00fclle. Zurecht, denn die Samen des schwarzen Sesam-Ursamens enthalten einen wirklich kostbaren Schatz \u2013 f\u00fcr die t\u00e4gliche Versorgung Ihrer Zellen mit lebenswichtigen N\u00e4hrstoffen und viel Biophotonen (Lichtenergie).<br \/>\nKleinbauern pflanzen den schwarzen Sesam im S\u00fcden Boliviens und in Indien f\u00fcr uns an \u2013 in achtsamer Handarbeit, die sehr aufw\u00e4ndig ist. Das ist wichtig, um die ganze Lebenskraft der sacred plants zu erhalten. In einem besonders schonenden Verfahren schlie\u00dft Pharmos Natur in Deutschland die schwarzen Sesam-Ursamen auf. So sind die enthaltenen N\u00e4hrstoffe auch wirklich bioverf\u00fcgbar, k\u00f6nnen vom K\u00f6rper rasch aufgenommen und von den Zellen verarbeitet werden.<\/p>\n<p>&nbsp;<\/p>\n<h5>Warum SESAMKRAFT\u00ae so einzigartig ist?<\/h5>\n<p>Es wird nichts zugesetzt. Die Natur liefert Ihnen alles in perfekter Vollkommenheit \u2013 und schenkt Ihnen auf diese Weise ein wahres N\u00e4hrstoff-Buffet. F\u00fcr jeden Tag.<br \/>\nWertvoll f\u00fcr Ihre Gesunderhaltung, Ihr Wohlbefinden und sch\u00f6ne Haut<\/p>\n<p>SESAMKRAFT\u00ae dient einer ausgewogenen Ern\u00e4hrung, Ihrer Gesunderhaltung, Ihrer Sch\u00f6nheit und einem tiefen Wohlbefinden. Denn SESAMKRAFT\u00ae liefert hochwertiges pflanzliches Eiwei\u00df \u2013 ohne Gluten, ohne Laktose, ohne Histamin. Es besteht aus Calcium und Magnesium \u2013 im richtigen Verh\u00e4ltnis zueinander, deutlich mehr als in Milch und Joghurt. Au\u00dferdem enth\u00e4lt SESAMKRAFT\u00ae Zink, Eisen, Phosphor, B-Vitamine und alle essentiellen Aminos\u00e4uren \u2013 besonders auch schwefelhaltige Aminos\u00e4uren. \u201eSie sind ganz elementar f\u00fcr sch\u00f6ne und gesunde Haut\u201c, so Prof. Kaiser, ehemaliger Direktor der dermatologischen Uni-Klinik in Bonn.<\/p>\n<p>&nbsp;<\/p>\n<h5>Energiereiche Kraftpl\u00e4tze<\/h5>\n<p>In der Natur, an einem echten Kraftplatz gewachsen, k\u00f6nnen sich alle Inhaltsstoffe in unserem schwarzen Sesam-Ursamen auf einzigartige Weise entwickeln. In einem vielseitigen Netz sind die komplexen N\u00e4hrstoffe verbunden \u2013 ganz nat\u00fcrlich miteinander verwoben. Und das Besondere: Die schwarzen Sesam-Ursamen verf\u00fcgen \u00fcber die F\u00e4higkeit, besonders viel Licht (Biophotonen) zu speichern. Sie haben eine hohe Schwingung. Das ist wichtig, weil die Schwingung der Pflanzen die k\u00f6rpereigene Schwingung erh\u00f6hen kann.<\/p>\n<p>&nbsp;<\/p>\n<h5>Gut zu wissen:<\/h5>\n<p>Anbau und Ernte entscheiden \u00fcber die Qualit\u00e4t des schwarzen Sesam-Ursamens. Im S\u00fcden, in der Amazonasregion Boliviens, konnten sich 50 Kleinbauern aufgrund unserer Partnerschaft eine neue Existenz aufbauen. Sie bewirtschaften ihre Felder ganz ohne Chemie \u2013 konsequent \u00f6kologisch, nachhaltig und langfristig. F\u00fcr alle bedeutet das eine faire und nachhaltige Lieferkette \u2013 vom Feld bis zum fertigen Endprodukt.<\/p>\n[et_pb_section global_module=\"987493371\"][\/et_pb_section]\n<p>&nbsp;<\/p>\n<h5>Kleiner Samen, gro\u00dfer Nutzen<\/h5>\n<p>Calcium und Magnesium helfen dabei, Knochen und Z\u00e4hne zu erhalten. Sie unterst\u00fctzen eine normale Muskelfunktion und sorgen f\u00fcr die reibungslose Signal\u00fcbertragung zwischen den Nervenzellen, sodass Ihr Nervensystem stabil und normal arbeitet. Ihre Psyche findet Balance. Calcium ist au\u00dferdem an der Zellteilung und an der Spezialisierung unserer K\u00f6rperzellen beteiligt. Phosphor tr\u00e4gt zu einer normalen Funktion der Zellmembran bei. Der nat\u00fcrliche Energiestoffwechsel wird unterst\u00fctzt, genauso wie die Funktion Ihrer Verdauungsenzyme im K\u00f6rper. Eisen wirkt bei der Bildung von roten Blutk\u00f6rperchen und H\u00e4moglobin mit. Der Sauerstofftransport im K\u00f6rper kann sich anpassen. Eisen tr\u00e4gt ebenfalls zu einer normalen Funktion des Immunsystems bei \u2013 und auch zu weniger M\u00fcdigkeit.<\/p>\n<p>SESAMKRAFT\u00ae ist zudem ein wertvoller Basenspender \u2013 und nat\u00fcrlich vollkommen ohne Konservierungsstoffe und ohne Lebensmittelzusatzstoffe.<\/p>\n<p>&nbsp;<\/p>\n<h5>Unsere Empfehlung<\/h5>\n<p>SESAMKRAFT\u00ae ist ein n\u00e4hrstoffreiches Lebensmittel auf Basis von hochwertigem Sesam. Es eignet sich ideal zur t\u00e4glichen Erg\u00e4nzung \u2013 ob pur, im M\u00fcsli oder mit frischem Obst kombiniert. Schon 1\u20132 Teel\u00f6ffel t\u00e4glich liefern wichtige N\u00e4hrstoffe wie Calcium, Magnesium, Eisen und Zink als Beitrag zu einer ausgewogenen Ern\u00e4hrung.<\/p>\n<p>&nbsp;<\/p>\n<h5>N\u00e4hrwertanalyse<\/h5>\n<p>N\u00e4hrwerte (100g enthalten durchschnittlich)<br \/>\nBrennwert 1300 kJ<br \/>\nBrennwert 312 kcal<br \/>\nFett 7,9 g<br \/>\ndavon ges\u00e4ttigte Fetts\u00e4uren 1,3 g<br \/>\nKohlenhydrate 12 g<br \/>\ndavon Zucker 1,0 g<br \/>\nBallaststoffe 34 g<br \/>\nEiwei\u00df 32 g<br \/>\nSalz &lt; 0,01 g<\/p>\n<p>Calcium 2.100mg (262%)*<br \/>\nMagnesium 560mg (149%)*<br \/>\nEisen 15mg (93%)*<br \/>\nPhosphor 1100mg (157%)*<br \/>\nZink 11 mg (110%)*<br \/>\nNiacin 10 mg (62%)*<br \/>\nVitamin B1 (Thiamin) 1,18mg (107%)*<br \/>\nVitamin B6 1,17mg (83%)*<\/p>\n<p>*= Referenzmenge gem\u00e4\u00df LMIV (abh\u00e4ngig von erntebedingten Schwankungen)<\/p>\n<p>K\u00fchl und trocken lagern.<\/p>\n<p>&nbsp;<\/p>\n","protected":false},"excerpt":{"rendered":"<p>Bio Sesam aus dem schwarzen Ursamen &#8211; im Braunglas<\/p>\n<p>&nbsp;<\/p>\n<ul>\n<li style=\"margin-bottom: 12px;\">Hochwertiges pflanzliches Eiwei\u00df &#8211; gluten- und laktosefrei<\/li>\n<li style=\"margin-bottom: 12px;\">Mit einer F\u00fclle an Biophotonen \u2013 Ausdruck h\u00f6chster Qualit\u00e4t und achtsamer Verarbeitung<\/li>\n<li style=\"margin-bottom: 12px;\">Calcium tr\u00e4gt zur Erhaltung normaler Knochen und Z\u00e4hne bei<\/li>\n<li style=\"margin-bottom: 12px;\">Magnesium tr\u00e4gt zur Verringerung von M\u00fcdigkeit und Erm\u00fcdung bei<\/li>\n<li style=\"margin-bottom: 12px;\">Zink tr\u00e4gt zur Erhaltung normaler Haut, Haare und N\u00e4gel bei<\/li>\n<li style=\"margin-bottom: 12px;\">Niacin tr\u00e4gt zur Erhaltung normaler Haut bei<\/li>\n<li style=\"margin-bottom: 12px;\">Vitamin B6 tr\u00e4gt zur Regulierung der Hormont\u00e4tigkeit bei<\/li>\n<li style=\"margin-bottom: 12px;\">Vitamin B1 tr\u00e4gt zu einem normalen Energiestoffwechsel bei<\/li>\n<li style=\"margin-bottom: 12px;\">100 % vegan, biozertifiziert &#8211; ohne Zus\u00e4tze und Konservierungsstoffe<\/li>\n<li style=\"margin-bottom: 12px;\">Schonend verarbeitet in Deutschland &#8211; aus nachhaltigem Anbau in Bolivien<\/li>\n<\/ul>\n","protected":false},"featured_media":987475837,"comment_status":"open","ping_status":"closed","template":"","meta":{"_et_pb_use_builder":"","_et_pb_old_content":"","_et_gb_content_width":""},"product_brand":[473],"product_cat":[256,253,241,239],"product_tag":[],"class_list":{"0":"post-987475842","1":"product","2":"type-product","3":"status-publish","4":"has-post-thumbnail","6":"product_brand-pharmos-natur","7":"product_cat-alle-lebensgesundmittel","8":"product_cat-kraft-staerke","9":"product_cat-lebensgesundmittel","10":"product_cat-pharmos-natur","11":"pa_inhalt-250g","13":"first","14":"onbackorder","15":"taxable","16":"shipping-taxable","17":"purchasable","18":"product-type-simple"},"booking_location":null,"booking_location_type":null,"booking_duration":null,"booking_duration_unit":null,"booking_buffer":null,"booking_cost":null,"booking_resources":null,"exclude_global_add_ons":[],"addons":[],"_links":{"self":[{"href":"https:\/\/www.claresco-cosmetic.de\/kosmetik-shop\/wp-json\/wp\/v2\/product\/987475842","targetHints":{"allow":["GET"]}}],"collection":[{"href":"https:\/\/www.claresco-cosmetic.de\/kosmetik-shop\/wp-json\/wp\/v2\/product"}],"about":[{"href":"https:\/\/www.claresco-cosmetic.de\/kosmetik-shop\/wp-json\/wp\/v2\/types\/product"}],"replies":[{"embeddable":true,"href":"https:\/\/www.claresco-cosmetic.de\/kosmetik-shop\/wp-json\/wp\/v2\/comments?post=987475842"}],"wp:featuredmedia":[{"embeddable":true,"href":"https:\/\/www.claresco-cosmetic.de\/kosmetik-shop\/wp-json\/wp\/v2\/media\/987475837"}],"wp:attachment":[{"href":"https:\/\/www.claresco-cosmetic.de\/kosmetik-shop\/wp-json\/wp\/v2\/media?parent=987475842"}],"wp:term":[{"taxonomy":"product_brand","embeddable":true,"href":"https:\/\/www.claresco-cosmetic.de\/kosmetik-shop\/wp-json\/wp\/v2\/product_brand?post=987475842"},{"taxonomy":"product_cat","embeddable":true,"href":"https:\/\/www.claresco-cosmetic.de\/kosmetik-shop\/wp-json\/wp\/v2\/product_cat?post=987475842"},{"taxonomy":"product_tag","embeddable":true,"href":"https:\/\/www.claresco-cosmetic.de\/kosmetik-shop\/wp-json\/wp\/v2\/product_tag?post=987475842"}],"curies":[{"name":"wp","href":"https:\/\/api.w.org\/{rel}","templated":true}]}}