{"id":987475936,"date":"2022-06-21T21:16:46","date_gmt":"2022-06-21T19:16:46","guid":{"rendered":"https:\/\/www.claresco-cosmetic.de\/kosmetik-shop\/?post_type=product&#038;p=987475936"},"modified":"2026-03-13T11:32:55","modified_gmt":"2026-03-13T10:32:55","slug":"detox-face","status":"publish","type":"product","link":"https:\/\/www.claresco-cosmetic.de\/kosmetik-shop\/produkt\/detox-face\/","title":{"rendered":"DETOX Face"},"content":{"rendered":"<h5>Beschreibung:<\/h5>\n<p>Das wirkstoffreiche Zusammenspiel wertvoller Kr\u00e4uter aktiviert den Lymphfluss, reinigt und entstaut das Gewebe. Elastizit\u00e4t und Spannkraft Ihrer Haut verbessern sich. \u00c4derchen sind weniger sichtbar. Die Haut ist klar und gut tonisiert.<\/p>\n<p>&nbsp;<\/p>\n<h5>Nutzen:<\/h5>\n<ul>\n<li>Zur Gewebereinigung, Reinigungskur<\/li>\n<li>besonders geeignet bei Couperose und unreiner Haut<\/li>\n<li>bei nachlassender Elastizit\u00e4t des Bindegewebes.<\/li>\n<\/ul>\n<p>&nbsp;<\/p>\n<h5>Wirkung:<strong>\u00a0<\/strong><\/h5>\n<ul>\n<li>Aktiviert den Hautstoffwechsel und Lymphfluss<\/li>\n<li>Entstaut und festigt das Bindegewebe<\/li>\n<li>Aderchen werden gemildert, die Haut wird reiner, klar und sichtbar gefestigt<\/li>\n<\/ul>\n<p>&nbsp;<\/p>\n<h5>Besonderheiten:<\/h5>\n<ul>\n<li>Aloe Vera Frischpflanzenblatt Anwendung<\/li>\n<li>Achtsame Ber\u00fchrungen nach der Pharmos Natur Methode<\/li>\n<\/ul>\n","protected":false},"excerpt":{"rendered":"<ul>\n<li>Entgiftende und gewebereinigende Behandlung<\/li>\n<li>Aktiviert den gesamten Hautstoffwechsel<\/li>\n<li>Mit reiner Bio-Aloe-Vera und schwarzem Sesam aus dem Himalaya<\/li>\n<\/ul>\n<p>&nbsp;<\/p>\n<p>Wahlweise 60min oder 90min<\/p>\n","protected":false},"featured_media":987490433,"comment_status":"open","ping_status":"closed","template":"","meta":{"_et_pb_use_builder":"off","_et_pb_old_content":"<strong>Dieser Service beinhaltet:<\/strong>\r\n<ul>\r\n \t<li>\u00dcbergang bestehender Nagelmodellage feilen<\/li>\r\n \t<li>in Form feilen<\/li>\r\n \t<li>Nagelhaut entfernen<\/li>\r\n \t<li>Gel\u00fcberzug \/ Rebalancierung in Frenchoptik oder mit Glitzer\u00fcberzug<\/li>\r\n \t<li>Hand & Nagelpflege<\/li>\r\n<\/ul>","_et_gb_content_width":""},"product_brand":[],"product_cat":[107,267,81],"product_tag":[],"class_list":{"0":"post-987475936","1":"product","2":"type-product","3":"status-publish","4":"has-post-thumbnail","6":"product_cat-termine-gesicht","7":"product_cat-termine-greenluxury","8":"product_cat-termine","10":"first","11":"instock","12":"virtual","13":"sold-individually","14":"taxable","15":"purchasable","16":"product-type-booking"},"booking_location":"","booking_location_type":"","booking_duration":30,"booking_duration_unit":"minute","booking_buffer":0,"booking_cost":0,"booking_resources":[987471011],"exclude_global_add_ons":[],"addons":[],"_links":{"self":[{"href":"https:\/\/www.claresco-cosmetic.de\/kosmetik-shop\/wp-json\/wp\/v2\/product\/987475936","targetHints":{"allow":["GET"]}}],"collection":[{"href":"https:\/\/www.claresco-cosmetic.de\/kosmetik-shop\/wp-json\/wp\/v2\/product"}],"about":[{"href":"https:\/\/www.claresco-cosmetic.de\/kosmetik-shop\/wp-json\/wp\/v2\/types\/product"}],"replies":[{"embeddable":true,"href":"https:\/\/www.claresco-cosmetic.de\/kosmetik-shop\/wp-json\/wp\/v2\/comments?post=987475936"}],"wp:featuredmedia":[{"embeddable":true,"href":"https:\/\/www.claresco-cosmetic.de\/kosmetik-shop\/wp-json\/wp\/v2\/media\/987490433"}],"wp:attachment":[{"href":"https:\/\/www.claresco-cosmetic.de\/kosmetik-shop\/wp-json\/wp\/v2\/media?parent=987475936"}],"wp:term":[{"taxonomy":"product_brand","embeddable":true,"href":"https:\/\/www.claresco-cosmetic.de\/kosmetik-shop\/wp-json\/wp\/v2\/product_brand?post=987475936"},{"taxonomy":"product_cat","embeddable":true,"href":"https:\/\/www.claresco-cosmetic.de\/kosmetik-shop\/wp-json\/wp\/v2\/product_cat?post=987475936"},{"taxonomy":"product_tag","embeddable":true,"href":"https:\/\/www.claresco-cosmetic.de\/kosmetik-shop\/wp-json\/wp\/v2\/product_tag?post=987475936"}],"curies":[{"name":"wp","href":"https:\/\/api.w.org\/{rel}","templated":true}]}}

<h5>Beschreibung:</h5>
<p>Das wirkstoffreiche Zusammenspiel wertvoller Kräuter aktiviert den Lymphfluss, reinigt und entstaut das Gewebe. Elastizität und Spannkraft Ihrer Haut verbessern sich. Äderchen sind weniger sichtbar. Die Haut ist klar und gut tonisiert.</p>
<p>&nbsp;</p>
<h5>Nutzen:</h5>
<ul>
<li>Zur Gewebereinigung, Reinigungskur</li>
<li>besonders geeignet bei Couperose und unreiner Haut</li>
<li>bei nachlassender Elastizität des Bindegewebes.</li>
</ul>
<p>&nbsp;</p>
<h5>Wirkung:<strong> </strong></h5>
<ul>
<li>Aktiviert den Hautstoffwechsel und Lymphfluss</li>
<li>Entstaut und festigt das Bindegewebe</li>
<li>Aderchen werden gemildert, die Haut wird reiner, klar und sichtbar gefestigt</li>
</ul>
<p>&nbsp;</p>
<h5>Besonderheiten:</h5>
<ul>
<li>Aloe Vera Frischpflanzenblatt Anwendung</li>
<li>Achtsame Berührungen nach der Pharmos Natur Methode</li>
</ul>

<strong>Dieser Service beinhaltet:</strong>
<ul>
 	<li>Übergang bestehender Nagelmodellage feilen</li>
 	<li>in Form feilen</li>
 	<li>Nagelhaut entfernen</li>
 	<li>Gelüberzug / Rebalancierung in Frenchoptik oder mit Glitzerüberzug</li>
 	<li>Hand & Nagelpflege</li>
</ul>
