{"id":987476251,"date":"2022-06-30T11:08:21","date_gmt":"2022-06-30T09:08:21","guid":{"rendered":"https:\/\/www.claresco-cosmetic.de\/kosmetik-shop\/?post_type=product&#038;p=987476251"},"modified":"2025-12-31T18:21:06","modified_gmt":"2025-12-31T17:21:06","slug":"papaya-vera-bio","status":"publish","type":"product","link":"https:\/\/www.claresco-cosmetic.de\/kosmetik-shop\/produkt\/papaya-vera-bio\/","title":{"rendered":"Papaya Vera Bio"},"content":{"rendered":"<h5>[et_pb_section global_module=\"987493261\"][\/et_pb_section]<\/h5>\n<h5>Geheimrezept aus Sri Lanka<\/h5>\n<p>Die kleinen schwarz-braunen Samen in den Papaya-Fr\u00fcchten sind etwas Besonderes. Die Kerne stammen aus einer traditionellen Papaya-Sorte, die seit Jahrhunderten im Landesinneren Sri Lankas w\u00e4chst \u2013 inmitten naturbelassener Umgebung, umgeben von vielf\u00e4ltiger Vegetation.<\/p>\n<p>Erfahrene Kleinbauern k\u00fcmmern sich sorgf\u00e4ltig um die Pflanzen. Sobald die Carica-Papayas ihren optimalen Reifegrad erreicht haben, werden die Kerne in Handarbeit aus den Fr\u00fcchten gel\u00f6st \u2013 eine aufw\u00e4ndige, achtsame Arbeit. Anschlie\u00dfend trocknen die Kerne schonend unter der Sonne Sri Lankas.<\/p>\n<p>Diese traditionelle Verarbeitung bewahrt die urspr\u00fcngliche Qualit\u00e4t der Kerne. Die Kombination aus Herkunft, Handarbeit und Naturtrocknung macht PapayaVera\u00ae zu einem besonderen Produkt f\u00fcr alle, die Wert auf naturverbundene Qualit\u00e4t legen.<\/p>\n<p>&nbsp;<\/p>\n<h5>Papaya Fr\u00fcchte mit nat\u00fcrlichen Pflanzenstoffen<\/h5>\n<p>Weil diese Papaya-Fr\u00fcchte in der Wildnis wachsen, entwickeln sich in den Papaya-Kernen vielseitige, wichtige Mineral- und Ballaststoffe, fettspaltende, verdauungsf\u00f6rdernde Enzyme, Vitamine, Spurenelemente und vor allem Senf\u00f6lglycoside. Senf\u00f6le sind wichtige Lebensbausteine in bekannten gesunden Lebensmitteln. Vor allem in Rettich, Kapuzinerkresse und Radieschen. Sie sch\u00fctzen den K\u00f6rper vor \u00dcbers\u00e4uerung und stellen dort, wo es erforderlich ist, immer wieder ein basisches Milieu her. Senf\u00f6le sind daf\u00fcr bekannt, Darmparasiten abzuwehren und Pilzbefall vorzubeugen. Sie unterst\u00fctzen die Aufspaltung von Fetten im K\u00f6rper, treten Verdauungsst\u00f6rungen und Durchfall entgegen und sorgen f\u00fcr viel Wohlgef\u00fchl.<\/p>\n<p>Ihre angenehme Sch\u00e4rfe verdanken PapayaKerne diesem nat\u00fcrlichen Gehalt an Senf\u00f6len. Sie schmecken nussig, leicht scharf und sorgen f\u00fcr ein frisches Mundgef\u00fchl. PapayaVera\u00ae ist ein naturbelassenes Produkt aus ganzen, sorgf\u00e4ltig verarbeiteten Kernen.<\/p>\n<p>&nbsp;<\/p>\n[et_pb_section global_module=\"987493394\"][\/et_pb_section]\n<p>&nbsp;<\/p>\n<h5>Verzehrempfehlung<\/h5>\n<p>Kauen Sie mehrmals t\u00e4glich 3-5 PapayaVera\u00ae-Kerne. Am besten nach jeder Mahlzeit. Die Kerne entwickeln einen harmonischen, leicht pfeffrig-w\u00fcrzigen Geschmack und sorgen f\u00fcr frischen Atem.<\/p>\n<p>Auch in der K\u00fcche sind sie vielseitig einsetzbar, etwa als Pfefferersatz oder -erg\u00e4nzung in der M\u00fchle.<\/p>\n<p>Dank ihrer praktischen Form sind die Kerne ein idealer Begleiter f\u00fcr unterwegs \u2013 ob im Alltag oder auf Reisen. Gerne wird PapayaVera\u00ae in die Reiseapotheke gepackt \u2013 als nat\u00fcrlicher Bestandteil einer bewussten Ern\u00e4hrung auf Reisen.<\/p>\n<p>&nbsp;<\/p>\n<h5>N\u00e4hrwerte (100g enthalten durchschnittlich)<\/h5>\n<p>Energie 1612 kJ \/ 390 kcal<br \/>\nFett 24 g<br \/>\ndavon ges\u00e4ttigte Fetts\u00e4uren 5.7 g<br \/>\nKohlenhydrate 6.6 g<br \/>\ndavon Zucker 1.5 g<br \/>\nBallaststoffe 29 g<br \/>\nEiwei\u00df 22 g<br \/>\nSalz 0.06 g<\/p>\n<p>&nbsp;<\/p>\n<p>&nbsp;<\/p>\n","protected":false},"excerpt":{"rendered":"<p>Bio Papayakerne aus der Carica-Papaya<\/p>\n<p>&nbsp;<\/p>\n<ul>\n<li style=\"margin-bottom: 12px;\">Traditionelles Geheimrezept aus Sri Lanka<\/li>\n<li style=\"margin-bottom: 12px;\">Wertvolle, naturbelassene Kerne der Carica-Papaya<\/li>\n<li style=\"margin-bottom: 12px;\">Mit einer F\u00fclle an Biophotonen \u2013 Ausdruck h\u00f6chster Qualit\u00e4t und achtsamer Verarbeitung<\/li>\n<li style=\"margin-bottom: 12px;\">In vielen Kulturen f\u00fcr ihre bew\u00e4hrte Verwendung im Verdauungssystem gesch\u00e4tzt<\/li>\n<li style=\"margin-bottom: 12px;\">Beliebter Reisebegleiter zur Unterst\u00fctzung des Wohlbefindens<\/li>\n<li style=\"margin-bottom: 12px;\">Ohne Konservierungsstoffe &amp; ohne Gentechnik<\/li>\n<li style=\"margin-bottom: 12px;\">Geh\u00f6rt in jedes Reisegep\u00e4ck<\/li>\n<li>Fairer &amp; verantwortungsvoller Umgang mit der Natur und den Kleinbauern in Sri Lanka<\/li>\n<\/ul>\n","protected":false},"featured_media":987476253,"comment_status":"open","ping_status":"closed","template":"","meta":{"_et_pb_use_builder":"","_et_pb_old_content":"","_et_gb_content_width":""},"product_brand":[473],"product_cat":[256,252,241,239],"product_tag":[],"class_list":{"0":"post-987476251","1":"product","2":"type-product","3":"status-publish","4":"has-post-thumbnail","6":"product_brand-pharmos-natur","7":"product_cat-alle-lebensgesundmittel","8":"product_cat-innere-reinigung","9":"product_cat-lebensgesundmittel","10":"product_cat-pharmos-natur","12":"first","13":"onbackorder","14":"taxable","15":"shipping-taxable","16":"purchasable","17":"product-type-simple"},"booking_location":null,"booking_location_type":null,"booking_duration":null,"booking_duration_unit":null,"booking_buffer":null,"booking_cost":null,"booking_resources":null,"exclude_global_add_ons":[],"addons":[],"_links":{"self":[{"href":"https:\/\/www.claresco-cosmetic.de\/kosmetik-shop\/wp-json\/wp\/v2\/product\/987476251","targetHints":{"allow":["GET"]}}],"collection":[{"href":"https:\/\/www.claresco-cosmetic.de\/kosmetik-shop\/wp-json\/wp\/v2\/product"}],"about":[{"href":"https:\/\/www.claresco-cosmetic.de\/kosmetik-shop\/wp-json\/wp\/v2\/types\/product"}],"replies":[{"embeddable":true,"href":"https:\/\/www.claresco-cosmetic.de\/kosmetik-shop\/wp-json\/wp\/v2\/comments?post=987476251"}],"wp:featuredmedia":[{"embeddable":true,"href":"https:\/\/www.claresco-cosmetic.de\/kosmetik-shop\/wp-json\/wp\/v2\/media\/987476253"}],"wp:attachment":[{"href":"https:\/\/www.claresco-cosmetic.de\/kosmetik-shop\/wp-json\/wp\/v2\/media?parent=987476251"}],"wp:term":[{"taxonomy":"product_brand","embeddable":true,"href":"https:\/\/www.claresco-cosmetic.de\/kosmetik-shop\/wp-json\/wp\/v2\/product_brand?post=987476251"},{"taxonomy":"product_cat","embeddable":true,"href":"https:\/\/www.claresco-cosmetic.de\/kosmetik-shop\/wp-json\/wp\/v2\/product_cat?post=987476251"},{"taxonomy":"product_tag","embeddable":true,"href":"https:\/\/www.claresco-cosmetic.de\/kosmetik-shop\/wp-json\/wp\/v2\/product_tag?post=987476251"}],"curies":[{"name":"wp","href":"https:\/\/api.w.org\/{rel}","templated":true}]}}

<h5>[et_pb_section global_module="987493261"][/et_pb_section]</h5>
<h5>Geheimrezept aus Sri Lanka</h5>
<p>Die kleinen schwarz-braunen Samen in den Papaya-Früchten sind etwas Besonderes. Die Kerne stammen aus einer traditionellen Papaya-Sorte, die seit Jahrhunderten im Landesinneren Sri Lankas wächst – inmitten naturbelassener Umgebung, umgeben von vielfältiger Vegetation.</p>
<p>Erfahrene Kleinbauern kümmern sich sorgfältig um die Pflanzen. Sobald die Carica-Papayas ihren optimalen Reifegrad erreicht haben, werden die Kerne in Handarbeit aus den Früchten gelöst – eine aufwändige, achtsame Arbeit. Anschließend trocknen die Kerne schonend unter der Sonne Sri Lankas.</p>
<p>Diese traditionelle Verarbeitung bewahrt die ursprüngliche Qualität der Kerne. Die Kombination aus Herkunft, Handarbeit und Naturtrocknung macht PapayaVera® zu einem besonderen Produkt für alle, die Wert auf naturverbundene Qualität legen.</p>
<p>&nbsp;</p>
<h5>Papaya Früchte mit natürlichen Pflanzenstoffen</h5>
<p>Weil diese Papaya-Früchte in der Wildnis wachsen, entwickeln sich in den Papaya-Kernen vielseitige, wichtige Mineral- und Ballaststoffe, fettspaltende, verdauungsfördernde Enzyme, Vitamine, Spurenelemente und vor allem Senfölglycoside. Senföle sind wichtige Lebensbausteine in bekannten gesunden Lebensmitteln. Vor allem in Rettich, Kapuzinerkresse und Radieschen. Sie schützen den Körper vor Übersäuerung und stellen dort, wo es erforderlich ist, immer wieder ein basisches Milieu her. Senföle sind dafür bekannt, Darmparasiten abzuwehren und Pilzbefall vorzubeugen. Sie unterstützen die Aufspaltung von Fetten im Körper, treten Verdauungsstörungen und Durchfall entgegen und sorgen für viel Wohlgefühl.</p>
<p>Ihre angenehme Schärfe verdanken PapayaKerne diesem natürlichen Gehalt an Senfölen. Sie schmecken nussig, leicht scharf und sorgen für ein frisches Mundgefühl. PapayaVera® ist ein naturbelassenes Produkt aus ganzen, sorgfältig verarbeiteten Kernen.</p>
<p>&nbsp;</p>
[et_pb_section global_module="987493394"][/et_pb_section]
<p>&nbsp;</p>
<h5>Verzehrempfehlung</h5>
<p>Kauen Sie mehrmals täglich 3-5 PapayaVera®-Kerne. Am besten nach jeder Mahlzeit. Die Kerne entwickeln einen harmonischen, leicht pfeffrig-würzigen Geschmack und sorgen für frischen Atem.</p>
<p>Auch in der Küche sind sie vielseitig einsetzbar, etwa als Pfefferersatz oder -ergänzung in der Mühle.</p>
<p>Dank ihrer praktischen Form sind die Kerne ein idealer Begleiter für unterwegs – ob im Alltag oder auf Reisen. Gerne wird PapayaVera® in die Reiseapotheke gepackt – als natürlicher Bestandteil einer bewussten Ernährung auf Reisen.</p>
<p>&nbsp;</p>
<h5>Nährwerte (100g enthalten durchschnittlich)</h5>
<p>Energie 1612 kJ / 390 kcal<br />
Fett 24 g<br />
davon gesättigte Fettsäuren 5.7 g<br />
Kohlenhydrate 6.6 g<br />
davon Zucker 1.5 g<br />
Ballaststoffe 29 g<br />
Eiweiß 22 g<br />
Salz 0.06 g</p>
<p>&nbsp;</p>
<p>&nbsp;</p>

<p>Bio Papayakerne aus der Carica-Papaya</p>
<p>&nbsp;</p>
<ul>
<li style="margin-bottom: 12px;">Traditionelles Geheimrezept aus Sri Lanka</li>
<li style="margin-bottom: 12px;">Wertvolle, naturbelassene Kerne der Carica-Papaya</li>
<li style="margin-bottom: 12px;">Mit einer Fülle an Biophotonen – Ausdruck höchster Qualität und achtsamer Verarbeitung</li>
<li style="margin-bottom: 12px;">In vielen Kulturen für ihre bewährte Verwendung im Verdauungssystem geschätzt</li>
<li style="margin-bottom: 12px;">Beliebter Reisebegleiter zur Unterstützung des Wohlbefindens</li>
<li style="margin-bottom: 12px;">Ohne Konservierungsstoffe &amp; ohne Gentechnik</li>
<li style="margin-bottom: 12px;">Gehört in jedes Reisegepäck</li>
<li>Fairer &amp; verantwortungsvoller Umgang mit der Natur und den Kleinbauern in Sri Lanka</li>
</ul>
