{"id":987476284,"date":"2022-07-01T13:57:44","date_gmt":"2022-07-01T11:57:44","guid":{"rendered":"https:\/\/www.claresco-cosmetic.de\/kosmetik-shop\/?post_type=product&#038;p=987476284"},"modified":"2025-12-31T18:21:06","modified_gmt":"2025-12-31T17:21:06","slug":"moringa-vera-bio","status":"publish","type":"product","link":"https:\/\/www.claresco-cosmetic.de\/kosmetik-shop\/produkt\/moringa-vera-bio\/","title":{"rendered":"Moringa Vera"},"content":{"rendered":"[et_pb_section global_module=\"987493261\"][\/et_pb_section]\n<h5><\/h5>\n<h5>Der Moringa-Baum \u2013 Inspiration aus Ecuador<\/h5>\n<p>Die Reise von Pharmos Natur auf der Suche nach besonderen Pflanzen f\u00fchrte sie an die Pazifikk\u00fcste Ecuadors. Dort lernten sie den Moringa-Baum kennen \u2013 eine Pflanze, die in vielen Kulturen traditionell verwendet und hochgesch\u00e4tzt wird. In Gespr\u00e4chen mit einheimischen Bauern erfuhren sie, dass die Moringa-Bl\u00e4tter dort auf vielf\u00e4ltige Weise in den Alltag integriert werden \u2013 unter anderem als nat\u00fcrliche Zutat in Speisen und Getr\u00e4nken.<\/p>\n<p>In der lokalen Pflanzenkunde gilt Moringa als Symbol f\u00fcr Verbindung zur Natur, Achtsamkeit und nat\u00fcrliche F\u00fclle. Das Wissen um diese Pflanze wird in vielen Regionen von Generation zu Generation weitergegeben \u2013 ebenso wie der respektvolle Umgang mit ihrem Ursprung.<\/p>\n<p>&nbsp;<\/p>\n<h5>Nat\u00fcrliche Vielfalt bewahren<\/h5>\n<p>Die Begegnungen mit den Menschen vor Ort haben Pharmos Natur inspiriert, bewusste Verarbeitung und urspr\u00fcngliche Qualit\u00e4t in den Mittelpunkt zu stellen. Dabei achten sie darauf, den nat\u00fcrlichen Charakter der Pflanze zu erhalten \u2013 in Respekt vor traditionellen Sichtweisen und nachhaltiger Kultivierung.<\/p>\n<p>&nbsp;<\/p>\n<h5>Das Besondere in den Pflanzen<\/h5>\n<p>Wenn wir die Nat\u00fcrlichkeit und Urspr\u00fcnglichkeit der Pflanzen bewahren, entfalten sich ihre besonderen Eigenschaften. Sorgf\u00e4ltig kombiniert und verarbeitet, entsteht eine harmonische Komposition. Die behutsam gemahlenen Moringa-Bl\u00e4tter sind vielseitig einsetzbar und eignen sich ideal zur t\u00e4glichen Erg\u00e4nzung einer ausgewogenen Ern\u00e4hrung. F\u00fcr viele Menschen weltweit ist Moringa seit Langem ein wertvoller Bestandteil ihrer traditionellen Ern\u00e4hrung.<\/p>\n<p>&nbsp;<\/p>\n[et_pb_section global_module=\"987493411\"][\/et_pb_section]\n<p>&nbsp;<\/p>\n<h5>Beobachtungen und Qualit\u00e4t<\/h5>\n<p>In Deutschland wurden verschiedene qualit\u00e4tsorientierte Untersuchungen durchgef\u00fchrt. Dabei wurde festgestellt, dass die Moringa-Bl\u00e4tter \u00fcber eine hohe pflanzliche Dichte und naturbelassene Struktur verf\u00fcgen. Sie enthalten eine Vielzahl an N\u00e4hrstoffen \u2013 abh\u00e4ngig von Standort, Klima und Verarbeitung.<\/p>\n<p>&nbsp;<\/p>\n<h5>Verzehrempfehlung<\/h5>\n<p>Br\u00fchen Sie 1 gestrichenen Teel\u00f6ffel als Tee auf &#8211; bei 80 Grad Celsius. Lassen Sie ihn dann einige Minuten ziehen. Oder geben Sie das Pulver ins M\u00fcsli, \u00fcber den Salat, in Quark, in Joghurt oder in Smoothies. Eine spezielle Empfehlung f\u00fcr Diabetiker: Kauen Sie 1-2 Teel\u00f6ffel pur. Diese Empfehlung erhielten wir interessanterweise auch von \u00c4rzten in arabischen L\u00e4ndern.<\/p>\n<p>&nbsp;<\/p>\n<h5>N\u00e4hrwertanalyse<\/h5>\n<p>N\u00e4hrwerte (100g enthalten durchschnittlich)<br \/>\nBrennwert 1463 kJ<br \/>\nBrennwert 351 kcal<br \/>\nFett 9,0 g<br \/>\ndavon ges\u00e4ttigte Fetts\u00e4uren 3,9 g<br \/>\nKohlenhydrate 30 g<br \/>\ndavon Zucker 6,5 g<br \/>\nBallaststoffe 31 g<br \/>\nEiwei\u00df 22 g<br \/>\nSalz 0,10 g<\/p>\n<p>(Abh\u00e4ngig von erntebedingten Schwankungen)<\/p>\n<p>MORINGAVERA\u00ae ist ein ganzheitliches Lebensmittel. Aus kontrolliert biologischem Anbau. Ohne Zusatzstoffe. Ohne Konservierungsstoffe. Nach Analyse Dr. Graner und Partner GmbH 2017: frei von Blei, Cadmium und Quecksilber.<\/p>\n<p>&nbsp;<\/p>\n<h5>Hinweis<\/h5>\n<p>Laut Lebensmittelsicherheits- und Verbraucherschutzgesetz ist es nicht erlaubt, einem Lebensmittel Eigenschaften der Vorbeugung, Behandlung oder Heilung einer menschlichen Krankheit zuzuschreiben oder den Eindruck dieser Eigenschaften entstehen zu lassen. Darum wird hier leider auf jede weitere Information verzichtet.<\/p>\n<p>&nbsp;<\/p>\n","protected":false},"excerpt":{"rendered":"<p>Biozertifizierte Bl\u00e4tter vom kraftvollen Moringa-Lebensbaum<\/p>\n<p>&nbsp;<\/p>\n<ul>\n<li style=\"margin-bottom: 12px;\">Mit einer F\u00fclle an Biophotonen \u2013 Ausdruck h\u00f6chster Qualit\u00e4t und achtsamer Verarbeitung<\/li>\n<li style=\"margin-bottom: 12px;\">Traditionelles Wissen aus Ecuador zur F\u00f6rderung des Wohlbefindens<\/li>\n<li style=\"margin-bottom: 12px;\">\u00d6kologisch angebaut von Kleinbauern in liebevoller Mischkultur<\/li>\n<li style=\"margin-bottom: 12px;\">Ohne Konservierungsstoffe &amp; frei von Gentechnik<\/li>\n<li style=\"margin-bottom: 12px;\">Glutenfrei, laktosefrei &amp; vegan<\/li>\n<li>Verantwortungsvolle Zusammenarbeit mit der Natur und den Menschen vor Ort<\/li>\n<\/ul>\n<p>&nbsp;<\/p>\n","protected":false},"featured_media":987476276,"comment_status":"open","ping_status":"closed","template":"","meta":{"_et_pb_use_builder":"","_et_pb_old_content":"","_et_gb_content_width":""},"product_brand":[473],"product_cat":[256,253,241,239],"product_tag":[],"class_list":{"0":"post-987476284","1":"product","2":"type-product","3":"status-publish","4":"has-post-thumbnail","6":"product_brand-pharmos-natur","7":"product_cat-alle-lebensgesundmittel","8":"product_cat-kraft-staerke","9":"product_cat-lebensgesundmittel","10":"product_cat-pharmos-natur","11":"pa_inhalt-25g","13":"first","14":"onbackorder","15":"taxable","16":"shipping-taxable","17":"purchasable","18":"product-type-simple"},"booking_location":null,"booking_location_type":null,"booking_duration":null,"booking_duration_unit":null,"booking_buffer":null,"booking_cost":null,"booking_resources":null,"exclude_global_add_ons":[],"addons":[],"_links":{"self":[{"href":"https:\/\/www.claresco-cosmetic.de\/kosmetik-shop\/wp-json\/wp\/v2\/product\/987476284","targetHints":{"allow":["GET"]}}],"collection":[{"href":"https:\/\/www.claresco-cosmetic.de\/kosmetik-shop\/wp-json\/wp\/v2\/product"}],"about":[{"href":"https:\/\/www.claresco-cosmetic.de\/kosmetik-shop\/wp-json\/wp\/v2\/types\/product"}],"replies":[{"embeddable":true,"href":"https:\/\/www.claresco-cosmetic.de\/kosmetik-shop\/wp-json\/wp\/v2\/comments?post=987476284"}],"wp:featuredmedia":[{"embeddable":true,"href":"https:\/\/www.claresco-cosmetic.de\/kosmetik-shop\/wp-json\/wp\/v2\/media\/987476276"}],"wp:attachment":[{"href":"https:\/\/www.claresco-cosmetic.de\/kosmetik-shop\/wp-json\/wp\/v2\/media?parent=987476284"}],"wp:term":[{"taxonomy":"product_brand","embeddable":true,"href":"https:\/\/www.claresco-cosmetic.de\/kosmetik-shop\/wp-json\/wp\/v2\/product_brand?post=987476284"},{"taxonomy":"product_cat","embeddable":true,"href":"https:\/\/www.claresco-cosmetic.de\/kosmetik-shop\/wp-json\/wp\/v2\/product_cat?post=987476284"},{"taxonomy":"product_tag","embeddable":true,"href":"https:\/\/www.claresco-cosmetic.de\/kosmetik-shop\/wp-json\/wp\/v2\/product_tag?post=987476284"}],"curies":[{"name":"wp","href":"https:\/\/api.w.org\/{rel}","templated":true}]}}