{"id":987476443,"date":"2022-07-11T13:24:59","date_gmt":"2022-07-11T11:24:59","guid":{"rendered":"https:\/\/www.claresco-cosmetic.de\/kosmetik-shop\/?post_type=product&#038;p=987476443"},"modified":"2026-03-14T15:55:03","modified_gmt":"2026-03-14T14:55:03","slug":"lip-balm","status":"publish","type":"product","link":"https:\/\/www.claresco-cosmetic.de\/kosmetik-shop\/produkt\/lip-balm\/","title":{"rendered":"Lip Balm"},"content":{"rendered":"<h5>Produktinformationen<\/h5>\n<p>Der Lippen Balm \u00fcberzeugt einfach mit seinem nat\u00fcrlichen Repair-Komplex: Aloe Vera, reines Sesam- &amp; Avocado-\u00d6l, Jojoba-\u00d6l, Bienenwachs, Honig und echtes Rosen-\u00d6l regenerieren merklich gesch\u00e4digte, spr\u00f6de und rissige Lippen. \u200b<br \/>\nIm Unterschied zu stark wasserhaltiger Lippenpflege zeigen die wertvollen und \u00f6lhaltigen Wirkstoffe nachhaltig ihre Wirkung.<\/p>\n<p>Die Aloe Vera Lippenpflege mit Rosenduft spendet sofort intensive Feuchtigkeit und liefert hochwertige, pflegende Lipide. F\u00e4ltchen um die Lippenpartien werden sichtbar reduziert. Spr\u00f6de Lippen werden samtig weich. Absolutes Wohlgef\u00fchl f\u00fcr Ihre Lippen und all Ihre Sinne. \u200b<\/p>\n<p>Pharmos Natur Produkte wirken so besonders, weil auch in der Arbeit die Natur mit Kopf, Herz und Gef\u00fchl wahrgenommen wird. So schenkt sie uns ihre st\u00e4rkende Kraft mit pflegender und heilender Wirkung.<\/p>\n<p>&nbsp;<\/p>\n<h5>Anwendung<\/h5>\n<p>Tragen Sie den LIP BALM mehrmals t\u00e4glich d\u00fcnn auf Ihre Lippen auf.\u200b<br \/>\nGeben Sie ihn auch auf andere von K\u00e4lteeinfluss betroffene Stellen im Gesicht -zur ganzheitlichen Regeneration.<\/p>\n<p>&nbsp;<\/p>\n<h5>Empfohlen f\u00fcr<\/h5>\n<ul>\n<li>Spr\u00f6de, rissige und trockene Lippen \u2192 pflegt die Lippen samtig weich<\/li>\n<li>Wunde Schnupfennasen \u2192 regeneriert durch wertvolle Lipide<\/li>\n<li>Trockene, rissige Nagelhaut \u2192 umsorgt alle empfindlichen Hautstellen<\/li>\n<\/ul>\n<p>&nbsp;<\/p>\n[et_pb_section global_module=\"987493199\"][\/et_pb_section]\n<p>&nbsp;<\/p>\n","protected":false},"excerpt":{"rendered":"<p>N\u00e4hrende Intensivpflege bei spr\u00f6den und trockenen Lippen<\/p>\n<p>&nbsp;<\/p>\n<ul>\n<li style=\"margin-bottom: 12px;\">n\u00e4hrende Intensivpflege f\u00fcr trockene, spr\u00f6de und witterungsgesch\u00e4digte Lippen\u200b<\/li>\n<li style=\"margin-bottom: 12px;\">gl\u00e4ttend und regenerierend\u200b<\/li>\n<li style=\"margin-bottom: 12px;\">K\u00e4lteschutz\u200b<\/li>\n<li style=\"margin-bottom: 12px;\">beugt Lippenf\u00e4ltchen vor\u200b<\/li>\n<li>aus echten Heil- und Verj\u00fcngungspflanzen, sacred plants\u200b<\/li>\n<\/ul>\n","protected":false},"featured_media":987476400,"comment_status":"open","ping_status":"closed","template":"","meta":{"_et_pb_use_builder":"","_et_pb_old_content":"","_et_gb_content_width":""},"product_brand":[473],"product_cat":[251,211,84,243,210,214,245,240,239],"product_tag":[64,124,454],"class_list":{"0":"post-987476443","1":"product","2":"type-product","3":"status-publish","4":"has-post-thumbnail","6":"product_brand-pharmos-natur","7":"product_cat-pharmos-alle-naturkosmetik","8":"product_cat-augen-und-co","9":"product_cat-gesicht","10":"product_cat-pharmos-gesichtspflege","11":"product_cat-gesichtspflege","12":"product_cat-handpflege","13":"product_cat-pharmos-hautprobleme","14":"product_cat-pharmos-naturkosmetik","15":"product_cat-pharmos-natur","16":"product_tag-hautschutz","17":"product_tag-lippen","18":"product_tag-lippenbalsam","19":"pa_inhalt-7ml","21":"first","22":"onbackorder","23":"taxable","24":"shipping-taxable","25":"purchasable","26":"product-type-simple"},"booking_location":null,"booking_location_type":null,"booking_duration":null,"booking_duration_unit":null,"booking_buffer":null,"booking_cost":null,"booking_resources":null,"exclude_global_add_ons":[],"addons":[],"_links":{"self":[{"href":"https:\/\/www.claresco-cosmetic.de\/kosmetik-shop\/wp-json\/wp\/v2\/product\/987476443","targetHints":{"allow":["GET"]}}],"collection":[{"href":"https:\/\/www.claresco-cosmetic.de\/kosmetik-shop\/wp-json\/wp\/v2\/product"}],"about":[{"href":"https:\/\/www.claresco-cosmetic.de\/kosmetik-shop\/wp-json\/wp\/v2\/types\/product"}],"replies":[{"embeddable":true,"href":"https:\/\/www.claresco-cosmetic.de\/kosmetik-shop\/wp-json\/wp\/v2\/comments?post=987476443"}],"wp:featuredmedia":[{"embeddable":true,"href":"https:\/\/www.claresco-cosmetic.de\/kosmetik-shop\/wp-json\/wp\/v2\/media\/987476400"}],"wp:attachment":[{"href":"https:\/\/www.claresco-cosmetic.de\/kosmetik-shop\/wp-json\/wp\/v2\/media?parent=987476443"}],"wp:term":[{"taxonomy":"product_brand","embeddable":true,"href":"https:\/\/www.claresco-cosmetic.de\/kosmetik-shop\/wp-json\/wp\/v2\/product_brand?post=987476443"},{"taxonomy":"product_cat","embeddable":true,"href":"https:\/\/www.claresco-cosmetic.de\/kosmetik-shop\/wp-json\/wp\/v2\/product_cat?post=987476443"},{"taxonomy":"product_tag","embeddable":true,"href":"https:\/\/www.claresco-cosmetic.de\/kosmetik-shop\/wp-json\/wp\/v2\/product_tag?post=987476443"}],"curies":[{"name":"wp","href":"https:\/\/api.w.org\/{rel}","templated":true}]}}