{"id":987476459,"date":"2022-07-11T20:38:25","date_gmt":"2022-07-11T18:38:25","guid":{"rendered":"https:\/\/www.claresco-cosmetic.de\/kosmetik-shop\/?post_type=product&#038;p=987476459"},"modified":"2025-12-31T18:21:09","modified_gmt":"2025-12-31T17:21:09","slug":"vitalizing-oil-serum","status":"publish","type":"product","link":"https:\/\/www.claresco-cosmetic.de\/kosmetik-shop\/produkt\/vitalizing-oil-serum\/","title":{"rendered":"Vitalizing Oil Serum"},"content":{"rendered":"<h5>Produktinformationen<\/h5>\n<p>Da steckt einfach viel drin, das sieht man schon an der leuchtend gelben Farbe der Zitrone. Citrus\u00f6le und ihr erfrischender Duft sind unsere Verbindung zu Lebenskraft, Lebendigkeit und Wachstum.<\/p>\n<p>Das vitalisierende Aroma\u00f6l aus gehaltvollen Citrusfr\u00fcchten und dem kostbaren schwarzen Sesam Ursamen aktiviert, st\u00e4rkt, regeneriert und n\u00e4hrt Ihre Haut. Mit den Antioxidantien Sesamol und Sesamolin sowie unges\u00e4ttigten und mehrfach unges\u00e4ttigten Fetts\u00e4uren wirkt es ganz sanft vorzeitiger Hautalterung entgegen, regt den Hautstoffwechsel an und verbessert die Hautstruktur sichtbar. \u200b<\/p>\n<p>Dezent kombiniert, gl\u00e4tten Citrus\u00f6le F\u00e4ltchen, straffen das Bindegewebe und pflegen die Haut. Ihre Immunabwehr wird unterst\u00fctzt, alle Ihre Sinne werden wunderbar belebt. Das VITALIZING OIL zieht gut in die Haut ein, verleiht ein entspanntes Hautgef\u00fchl und hinterl\u00e4sst einen unglaublich strahlenden Teint. \u200b<\/p>\n<p>Die Leitpflanzen, wie z.B. der schwarze Sesam Ursamen, verf\u00fcgen \u00fcber ein einzigartiges und vielf\u00e4ltiges Wirkstoffnetz, das wird in der Herstellung der Produkte nach einem speziellen PHARMOS NATUR Verfahren erhalten. Ohne Isolierung von Einzelstoffen. Das ist besonders wichtig, denn so wirkt die Natur voller Lebendigkeit, intensiver Licht-Energie und hoher Schwingung.<\/p>\n<p>&nbsp;<\/p>\n<h5>Anwendung<\/h5>\n<p>Tragen Sie einige Tropfen VITALIZING OIL pur unter einer Pflegecreme auf oder mischen Sie alles direkt mit Ihrer Pflegecreme in der Hand.<\/p>\n<p>&nbsp;<\/p>\n<h5>Empfohlen f\u00fcr<\/h5>\n<ul>\n<li>M\u00fcde, fahle, blasse Haut \u2192 wirkt belebend und erfrischend\u200b<\/li>\n<li>T\u00e4glich als Anreicherung zur Pflege \u2192 mit zus\u00e4tzlichen Lipiden<\/li>\n<li>Mischhaut \u2192 zonenbezogen f\u00fcr pflegebed\u00fcrftigere Stellen, z.B. f\u00fcr die Wangen\u200b<\/li>\n<\/ul>\n<p>&nbsp;<\/p>\n<p>&nbsp;<\/p>\n[et_pb_section global_module=\"987493092\"][\/et_pb_section]\n","protected":false},"excerpt":{"rendered":"<p>Belebendes \u00d6l-Serum zur Vitalisierung der Haut<\/p>\n<p>&nbsp;<\/p>\n<ul>\n<li style=\"margin-bottom: 12px;\">erfrischend, belebend, stoffwechselanregend, durchblutungsf\u00f6rdernd, hautpflegend<\/li>\n<li style=\"margin-bottom: 12px;\">bringt den Hautstoffwechsel ins Gleichgewicht\u200b<\/li>\n<li style=\"margin-bottom: 12px;\">reguliert die Talgdr\u00fcsenproduktion\u200b<\/li>\n<li style=\"margin-bottom: 12px;\">enth\u00e4lt wichtige nat\u00fcrliche Antioxidantien, Sesamol und Sesamolin\u200b<\/li>\n<li>aus echten Heil- und Verj\u00fcngungspflanzen, sacred plants<\/li>\n<\/ul>\n","protected":false},"featured_media":987476454,"comment_status":"open","ping_status":"closed","template":"","meta":{"_et_pb_use_builder":"","_et_pb_old_content":"","_et_gb_content_width":""},"product_brand":[473],"product_cat":[251,84,243,210,240,239,244,459],"product_tag":[],"class_list":{"0":"post-987476459","1":"product","2":"type-product","3":"status-publish","4":"has-post-thumbnail","6":"product_brand-pharmos-natur","7":"product_cat-pharmos-alle-naturkosmetik","8":"product_cat-gesicht","9":"product_cat-pharmos-gesichtspflege","10":"product_cat-gesichtspflege","11":"product_cat-pharmos-naturkosmetik","12":"product_cat-pharmos-natur","13":"product_cat-pharmos-serum","14":"product_cat-rabatt-aktionen","16":"first","17":"instock","18":"taxable","19":"shipping-taxable","20":"purchasable","21":"product-type-simple"},"booking_location":null,"booking_location_type":null,"booking_duration":null,"booking_duration_unit":null,"booking_buffer":null,"booking_cost":null,"booking_resources":null,"exclude_global_add_ons":[],"addons":[],"_links":{"self":[{"href":"https:\/\/www.claresco-cosmetic.de\/kosmetik-shop\/wp-json\/wp\/v2\/product\/987476459","targetHints":{"allow":["GET"]}}],"collection":[{"href":"https:\/\/www.claresco-cosmetic.de\/kosmetik-shop\/wp-json\/wp\/v2\/product"}],"about":[{"href":"https:\/\/www.claresco-cosmetic.de\/kosmetik-shop\/wp-json\/wp\/v2\/types\/product"}],"replies":[{"embeddable":true,"href":"https:\/\/www.claresco-cosmetic.de\/kosmetik-shop\/wp-json\/wp\/v2\/comments?post=987476459"}],"wp:featuredmedia":[{"embeddable":true,"href":"https:\/\/www.claresco-cosmetic.de\/kosmetik-shop\/wp-json\/wp\/v2\/media\/987476454"}],"wp:attachment":[{"href":"https:\/\/www.claresco-cosmetic.de\/kosmetik-shop\/wp-json\/wp\/v2\/media?parent=987476459"}],"wp:term":[{"taxonomy":"product_brand","embeddable":true,"href":"https:\/\/www.claresco-cosmetic.de\/kosmetik-shop\/wp-json\/wp\/v2\/product_brand?post=987476459"},{"taxonomy":"product_cat","embeddable":true,"href":"https:\/\/www.claresco-cosmetic.de\/kosmetik-shop\/wp-json\/wp\/v2\/product_cat?post=987476459"},{"taxonomy":"product_tag","embeddable":true,"href":"https:\/\/www.claresco-cosmetic.de\/kosmetik-shop\/wp-json\/wp\/v2\/product_tag?post=987476459"}],"curies":[{"name":"wp","href":"https:\/\/api.w.org\/{rel}","templated":true}]}}

<h5>Produktinformationen</h5>
<p>Da steckt einfach viel drin, das sieht man schon an der leuchtend gelben Farbe der Zitrone. Citrusöle und ihr erfrischender Duft sind unsere Verbindung zu Lebenskraft, Lebendigkeit und Wachstum.</p>
<p>Das vitalisierende Aromaöl aus gehaltvollen Citrusfrüchten und dem kostbaren schwarzen Sesam Ursamen aktiviert, stärkt, regeneriert und nährt Ihre Haut. Mit den Antioxidantien Sesamol und Sesamolin sowie ungesättigten und mehrfach ungesättigten Fettsäuren wirkt es ganz sanft vorzeitiger Hautalterung entgegen, regt den Hautstoffwechsel an und verbessert die Hautstruktur sichtbar. ​</p>
<p>Dezent kombiniert, glätten Citrusöle Fältchen, straffen das Bindegewebe und pflegen die Haut. Ihre Immunabwehr wird unterstützt, alle Ihre Sinne werden wunderbar belebt. Das VITALIZING OIL zieht gut in die Haut ein, verleiht ein entspanntes Hautgefühl und hinterlässt einen unglaublich strahlenden Teint. ​</p>
<p>Die Leitpflanzen, wie z.B. der schwarze Sesam Ursamen, verfügen über ein einzigartiges und vielfältiges Wirkstoffnetz, das wird in der Herstellung der Produkte nach einem speziellen PHARMOS NATUR Verfahren erhalten. Ohne Isolierung von Einzelstoffen. Das ist besonders wichtig, denn so wirkt die Natur voller Lebendigkeit, intensiver Licht-Energie und hoher Schwingung.</p>
<p>&nbsp;</p>
<h5>Anwendung</h5>
<p>Tragen Sie einige Tropfen VITALIZING OIL pur unter einer Pflegecreme auf oder mischen Sie alles direkt mit Ihrer Pflegecreme in der Hand.</p>
<p>&nbsp;</p>
<h5>Empfohlen für</h5>
<ul>
<li>Müde, fahle, blasse Haut → wirkt belebend und erfrischend​</li>
<li>Täglich als Anreicherung zur Pflege → mit zusätzlichen Lipiden</li>
<li>Mischhaut → zonenbezogen für pflegebedürftigere Stellen, z.B. für die Wangen​</li>
</ul>
<p>&nbsp;</p>
<p>&nbsp;</p>
[et_pb_section global_module="987493092"][/et_pb_section]

<p>Belebendes Öl-Serum zur Vitalisierung der Haut</p>
<p>&nbsp;</p>
<ul>
<li style="margin-bottom: 12px;">erfrischend, belebend, stoffwechselanregend, durchblutungsfördernd, hautpflegend</li>
<li style="margin-bottom: 12px;">bringt den Hautstoffwechsel ins Gleichgewicht​</li>
<li style="margin-bottom: 12px;">reguliert die Talgdrüsenproduktion​</li>
<li style="margin-bottom: 12px;">enthält wichtige natürliche Antioxidantien, Sesamol und Sesamolin​</li>
<li>aus echten Heil- und Verjüngungspflanzen, sacred plants</li>
</ul>
