{"id":987476607,"date":"2022-07-18T14:03:26","date_gmt":"2022-07-18T12:03:26","guid":{"rendered":"https:\/\/www.claresco-cosmetic.de\/kosmetik-shop\/?post_type=product&#038;p=987476607"},"modified":"2025-12-31T20:38:08","modified_gmt":"2025-12-31T19:38:08","slug":"regenerating-shampoo","status":"publish","type":"product","link":"https:\/\/www.claresco-cosmetic.de\/kosmetik-shop\/produkt\/regenerating-shampoo\/","title":{"rendered":"Regenerating Shampoo"},"content":{"rendered":"<h5>Produktinformation<\/h5>\n<p>Allesk\u00f6nner und Multitalent. Das Aloe Vera Shampoo. Es tut einfach gut. So behutsam schmiegt es sich an unseren Kopf, reinigt ihn einf\u00fchlsam und regeneriert sanft unsere Kopfhaut. Gleichzeitig wird unser Haar auf wunderbare Weise gest\u00e4rkt. Sein nat\u00fcrlicher Glanz schenkt Ihnen Ausstrahlung und Charisma. Zart ist der Schaum aus Bio Aloe Vera angebaut in \u00f6kologischer Mischkultur, chilenischer Seifenrinde, Birkenwasser, Reisprotein und Salbei. \u200b<\/p>\n<p>Beim t\u00e4glichen Haarewaschen wird mit diesem pflanzlichen Shampoo der nat\u00fcrliche S\u00e4ureschutzmantel gest\u00e4rkt. Juckreiz und Irritationen werden gelindert. Dieses ph-neutrale Bio Shampoo eignet sich deshalb auch besonders f\u00fcr empfindliche Kopfhaut und f\u00fcr zarte Kinderhaut. \u200b<\/p>\n<p>Ein Start in den Tag, den Sie lieben werden. Sie sp\u00fcren Lebendigkeit und Frische. Mit Haut und Haaren! \u200b<\/p>\n<p>&nbsp;<\/p>\n<h5>Anwendung<\/h5>\n<p>Sch\u00e4umen Sie eine haselnussgro\u00dfe Menge REGENERATING SHAMPOO mit Wasser in der Hand auf, verteilen Sie es dann im nassen Haar und massieren es ein. Danach sp\u00fclen Sie alles einfach mit lauwarmem Wasser gut aus. &#8211; als Abschluss kurz mit k\u00fchlem Wasser -\u200b<\/p>\n<p>F\u00fcr die K\u00f6rperpflege unter der Dusche oder in der Badewanne geben Sie ein wenig REGENERATING SHAMPOO auf die feuchte Haut und waschen es anschlie\u00dfend gr\u00fcndlich ab.<\/p>\n<p>&nbsp;<\/p>\n<h5>Empfohlen f\u00fcr<\/h5>\n<ul>\n<li>empfindlicher Kinderhaut \u2192 reinigt sanft und schonend<\/li>\n<li>juckender, irritierter Kopfhaut und Ekzemen \u2192 wirkt beruhigend und reizlindernd<\/li>\n<li>jede Kopfhaut\u00a0 \u2192 vitalisiert und kr\u00e4ftigt Haar &amp; Kopfhaut<\/li>\n<\/ul>\n<p>&nbsp;<\/p>\n[et_pb_section global_module=\"987493041\"][\/et_pb_section]\n<p>&nbsp;<\/p>\n","protected":false},"excerpt":{"rendered":"<p>Sanftes Haarshampoo, auch f\u00fcr Kinder geeignet<\/p>\n<p>&nbsp;<\/p>\n<ul>\n<li style=\"margin-bottom: 12px;\">sanft sch\u00e4umende Haar- und K\u00f6rperreinigung\u200b<\/li>\n<li style=\"margin-bottom: 12px;\">mild pflegend\u200b<\/li>\n<li style=\"margin-bottom: 12px;\">l\u00e4sst das Haar gl\u00e4nzen\u200b<\/li>\n<li style=\"margin-bottom: 12px;\">vitalisiert und kr\u00e4ftigt Haar &amp; Kopfhaut\u200b<\/li>\n<li>lindert Juckreiz und Irritationen<\/li>\n<\/ul>\n","protected":false},"featured_media":987476597,"comment_status":"open","ping_status":"closed","template":"","meta":{"_et_pb_use_builder":"","_et_pb_old_content":"","_et_gb_content_width":""},"product_brand":[473],"product_cat":[341,251,250,85,240,239,212,459],"product_tag":[306,307],"class_list":{"0":"post-987476607","1":"product","2":"type-product","3":"status-publish","4":"has-post-thumbnail","6":"product_brand-pharmos-natur","7":"product_cat-alle-angebote","8":"product_cat-pharmos-alle-naturkosmetik","9":"product_cat-pharmos-haarpflege","10":"product_cat-koerper","11":"product_cat-pharmos-naturkosmetik","12":"product_cat-pharmos-natur","13":"product_cat-reinigung","14":"product_cat-rabatt-aktionen","15":"product_tag-kopfhaut","16":"product_tag-shampoo","17":"pa_inhalt-200ml","19":"first","20":"instock","21":"sale","22":"taxable","23":"shipping-taxable","24":"purchasable","25":"product-type-simple"},"booking_location":null,"booking_location_type":null,"booking_duration":null,"booking_duration_unit":null,"booking_buffer":null,"booking_cost":null,"booking_resources":null,"exclude_global_add_ons":[],"addons":[],"_links":{"self":[{"href":"https:\/\/www.claresco-cosmetic.de\/kosmetik-shop\/wp-json\/wp\/v2\/product\/987476607","targetHints":{"allow":["GET"]}}],"collection":[{"href":"https:\/\/www.claresco-cosmetic.de\/kosmetik-shop\/wp-json\/wp\/v2\/product"}],"about":[{"href":"https:\/\/www.claresco-cosmetic.de\/kosmetik-shop\/wp-json\/wp\/v2\/types\/product"}],"replies":[{"embeddable":true,"href":"https:\/\/www.claresco-cosmetic.de\/kosmetik-shop\/wp-json\/wp\/v2\/comments?post=987476607"}],"wp:featuredmedia":[{"embeddable":true,"href":"https:\/\/www.claresco-cosmetic.de\/kosmetik-shop\/wp-json\/wp\/v2\/media\/987476597"}],"wp:attachment":[{"href":"https:\/\/www.claresco-cosmetic.de\/kosmetik-shop\/wp-json\/wp\/v2\/media?parent=987476607"}],"wp:term":[{"taxonomy":"product_brand","embeddable":true,"href":"https:\/\/www.claresco-cosmetic.de\/kosmetik-shop\/wp-json\/wp\/v2\/product_brand?post=987476607"},{"taxonomy":"product_cat","embeddable":true,"href":"https:\/\/www.claresco-cosmetic.de\/kosmetik-shop\/wp-json\/wp\/v2\/product_cat?post=987476607"},{"taxonomy":"product_tag","embeddable":true,"href":"https:\/\/www.claresco-cosmetic.de\/kosmetik-shop\/wp-json\/wp\/v2\/product_tag?post=987476607"}],"curies":[{"name":"wp","href":"https:\/\/api.w.org\/{rel}","templated":true}]}}