{"id":987479014,"date":"2023-03-13T12:24:14","date_gmt":"2023-03-13T11:24:14","guid":{"rendered":"https:\/\/www.claresco-cosmetic.de\/kosmetik-shop\/?post_type=product&#038;p=987479014"},"modified":"2025-07-26T20:52:05","modified_gmt":"2025-07-26T18:52:05","slug":"glowtime-blushstick-enchanted","status":"publish","type":"product","link":"https:\/\/www.claresco-cosmetic.de\/kosmetik-shop\/produkt\/glowtime-blushstick-enchanted\/","title":{"rendered":"Glow Time Blush Stick &#8211; Enchanted"},"content":{"rendered":"<p>Inspiriert von der strahlenden Sch\u00f6nheit einer sonnengek\u00fcssten G\u00f6ttin, zaubern die Glow Time ETHEREALS von jane iredale mit ihrer cremigen, feuchtigkeitsspendenden Textur und ihren schmeichelnden Farbnuancen einen tollen Glow auf jedes Gesicht!<\/p>\n<p>Die Sticks sind echte Multitasker: Sie verleihen Wangen, Lippen und K\u00f6rper ein strahlendes Finish und pflegen sie gleichzeitig intensiv durch die enthaltenen nat\u00fcrlichen Inhaltsstoffe und hautverbessernden Pflanzenstoffe. Jojoba-Samen\u00f6l spendet zus\u00e4tzlich reichlich Feuchtigkeit und sorgt so f\u00fcr eine jugendlich glatte Haut.<\/p>\n<p>Die unterschiedlichen Farbnuancen der Kollektion k\u00f6nnen spielend leicht intensiviert und verblendet werden, was durch das enthaltene, vegane Ceresin-Wachs vollkommen streifenfrei und nat\u00fcrlich gelingt. Der perfekte Allrounder f\u00fcr unterwegs! Mica (nat\u00fcrliches Mineral) zaubert einen himmlischen Goldschimmer auf die Haut und reflektiert das Licht, was der Haut eine schmeichelnde Strahlkraft verleiht.<\/p>\n<h5><\/h5>\n<h5>Make-up-Tipp:<\/h5>\n<p>Kombinieren Sie die Glow Time Blush &amp; Highlighter Sticks mit der Glow Time Mineral BB Cream \u2013 f\u00fcr einen ebenm\u00e4\u00dfigen, glowy Teint!<\/p>\n<h5><\/h5>\n<p><span style=\"color: #333333; font-size: 16px;\">Eigenschaften und Vorteile im \u00dcberblick:<\/span><\/p>\n<ul>\n<li>Farbton Enchanted: Sanftes Rosabraun mit Goldschimmer (f\u00fcr mittlere bis dunkle Hautt\u00f6ne).<\/li>\n<li>Schnelle &amp; einfache Anwendung \u2013 kein Verschmieren.<\/li>\n<li>Kann auf Wangen, Lippen und K\u00f6rper verwendet werden.<\/li>\n<li>Erzeugt einen strahlenden Glow.<\/li>\n<li>Aufbaubare Deckkraft: kann f\u00fcr einen nat\u00fcrlichen Look sparsam aufgetragen werden oder intensiver f\u00fcr einen leuchtenden, sexy Look.<\/li>\n<li>Ideal f\u00fcr unterwegs oder zum Auffrischen.<\/li>\n<li>Spendet Feuchtigkeit, gl\u00e4ttet und beruhigt mit Jojoba-Samen\u00f6l.<\/li>\n<li>Die cremige Formel ist leicht zu verblenden und sorgt f\u00fcr einen streifenfreien, nat\u00fcrlichen Auftrag.<\/li>\n<li>Veganes Ceresin-Wachs schafft eine stabilere Rezepturbasis (im Vergleich zu Bienenwachs) aufgrund eines h\u00f6heren Schmelzpunktes. Das Ergebnis ist eine bessere Verteilbarkeit und weniger Bruch.<\/li>\n<li>Das Produkt ist weizenfrei.<\/li>\n<\/ul>\n<h5>Inhalt:<\/h5>\n<p>7,5g<\/p>\n<h5>Inhaltsstoffe:<\/h5>\n<p>Caprylic\/Capric Triglyceride, Ceresin, Octyldodecanol, Ethylhexyl Stearate, Silica, Synthetic Fluorphlogopite, Polybutene, Ethylhexyl Palmitate, Mica, Disteardimonium Hectorite, Propylene Carbonate, Simmondsia Chinensis (Jojoba) Seed Oil, Tin Oxide. Kann enthalten: Iron Oxides (CI 77491, CI 77492, CI 77499), Titanium Dioxide (CI 77891), Red 30 Lake (CI 73360), Ultramarines (CI 77007), Red 7 Lake (CI 15850), Manganese Violet (CI 77742).<\/p>\n","protected":false},"excerpt":{"rendered":"<p>Die Glow Time Blush Sticks sind wahre Allrounder. Sie zaubern mit ihrer cremigen Textur einen strahlenden, sonnenverw\u00f6hnten Glanz auf Wangen, Lippen und K\u00f6rper und bieten gleichzeitig eine intensive Pflege durch die enthaltenen nat\u00fcrlichen und hautverbessernden Inhaltsstoffe. Zus\u00e4tzlich spendet das enthaltene Jojoba-Samen\u00f6l reichlich Feuchtigkeit und tr\u00e4gt so zu einem jugendlich glatten Hautbild bei.<\/p>\n<p>Ob matt oder schimmernd &#8211; die Glow Time Blush Sticks bieten vielf\u00e4ltige M\u00f6glichkeiten f\u00fcr einen himmlischen Look.<\/p>\n","protected":false},"featured_media":987478975,"comment_status":"open","ping_status":"closed","template":"","meta":{"_et_pb_use_builder":"off","_et_pb_old_content":"<strong>Anwendungsgebiete: <\/strong>\r\n\r\nAls Gesichtspackung wird masque verwendet bei allen Hautarten zur Straffung und Versch\u00f6nerung des Hautbildes.\r\nZur kurfristigen Therapie bei d\u00fcnner, empfindlicher Haut mit oberfl\u00e4chlichen Entz\u00fcndungen.\r\n\r\n<strong>Wirkungsweise:<\/strong>\r\n\r\nMasque erh\u00f6ht mit Hilfe der Lipacide RH (Lipoaminos\u00e4uren) die F\u00e4higkeit der Epidermis, den zullul\u00e4ren Wassergehalt stabil zu halten. Die Haut wird sichtbar straffer und elastischer. Lipacide RH wirkt gleichzeitig vorbeugend gegen bakterielle Entz\u00fcndungen.\r\n\r\n<strong>Anwendung<\/strong>:\r\n\r\nQuantit\u00e4t und Art der Anwendung sind nach dem individuellen und aktuellen Zustand der Haut festzulegen.\r\n\r\n<strong>Gegenanzeigen:<\/strong>\r\n\r\nDas Produkt sollte bei bekannter Campher-Unvertr\u00e4glichkeit nicht angewendet werden.\r\n\r\n\u00a0","_et_gb_content_width":""},"product_brand":[474],"product_cat":[129,220,113,375,83,86,434,177],"product_tag":[175,378,200,134],"class_list":{"0":"post-987479014","1":"product","2":"type-product","3":"status-publish","4":"has-post-thumbnail","6":"product_brand-jane-iredale","7":"product_cat-mineralmakeup-gesicht","8":"product_cat-mu-gesicht","9":"product_cat-glow","10":"product_cat-glow-time-sticks","11":"product_cat-jane-iredale","12":"product_cat-make-up","13":"product_cat-rouge","14":"product_cat-wangen","15":"product_tag-blush","16":"product_tag-blush-stick","17":"product_tag-rouge","18":"product_tag-teint","20":"first","21":"onbackorder","22":"taxable","23":"shipping-taxable","24":"purchasable","25":"product-type-simple"},"booking_location":null,"booking_location_type":null,"booking_duration":null,"booking_duration_unit":null,"booking_buffer":null,"booking_cost":null,"booking_resources":null,"exclude_global_add_ons":[],"addons":[],"_links":{"self":[{"href":"https:\/\/www.claresco-cosmetic.de\/kosmetik-shop\/wp-json\/wp\/v2\/product\/987479014","targetHints":{"allow":["GET"]}}],"collection":[{"href":"https:\/\/www.claresco-cosmetic.de\/kosmetik-shop\/wp-json\/wp\/v2\/product"}],"about":[{"href":"https:\/\/www.claresco-cosmetic.de\/kosmetik-shop\/wp-json\/wp\/v2\/types\/product"}],"replies":[{"embeddable":true,"href":"https:\/\/www.claresco-cosmetic.de\/kosmetik-shop\/wp-json\/wp\/v2\/comments?post=987479014"}],"wp:featuredmedia":[{"embeddable":true,"href":"https:\/\/www.claresco-cosmetic.de\/kosmetik-shop\/wp-json\/wp\/v2\/media\/987478975"}],"wp:attachment":[{"href":"https:\/\/www.claresco-cosmetic.de\/kosmetik-shop\/wp-json\/wp\/v2\/media?parent=987479014"}],"wp:term":[{"taxonomy":"product_brand","embeddable":true,"href":"https:\/\/www.claresco-cosmetic.de\/kosmetik-shop\/wp-json\/wp\/v2\/product_brand?post=987479014"},{"taxonomy":"product_cat","embeddable":true,"href":"https:\/\/www.claresco-cosmetic.de\/kosmetik-shop\/wp-json\/wp\/v2\/product_cat?post=987479014"},{"taxonomy":"product_tag","embeddable":true,"href":"https:\/\/www.claresco-cosmetic.de\/kosmetik-shop\/wp-json\/wp\/v2\/product_tag?post=987479014"}],"curies":[{"name":"wp","href":"https:\/\/api.w.org\/{rel}","templated":true}]}}