{"id":987481006,"date":"2023-08-22T13:19:33","date_gmt":"2023-08-22T11:19:33","guid":{"rendered":"https:\/\/www.claresco-cosmetic.de\/kosmetik-shop\/?post_type=product&#038;p=987481006"},"modified":"2025-07-26T20:52:05","modified_gmt":"2025-07-26T18:52:05","slug":"colorluxe-hydrating-cream-lipstick-mulberry","status":"publish","type":"product","link":"https:\/\/www.claresco-cosmetic.de\/kosmetik-shop\/produkt\/colorluxe-hydrating-cream-lipstick-mulberry\/","title":{"rendered":"ColorLuxe Hydrating Cream Lipstick &#8211; Mulberry"},"content":{"rendered":"<p>Ein jane iredale Lippenstift im Farbton k\u00fchles, mitteldunkles Rosa.<\/p>\n<p>Farbpower ist angesagt! Die ColorLuxe Hydrating Cream Lipsticks von jane iredale lassen in dieser Hinsicht keine W\u00fcnsche offen. Tolle Farben, aber trockene Lippen? Nicht beim neuen ColorLuxe Lipstick! Er ist vollgepackt mit Pigmenten, gleichzeitig spendet seine pflegende Formel den Lippen intensiv Feuchtigkeit und regeneriert sie f\u00fcr ein weiches, geschmeidiges Aussehen &#8211; vom ersten Auftragen bis lange nach dem Abschminken.<\/p>\n<p>\u00a0<\/p>\n<h5>Die wichtigsten Inhaltsstoffe:<\/h5>\n<ul>\n<li>Kakaobutter als nat\u00fcrliches Antioxidans spendet Feuchtigkeit, pflegt und sch\u00fctzt.<\/li>\n<li>Portula-Pilosa-Extrakt unterst\u00fctzt die Kollagenproduktion und verbessert sichtbar die Textur, das Volumen und die Geschmeidigkeit der Lippen.<\/li>\n<li>Sonnenblumenkern\u00f6l sch\u00fctzt die Lippen vor sch\u00e4dlichen Umwelteinfl\u00fcssen und verhindert den Wasserverlust in der Epidermis.<\/li>\n<\/ul>\n<p>\u00a0<\/p>\n<h5>Merkmale und Vorteile:<\/h5>\n<ul>\n<li>Farbe Mulberry -k\u00fchles mitteldunkles Rosa.<\/li>\n<li>Hochpigmentiert f\u00fcr eine kr\u00e4ftige Farbe.<\/li>\n<li>Die reichhaltige, cremige Formel spendet Feuchtigkeit und pflegt die Lippen.<\/li>\n<li>L\u00e4sst sich leicht und geschmeidig auftragen, verwischt nicht.<\/li>\n<li>L\u00e4sst die Lippen glatter und voller erscheinen.<\/li>\n<li>Modernes, schlankes Design.<\/li>\n<\/ul>\n<p>\u00a0<\/p>\n<h5 style=\"display: inline;\">Inhalt:<\/h5>\n<p style=\"display: inline;\">2g<\/p>\n<p>\u00a0<\/p>\n<h5>Inhaltsstoffe:<\/h5>\n<p>Ricinus Communis (Castor) Seed Oil, Octyldodecanol, Euphorbia Cerifera (Candelilla) Wax, Bis-Diglyceryl Polyacyladipate-2, Polyglyceryl-10 Pentaisostearate, Oryza Sativa (Rice) Bran Wax, Polyhydroxystearic Acid, Cetearyl Ethylhexanoate, Oryza Sativa (Rice) Bran Extract, Ethylhexyl Palmitate, Theobroma Cacao (Cocoa) Seed Butter, Tribehenin, Helianthus Annuus (Sunflower) Seed Extract, Sorbitan Isostearate, Tocopherol Rosmarinus Officinalis (Rosemary) Leaf Extract, Portulaca Pilosa Extract, Ascorbyl Palmitate, Sucrose Cocoate, Palmitoyl Tripeptide-1, Palmitoyl Tripeptide-38, Mica (CI 77019).<\/p>\n<p>Toffee &amp; Poppy: [+\/-] Titanium Dioxide (CI 77891), Iron Oxides (CI 77492, 77491, 77499), Red 28 Lake (CI 45410), Red 7 Lake (CI 15850), Red 6 (CI 15850), Yellow 6 Lake (CI 15985), Red 30 Lake (CI 73360), Red 22 Lake (CI 45380).<\/p>\n<p>Alle anderen Farbt\u00f6ne: [+\/-] Titanium Dioxide (CI 77891), Iron Oxides (CI 77492, 77491, 77499), Red 28 Lake (CI 45410), Red 7 Lake (CI 15850), Red 6 (CI 15850), Red 30 Lake (CI 73360), Red 22 Lake (CI 45380).<\/p>\n","protected":false},"excerpt":{"rendered":"<p>Ein jane iredale Lippenstift im Farbton k\u00fchles, mitteldunkles Rosa. Die ColorLuxe Lippenstifte von jane iredale sind ultra-feuchtigkeitsspendend, farbintensiv und federleicht f\u00fcr einen sanften Auftrag, ohne an der Lippenkontur auszulaufen. Sie sind vollgepackt mit Pigmenten und regenerieren Ihre Lippen f\u00fcr ein weiches, geschmeidiges Aussehen!<\/p>\n","protected":false},"featured_media":987481029,"comment_status":"open","ping_status":"closed","template":"","meta":{"_et_pb_use_builder":"off","_et_pb_old_content":"<strong>Anwendungsgebiete: <\/strong>\r\n\r\nAls Gesichtspackung wird masque verwendet bei allen Hautarten zur Straffung und Versch\u00f6nerung des Hautbildes.\r\nZur kurfristigen Therapie bei d\u00fcnner, empfindlicher Haut mit oberfl\u00e4chlichen Entz\u00fcndungen.\r\n\r\n<strong>Wirkungsweise:<\/strong>\r\n\r\nMasque erh\u00f6ht mit Hilfe der Lipacide RH (Lipoaminos\u00e4uren) die F\u00e4higkeit der Epidermis, den zullul\u00e4ren Wassergehalt stabil zu halten. Die Haut wird sichtbar straffer und elastischer. Lipacide RH wirkt gleichzeitig vorbeugend gegen bakterielle Entz\u00fcndungen.\r\n\r\n<strong>Anwendung<\/strong>:\r\n\r\nQuantit\u00e4t und Art der Anwendung sind nach dem individuellen und aktuellen Zustand der Haut festzulegen.\r\n\r\n<strong>Gegenanzeigen:<\/strong>\r\n\r\nDas Produkt sollte bei bekannter Campher-Unvertr\u00e4glichkeit nicht angewendet werden.\r\n\r\n\u00a0","_et_gb_content_width":""},"product_brand":[474],"product_cat":[83,131,222,412,86],"product_tag":[124,413,414],"class_list":{"0":"post-987481006","1":"product","2":"type-product","3":"status-publish","4":"has-post-thumbnail","6":"product_brand-jane-iredale","7":"product_cat-jane-iredale","8":"product_cat-mineralmakeup-lippen","9":"product_cat-mu-lippen","10":"product_cat-lippenstifte-colorluxe","11":"product_cat-make-up","12":"product_tag-lippen","13":"product_tag-lippenstift","14":"product_tag-lipstick","16":"first","17":"onbackorder","18":"taxable","19":"shipping-taxable","20":"purchasable","21":"product-type-simple"},"booking_location":null,"booking_location_type":null,"booking_duration":null,"booking_duration_unit":null,"booking_buffer":null,"booking_cost":null,"booking_resources":null,"exclude_global_add_ons":[],"addons":[],"_links":{"self":[{"href":"https:\/\/www.claresco-cosmetic.de\/kosmetik-shop\/wp-json\/wp\/v2\/product\/987481006","targetHints":{"allow":["GET"]}}],"collection":[{"href":"https:\/\/www.claresco-cosmetic.de\/kosmetik-shop\/wp-json\/wp\/v2\/product"}],"about":[{"href":"https:\/\/www.claresco-cosmetic.de\/kosmetik-shop\/wp-json\/wp\/v2\/types\/product"}],"replies":[{"embeddable":true,"href":"https:\/\/www.claresco-cosmetic.de\/kosmetik-shop\/wp-json\/wp\/v2\/comments?post=987481006"}],"wp:featuredmedia":[{"embeddable":true,"href":"https:\/\/www.claresco-cosmetic.de\/kosmetik-shop\/wp-json\/wp\/v2\/media\/987481029"}],"wp:attachment":[{"href":"https:\/\/www.claresco-cosmetic.de\/kosmetik-shop\/wp-json\/wp\/v2\/media?parent=987481006"}],"wp:term":[{"taxonomy":"product_brand","embeddable":true,"href":"https:\/\/www.claresco-cosmetic.de\/kosmetik-shop\/wp-json\/wp\/v2\/product_brand?post=987481006"},{"taxonomy":"product_cat","embeddable":true,"href":"https:\/\/www.claresco-cosmetic.de\/kosmetik-shop\/wp-json\/wp\/v2\/product_cat?post=987481006"},{"taxonomy":"product_tag","embeddable":true,"href":"https:\/\/www.claresco-cosmetic.de\/kosmetik-shop\/wp-json\/wp\/v2\/product_tag?post=987481006"}],"curies":[{"name":"wp","href":"https:\/\/api.w.org\/{rel}","templated":true}]}}