{"id":987482169,"date":"2023-12-07T14:07:08","date_gmt":"2023-12-07T13:07:08","guid":{"rendered":"https:\/\/www.claresco-cosmetic.de\/kosmetik-shop\/?post_type=product&#038;p=987482169"},"modified":"2026-04-20T22:56:54","modified_gmt":"2026-04-20T20:56:54","slug":"geschenkset-bodyline-winter","status":"publish","type":"product","link":"https:\/\/www.claresco-cosmetic.de\/kosmetik-shop\/produkt\/geschenkset-bodyline-winter\/","title":{"rendered":"Geschenkset Bodyline Winter"},"content":{"rendered":"<p>Ein wunderbares Set mit hochwertigen Produkten &#8211; zum Verschenken ideal!<\/p>\n<h5>Winterduschlotion<\/h5>\n<p>Die angenehme Winter Duschlotion ist noch schonender die normale Duschlotion, gleichzeitig h\u00e4lt sie eine gr\u00f6\u00dfere Fettphase bereit.<\/p>\n<p>Anwendungsgebiet:<br \/>\nZur Reinigung der Haut. Unterst\u00fctzt den nat\u00fcrlichen Abl\u00f6seprozess der Hornschichtpartikel. L(+) Milchs\u00e4ure wirkt der \u00fcberm\u00e4\u00dfigen Verhornung der Talgdr\u00fcsenausg\u00e4nge entgegen.<\/p>\n<p>&nbsp;<\/p>\n<h5>Winterk\u00f6rpercreme<\/h5>\n<p>Die Winterk\u00f6rpercreme ist reichhaltiger als die normale K\u00f6rpercreme. Zus\u00e4tzlich bildet Hyalurons\u00e4ure einen Wasserspeicher auf der Haut, der besonders bei trockener Umgebung (z.B. Heizungsluft) ben\u00f6tigt wird. Mineralien aus dem Meer versorgen die Haut mit zus\u00e4tzlichen Mikro-N\u00e4hrstoffen.<\/p>\n<p>Anwendungsgebiet:<br \/>\nBesonders geeignet bei d\u00fcnner, trockener, strapazierter und sensibler Haut. (Kann im ganzen Jahr verwendet werden)<\/p>\n","protected":false},"excerpt":{"rendered":"<p>Ein praktisches Geschenkset besonders f\u00fcr strapazierte und empfindliche Haut geeignet<\/p>\n<p>1x Winterk\u00f6rpercreme 100ml<br \/>\n1x Winterduschlotion 100ml<br \/>\n1x\u00a0 Waschhandschuh <strong><span style=\"color: #c59992;\">GESCHENKT!<\/span><\/strong><\/p>\n<p>&nbsp;<\/p>\n","protected":false},"featured_media":987488607,"comment_status":"open","ping_status":"closed","template":"","meta":{"_et_pb_use_builder":"off","_et_pb_old_content":"<strong>Anwendungsgebiete:<\/strong>\r\n\r\nAls K\u00f6rper\u00f6l zur Hautpflege und bei sehr empfindlicher Haut kann Squalan\u00f6l auch zur Reinigung der Haut verwendet werden.\r\n\r\n<strong>Wirkungsweise:<\/strong>\r\n\r\nSqualan\u00f6l ist ein hochwirksames hautidentisches \u00d6l, das von der Haut vollst\u00e4ndig verwertet wird. Es entspricht dem \u00f6ligen Anteil der nat\u00fcrlichen Hautlipide.\r\n\r\n<span style=\"font-weight: bold\">Anwendung:<\/span>\r\n\r\nSqualan\u00f6l sollte auf Grund der hochwirksamen Inhaltsstoffe immer verd\u00fcnnt auf die Haut gebracht werden. Wenige Tropfen ins Badewasser oder auf einen nassen Waschhandschuh reichen aus, um die hautpflegende Wirkung zu erreichen..","_et_gb_content_width":""},"product_brand":[472],"product_cat":[372,95,85,213,212,43,483,456],"product_tag":[195,400,325,202,402,324],"class_list":{"0":"post-987482169","1":"product","2":"type-product","3":"status-publish","4":"has-post-thumbnail","6":"product_brand-rosel-heim","7":"product_cat-alle-rosel-heim-produkte","8":"product_cat-rh-body-line","9":"product_cat-koerper","10":"product_cat-koerperpflege","11":"product_cat-reinigung","12":"product_cat-rosel-heim","13":"product_cat-rosel-heim-geschenksets","14":"product_cat-sets","15":"product_tag-duschgel","16":"product_tag-duschlotion","17":"product_tag-geschenke","18":"product_tag-koerper","19":"product_tag-koerperreinigung","20":"product_tag-weihnachten","22":"first","23":"instock","24":"taxable","25":"shipping-taxable","26":"purchasable","27":"product-type-simple"},"booking_location":null,"booking_location_type":null,"booking_duration":null,"booking_duration_unit":null,"booking_buffer":null,"booking_cost":null,"booking_resources":null,"exclude_global_add_ons":[],"addons":[],"_links":{"self":[{"href":"https:\/\/www.claresco-cosmetic.de\/kosmetik-shop\/wp-json\/wp\/v2\/product\/987482169","targetHints":{"allow":["GET"]}}],"collection":[{"href":"https:\/\/www.claresco-cosmetic.de\/kosmetik-shop\/wp-json\/wp\/v2\/product"}],"about":[{"href":"https:\/\/www.claresco-cosmetic.de\/kosmetik-shop\/wp-json\/wp\/v2\/types\/product"}],"replies":[{"embeddable":true,"href":"https:\/\/www.claresco-cosmetic.de\/kosmetik-shop\/wp-json\/wp\/v2\/comments?post=987482169"}],"wp:featuredmedia":[{"embeddable":true,"href":"https:\/\/www.claresco-cosmetic.de\/kosmetik-shop\/wp-json\/wp\/v2\/media\/987488607"}],"wp:attachment":[{"href":"https:\/\/www.claresco-cosmetic.de\/kosmetik-shop\/wp-json\/wp\/v2\/media?parent=987482169"}],"wp:term":[{"taxonomy":"product_brand","embeddable":true,"href":"https:\/\/www.claresco-cosmetic.de\/kosmetik-shop\/wp-json\/wp\/v2\/product_brand?post=987482169"},{"taxonomy":"product_cat","embeddable":true,"href":"https:\/\/www.claresco-cosmetic.de\/kosmetik-shop\/wp-json\/wp\/v2\/product_cat?post=987482169"},{"taxonomy":"product_tag","embeddable":true,"href":"https:\/\/www.claresco-cosmetic.de\/kosmetik-shop\/wp-json\/wp\/v2\/product_tag?post=987482169"}],"curies":[{"name":"wp","href":"https:\/\/api.w.org\/{rel}","templated":true}]}}