{"id":987483283,"date":"2024-01-25T18:13:00","date_gmt":"2024-01-25T17:13:00","guid":{"rendered":"https:\/\/www.claresco-cosmetic.de\/kosmetik-shop\/?post_type=product&#038;p=987483283"},"modified":"2026-03-16T20:43:28","modified_gmt":"2026-03-16T19:43:28","slug":"manikuere-classic-schutz","status":"publish","type":"product","link":"https:\/\/www.claresco-cosmetic.de\/kosmetik-shop\/produkt\/manikuere-classic-schutz\/","title":{"rendered":"Manik\u00fcre Classic inkl. Schutzlack"},"content":{"rendered":"<h5>Details zur Behandlung:<\/h5>\n<p>&nbsp;<\/p>\n<ul class=\"marker:text-quiet list-disc\">\n<li class=\"py-0 my-0 prose-p:pt-0 prose-p:mb-2 prose-p:my-0 [&amp;&gt;p]:pt-0 [&amp;&gt;p]:mb-2 [&amp;&gt;p]:my-0\">\n<p class=\"my-2 [&amp;+p]:mt-4 [&amp;_strong:has(+br)]:inline-block [&amp;_strong:has(+br)]:pb-2\">N\u00e4gel k\u00fcrzen und in Form feilen<\/p>\n<\/li>\n<li class=\"py-0 my-0 prose-p:pt-0 prose-p:mb-2 prose-p:my-0 [&amp;&gt;p]:pt-0 [&amp;&gt;p]:mb-2 [&amp;&gt;p]:my-0\">\n<p class=\"my-2 [&amp;+p]:mt-4 [&amp;_strong:has(+br)]:inline-block [&amp;_strong:has(+br)]:pb-2\">Nagelhaut sorgf\u00e4ltig entfernen<\/p>\n<\/li>\n<li class=\"py-0 my-0 prose-p:pt-0 prose-p:mb-2 prose-p:my-0 [&amp;&gt;p]:pt-0 [&amp;&gt;p]:mb-2 [&amp;&gt;p]:my-0\">\n<p class=\"my-2 [&amp;+p]:mt-4 [&amp;_strong:has(+br)]:inline-block [&amp;_strong:has(+br)]:pb-2\">Auftragen eines transparenten Schutzlacks zur Stabilisierung des Naturnagels<\/p>\n<\/li>\n<li class=\"py-0 my-0 prose-p:pt-0 prose-p:mb-2 prose-p:my-0 [&amp;&gt;p]:pt-0 [&amp;&gt;p]:mb-2 [&amp;&gt;p]:my-0\">\n<p class=\"my-2 [&amp;+p]:mt-4 [&amp;_strong:has(+br)]:inline-block [&amp;_strong:has(+br)]:pb-2\">Intensive Hand- und Nagelpflege mit ausgew\u00e4hlten Pflegeprodukten<\/p>\n<\/li>\n<\/ul>\n<p>&nbsp;<\/p>\n<p class=\"my-2 [&amp;+p]:mt-4 [&amp;_strong:has(+br)]:inline-block [&amp;_strong:has(+br)]:pb-2\">Die Manik\u00fcre ist darauf ausgerichtet, die nat\u00fcrliche Nagelstruktur zu erhalten und zu sch\u00fctzen \u2013 ideal f\u00fcr alle, die sich ein gepflegtes, alltagstaugliches Ergebnis ohne aufwendiges Nageldesign w\u00fcnschen.<\/p>\n","protected":false},"excerpt":{"rendered":"<p>Professionelle Manik\u00fcre mit zus\u00e4tzlichem Schutzlack \u2013 f\u00fcr gepflegte H\u00e4nde und N\u00e4gel mit dauerhaftem, dezent gl\u00e4nzendem Finish und extra Schutz im Alltag.<\/p>\n<p>Dauer ca. 45 min<\/p>\n","protected":false},"featured_media":0,"comment_status":"open","ping_status":"closed","template":"","meta":{"_et_pb_use_builder":"","_et_pb_old_content":"","_et_gb_content_width":""},"product_brand":[],"product_cat":[19,81],"product_tag":[],"class_list":{"0":"post-987483283","1":"product","2":"type-product","3":"status-publish","5":"product_cat-termine-haende","6":"product_cat-termine","8":"first","9":"instock","10":"virtual","11":"sold-individually","12":"taxable","13":"purchasable","14":"product-type-booking"},"booking_location":"","booking_location_type":"","booking_duration":45,"booking_duration_unit":"minute","booking_buffer":0,"booking_cost":50,"booking_resources":[987471010],"exclude_global_add_ons":[],"addons":[],"_links":{"self":[{"href":"https:\/\/www.claresco-cosmetic.de\/kosmetik-shop\/wp-json\/wp\/v2\/product\/987483283","targetHints":{"allow":["GET"]}}],"collection":[{"href":"https:\/\/www.claresco-cosmetic.de\/kosmetik-shop\/wp-json\/wp\/v2\/product"}],"about":[{"href":"https:\/\/www.claresco-cosmetic.de\/kosmetik-shop\/wp-json\/wp\/v2\/types\/product"}],"replies":[{"embeddable":true,"href":"https:\/\/www.claresco-cosmetic.de\/kosmetik-shop\/wp-json\/wp\/v2\/comments?post=987483283"}],"wp:attachment":[{"href":"https:\/\/www.claresco-cosmetic.de\/kosmetik-shop\/wp-json\/wp\/v2\/media?parent=987483283"}],"wp:term":[{"taxonomy":"product_brand","embeddable":true,"href":"https:\/\/www.claresco-cosmetic.de\/kosmetik-shop\/wp-json\/wp\/v2\/product_brand?post=987483283"},{"taxonomy":"product_cat","embeddable":true,"href":"https:\/\/www.claresco-cosmetic.de\/kosmetik-shop\/wp-json\/wp\/v2\/product_cat?post=987483283"},{"taxonomy":"product_tag","embeddable":true,"href":"https:\/\/www.claresco-cosmetic.de\/kosmetik-shop\/wp-json\/wp\/v2\/product_tag?post=987483283"}],"curies":[{"name":"wp","href":"https:\/\/api.w.org\/{rel}","templated":true}]}}

Maniküre Classic inkl. Schutzlack

<h5>Details zur Behandlung:</h5>
<p>&nbsp;</p>
<ul class="marker:text-quiet list-disc">
<li class="py-0 my-0 prose-p:pt-0 prose-p:mb-2 prose-p:my-0 [&amp;&gt;p]:pt-0 [&amp;&gt;p]:mb-2 [&amp;&gt;p]:my-0">
<p class="my-2 [&amp;+p]:mt-4 [&amp;_strong:has(+br)]:inline-block [&amp;_strong:has(+br)]:pb-2">Nägel kürzen und in Form feilen</p>
</li>
<li class="py-0 my-0 prose-p:pt-0 prose-p:mb-2 prose-p:my-0 [&amp;&gt;p]:pt-0 [&amp;&gt;p]:mb-2 [&amp;&gt;p]:my-0">
<p class="my-2 [&amp;+p]:mt-4 [&amp;_strong:has(+br)]:inline-block [&amp;_strong:has(+br)]:pb-2">Nagelhaut sorgfältig entfernen</p>
</li>
<li class="py-0 my-0 prose-p:pt-0 prose-p:mb-2 prose-p:my-0 [&amp;&gt;p]:pt-0 [&amp;&gt;p]:mb-2 [&amp;&gt;p]:my-0">
<p class="my-2 [&amp;+p]:mt-4 [&amp;_strong:has(+br)]:inline-block [&amp;_strong:has(+br)]:pb-2">Auftragen eines transparenten Schutzlacks zur Stabilisierung des Naturnagels</p>
</li>
<li class="py-0 my-0 prose-p:pt-0 prose-p:mb-2 prose-p:my-0 [&amp;&gt;p]:pt-0 [&amp;&gt;p]:mb-2 [&amp;&gt;p]:my-0">
<p class="my-2 [&amp;+p]:mt-4 [&amp;_strong:has(+br)]:inline-block [&amp;_strong:has(+br)]:pb-2">Intensive Hand- und Nagelpflege mit ausgewählten Pflegeprodukten</p>
</li>
</ul>
<p>&nbsp;</p>
<p class="my-2 [&amp;+p]:mt-4 [&amp;_strong:has(+br)]:inline-block [&amp;_strong:has(+br)]:pb-2">Die Maniküre ist darauf ausgerichtet, die natürliche Nagelstruktur zu erhalten und zu schützen – ideal für alle, die sich ein gepflegtes, alltagstaugliches Ergebnis ohne aufwendiges Nageldesign wünschen.</p>

<p>Professionelle Maniküre mit zusätzlichem Schutzlack – für gepflegte Hände und Nägel mit dauerhaftem, dezent glänzendem Finish und extra Schutz im Alltag.</p>
<p>Dauer ca. 45 min</p>
