{"id":987484742,"date":"2024-04-23T21:36:34","date_gmt":"2024-04-23T19:36:34","guid":{"rendered":"https:\/\/www.claresco-cosmetic.de\/kosmetik-shop\/?post_type=product&#038;p=987484742"},"modified":"2026-03-11T22:02:42","modified_gmt":"2026-03-11T21:02:42","slug":"hautcoaching-feedback","status":"publish","type":"product","link":"https:\/\/www.claresco-cosmetic.de\/kosmetik-shop\/produkt\/hautcoaching-feedback\/","title":{"rendered":"HAUT-Coaching Feedback"},"content":{"rendered":"<h5>Beschreibung<\/h5>\n<p>&nbsp;<\/p>\n<p>Sp\u00e4testens 4 Wochen nach Beginn Ihrer regulativen Hauttherapie m\u00f6chten wir gemeinsam die weitere Vorgehensweise besprechen. Bitte buchen Sie baldm\u00f6glichst Ihren Feedback Termin.<\/p>\n<ul>\n<li>Wie f\u00fchlen Sie sich?<\/li>\n<li>Wie hat sich Ihr Hautbild ver\u00e4ndert?Welche Fragen sind noch entstanden?<\/li>\n<li>Wie machen wir gemeinsam weiter?<\/li>\n<li>Wir beantworten all Ihre Fragen rund um Ihr pers\u00f6nliches Thema. Nat\u00fcrlich begleiten wir Sie auch danach, weiterhin auf Ihrem Weg zur Wohlf\u00fchlhaut!<\/li>\n<\/ul>\n<p>&nbsp;<\/p>\n","protected":false},"excerpt":{"rendered":"<p>Betreuungs- und Feedback Termin<br \/>\nzum Haut-Starter maxi<\/p>\n","protected":false},"featured_media":987479873,"comment_status":"open","ping_status":"closed","template":"","meta":{"_et_pb_use_builder":"off","_et_pb_old_content":"<strong>Dieser Service beinhaltet:<\/strong>\r\n<ul>\r\n \t<li>\u00dcbergang bestehender Nagelmodellage feilen<\/li>\r\n \t<li>in Form feilen<\/li>\r\n \t<li>Nagelhaut entfernen<\/li>\r\n \t<li>Gel\u00fcberzug \/ Rebalancierung in Frenchoptik oder mit Glitzer\u00fcberzug<\/li>\r\n \t<li>Hand & Nagelpflege<\/li>\r\n<\/ul>","_et_gb_content_width":""},"product_brand":[],"product_cat":[117,81],"product_tag":[],"class_list":{"0":"post-987484742","1":"product","2":"type-product","3":"status-publish","4":"has-post-thumbnail","6":"product_cat-beratung-coaching","7":"product_cat-termine","9":"first","10":"instock","11":"virtual","12":"sold-individually","13":"taxable","14":"purchasable","15":"product-type-booking"},"booking_location":"","booking_location_type":"","booking_duration":40,"booking_duration_unit":"minute","booking_buffer":0,"booking_cost":0,"booking_resources":[987471011],"exclude_global_add_ons":[],"addons":[],"_links":{"self":[{"href":"https:\/\/www.claresco-cosmetic.de\/kosmetik-shop\/wp-json\/wp\/v2\/product\/987484742","targetHints":{"allow":["GET"]}}],"collection":[{"href":"https:\/\/www.claresco-cosmetic.de\/kosmetik-shop\/wp-json\/wp\/v2\/product"}],"about":[{"href":"https:\/\/www.claresco-cosmetic.de\/kosmetik-shop\/wp-json\/wp\/v2\/types\/product"}],"replies":[{"embeddable":true,"href":"https:\/\/www.claresco-cosmetic.de\/kosmetik-shop\/wp-json\/wp\/v2\/comments?post=987484742"}],"wp:featuredmedia":[{"embeddable":true,"href":"https:\/\/www.claresco-cosmetic.de\/kosmetik-shop\/wp-json\/wp\/v2\/media\/987479873"}],"wp:attachment":[{"href":"https:\/\/www.claresco-cosmetic.de\/kosmetik-shop\/wp-json\/wp\/v2\/media?parent=987484742"}],"wp:term":[{"taxonomy":"product_brand","embeddable":true,"href":"https:\/\/www.claresco-cosmetic.de\/kosmetik-shop\/wp-json\/wp\/v2\/product_brand?post=987484742"},{"taxonomy":"product_cat","embeddable":true,"href":"https:\/\/www.claresco-cosmetic.de\/kosmetik-shop\/wp-json\/wp\/v2\/product_cat?post=987484742"},{"taxonomy":"product_tag","embeddable":true,"href":"https:\/\/www.claresco-cosmetic.de\/kosmetik-shop\/wp-json\/wp\/v2\/product_tag?post=987484742"}],"curies":[{"name":"wp","href":"https:\/\/api.w.org\/{rel}","templated":true}]}}