{"id":987485262,"date":"2024-05-29T20:58:01","date_gmt":"2024-05-29T18:58:01","guid":{"rendered":"https:\/\/www.claresco-cosmetic.de\/kosmetik-shop\/?post_type=product&#038;p=987485262"},"modified":"2025-07-26T20:52:00","modified_gmt":"2025-07-26T18:52:00","slug":"enlighten-plus-under-eye-concealer-nr-0","status":"publish","type":"product","link":"https:\/\/www.claresco-cosmetic.de\/kosmetik-shop\/produkt\/enlighten-plus-under-eye-concealer-nr-0\/","title":{"rendered":"Enlighten Plus Under-eye Concealer Nr. 0"},"content":{"rendered":"<h5>Enlighten Plus &#8211; der Under-eye Concealer von jane iredale stellt alles in den Schatten!<\/h5>\n<p>Ein Concealer mit Breitbandsonnenschutz (UVA\/UVB), der gl\u00e4ttet, polstert und sch\u00fctzt &#8211; f\u00fcr strahlende Augen. Der Under-eye Concealer z\u00e4hlt zu den absoluten Beauty-Favoriten und ist ein Tool, auf das keine Frau verzichten will. Er wirkt wie ein Weichzeichner f\u00fcr F\u00e4ltchen und Unebenheiten, kaschiert Augenringe und R\u00f6tungen und schenkt uns augenblicklich ein frischeres Aussehen.<\/p>\n<p>Nur ein Effekt ist l\u00e4stig: Insbesondere bei reiferer Haut setzt sich der Concealer oft sichtbar in den kleinen F\u00e4ltchen unter den Augen ab und betont sie damit mehr, als sie zu kaschieren.<\/p>\n<p>Dieses Problem ist mit dem neuen Enlighten Plus Under-eye Concealer von jane iredale gel\u00f6st. Denn mit ihm kommt ein Produkt auf den Markt, das durch seine besondere Formulierung Augenringe &amp; Co. perfekt kaschiert, dabei aber weder verklumpt noch sich sichtbar in den F\u00e4ltchen absetzt. Vielmehr gl\u00e4ttet die seidige, hoch-deckende Feuchtigkeitscreme die Haut, polstert sie auf und bringt die Augen zum Strahlen! Mithilfe des geschwungenen Applikators, der gleichzeitig einen angenehm k\u00fchlenden Effekt hat, l\u00e4sst sie sich leicht und komfortabel auftragen.<\/p>\n<p>Zentral ist der in Enlighten Plus enthaltene, nat\u00fcrliche Wirkstoff \u201ePersischer Seidenbaumextrakt\u201c. Er sorgt f\u00fcr eine verbesserte Zellenergie, reduziert M\u00fcdigkeitserscheinungen und unterst\u00fctzt die nat\u00fcrlichen Detox-Prozesse der Haut. Ergebnis sind gestraffte Konturen und ein frischer, gegl\u00e4tteter Teint, der die Augenpartie leuchten l\u00e4sst.<\/p>\n<p>Enlighten Plus Under-eye Concealer Nr. 0 ist ein goldgelber Pfirsichton und bietet einen Sonnenschutz von LSF 30.<\/p>\n<h5>Vorteile des Make-up Produktes:<\/h5>\n<ul>\n<li>Hellt auf und reduziert bei regelm\u00e4\u00dfiger Anwendung sichtbar das Auftreten von Schwellungen und dunklen Augenringen.<\/li>\n<li>Geschwungenes, an die Augen angepasstes Design des Applikators f\u00fcr eine glatte und k\u00fchlende Anwendung.<\/li>\n<li>Mittlere bis hohe Deckkraft ohne Verklumpen oder Absetzen in den F\u00e4ltchen.<\/li>\n<\/ul>\n<h5>Vorteile f\u00fcr die Haut:<\/h5>\n<ul>\n<li>Sch\u00fctzt mit Breitband-Sonnenschutz (UVA\/UVB).<\/li>\n<li>Persischer Seidenbaumextrakt hilft bei der Verbesserung des Erscheinungsbildes der Haut unter den Augen und gl\u00e4ttet kleine F\u00e4ltchen.<\/li>\n<li>Die probiotische Feuchtigkeitscreme ist reich an Antioxidantien, die helfen, die durch Sonneneinstrahlung verursachte Produktion von freien Radikalen zu verlangsamen.<\/li>\n<\/ul>\n<h5>Inhalt:<\/h5>\n<p>7ml<\/p>\n<h5>Inhaltsstoffe:<\/h5>\n<p>Aktive Inhaltsstoffe: Titanium Dioxide 15%, Zinc Oxide 4.5%. Weitere Inhaltsstoffe: Aqua\/Water\/Eau, Coconut Alkanes, Octyldodecyl Neopentanoate, Glycerin, PEG-10 Dimethicone, Lactobacillus Ferment, Stearic Acid, Cocoglycerides, Coco-Caprylate\/Caprate, Leuconostoc\/Radish Root Ferment Filtrate, Polysilicone-11, Polyhydroxystearic Acid, Chenopodium Quinoa Seed Extract, Albizia Julibrissin Bark Extract, Lonicera Caprifolium (Honeysuckle) Flower Extract (and) Lonicera Japonica (Honeysuckle) Flower Extract, Simmondsia, Chinensis (Jojoba) Seed Oil, Tamarindus Indica Seed Polysaccharide, Alumina, Darutoside. Kann enthalten: Iron Oxides (CI 77489, CI 77491, CI 77492, CI 77499).<\/p>\n","protected":false},"excerpt":{"rendered":"<p>Ein Concealer, der alles in den Schatten stellt!<\/p>\n<ul>\n<li>Ein absoluter Beauty-Favorit.<\/li>\n<li>Wirkt wie ein Weichzeichner f\u00fcr F\u00e4ltchen und Unebenheiten<\/li>\n<li>kaschiert Augenringe und R\u00f6tungen<\/li>\n<\/ul>\n","protected":false},"featured_media":987485248,"comment_status":"open","ping_status":"closed","template":"","meta":{"_et_pb_use_builder":"off","_et_pb_old_content":"<strong>Anwendungsgebiete: <\/strong>\r\n\r\nAls Gesichtspackung wird masque verwendet bei allen Hautarten zur Straffung und Versch\u00f6nerung des Hautbildes.\r\nZur kurfristigen Therapie bei d\u00fcnner, empfindlicher Haut mit oberfl\u00e4chlichen Entz\u00fcndungen.\r\n\r\n<strong>Wirkungsweise:<\/strong>\r\n\r\nMasque erh\u00f6ht mit Hilfe der Lipacide RH (Lipoaminos\u00e4uren) die F\u00e4higkeit der Epidermis, den zullul\u00e4ren Wassergehalt stabil zu halten. Die Haut wird sichtbar straffer und elastischer. Lipacide RH wirkt gleichzeitig vorbeugend gegen bakterielle Entz\u00fcndungen.\r\n\r\n<strong>Anwendung<\/strong>:\r\n\r\nQuantit\u00e4t und Art der Anwendung sind nach dem individuellen und aktuellen Zustand der Haut festzulegen.\r\n\r\n<strong>Gegenanzeigen:<\/strong>\r\n\r\nDas Produkt sollte bei bekannter Campher-Unvertr\u00e4glichkeit nicht angewendet werden.\r\n\r\n\u00a0","_et_gb_content_width":""},"product_brand":[474],"product_cat":[365,129,220,83,86],"product_tag":[174,173,134],"class_list":{"0":"post-987485262","1":"product","2":"type-product","3":"status-publish","4":"has-post-thumbnail","6":"product_brand-jane-iredale","7":"product_cat-concealer","8":"product_cat-mineralmakeup-gesicht","9":"product_cat-mu-gesicht","10":"product_cat-jane-iredale","11":"product_cat-make-up","12":"product_tag-concealer","13":"product_tag-make-up","14":"product_tag-teint","16":"first","17":"onbackorder","18":"taxable","19":"shipping-taxable","20":"purchasable","21":"product-type-simple"},"booking_location":null,"booking_location_type":null,"booking_duration":null,"booking_duration_unit":null,"booking_buffer":null,"booking_cost":null,"booking_resources":null,"exclude_global_add_ons":[],"addons":[],"_links":{"self":[{"href":"https:\/\/www.claresco-cosmetic.de\/kosmetik-shop\/wp-json\/wp\/v2\/product\/987485262","targetHints":{"allow":["GET"]}}],"collection":[{"href":"https:\/\/www.claresco-cosmetic.de\/kosmetik-shop\/wp-json\/wp\/v2\/product"}],"about":[{"href":"https:\/\/www.claresco-cosmetic.de\/kosmetik-shop\/wp-json\/wp\/v2\/types\/product"}],"replies":[{"embeddable":true,"href":"https:\/\/www.claresco-cosmetic.de\/kosmetik-shop\/wp-json\/wp\/v2\/comments?post=987485262"}],"wp:featuredmedia":[{"embeddable":true,"href":"https:\/\/www.claresco-cosmetic.de\/kosmetik-shop\/wp-json\/wp\/v2\/media\/987485248"}],"wp:attachment":[{"href":"https:\/\/www.claresco-cosmetic.de\/kosmetik-shop\/wp-json\/wp\/v2\/media?parent=987485262"}],"wp:term":[{"taxonomy":"product_brand","embeddable":true,"href":"https:\/\/www.claresco-cosmetic.de\/kosmetik-shop\/wp-json\/wp\/v2\/product_brand?post=987485262"},{"taxonomy":"product_cat","embeddable":true,"href":"https:\/\/www.claresco-cosmetic.de\/kosmetik-shop\/wp-json\/wp\/v2\/product_cat?post=987485262"},{"taxonomy":"product_tag","embeddable":true,"href":"https:\/\/www.claresco-cosmetic.de\/kosmetik-shop\/wp-json\/wp\/v2\/product_tag?post=987485262"}],"curies":[{"name":"wp","href":"https:\/\/api.w.org\/{rel}","templated":true}]}}