{"id":987486927,"date":"2024-09-26T21:08:22","date_gmt":"2024-09-26T19:08:22","guid":{"rendered":"https:\/\/www.claresco-cosmetic.de\/kosmetik-shop\/?post_type=product&#038;p=987486927"},"modified":"2025-07-26T20:51:59","modified_gmt":"2025-07-26T18:51:59","slug":"lash-fixation-length-definition-tubing-mascara","status":"publish","type":"product","link":"https:\/\/www.claresco-cosmetic.de\/kosmetik-shop\/produkt\/lash-fixation-length-definition-tubing-mascara\/","title":{"rendered":"Lash Fixation Length &#038; Definition Tubing Mascara"},"content":{"rendered":"<p>Tubing Mascaras sind ein Megatrend, und das zu Recht! Sie legen sich wie R\u00f6hrchen um die einzelnen Haare und kreieren so einen tollen Halt, Volumen und perfekt getrennte Wimpern. Und: Sie lassen sich ganz unkompliziert mit warmem Wasser entfernen.<\/p>\n<p>Die Lash Fixation\u2122 Length &amp; Definition Tubing Mascara von jane iredale h\u00e4lt wirklich alles, was diese neue, innovative Technologie verspricht: Sie ist schwerelos und umh\u00fcllt, trennt und hebt jedes einzelne H\u00e4rchen an. Auf diese Weise sorgt sie f\u00fcr maximal verl\u00e4ngerte, perfekt definierte Wimpern mit einem verf\u00fchrerischen Schwung.<\/p>\n<p>Jojobasamen-\u00d6l und Jackfrucht-Extrakt spenden Feuchtigkeit und sch\u00fctzen die Wimpern, Carnaubawachs sorgt f\u00fcr eine cremige Textur, gute Haftf\u00e4higkeit und ein tolles Volumen.<\/p>\n<p>&nbsp;<\/p>\n<h5>Anwendung:<\/h5>\n<p>Die Anwendung der Tubing Mascara ist ganz leicht: Die B\u00fcrste am Wimpernansatz ansetzen und nach oben durch die Wimpern ziehen, um diese anzuheben und zu trennen. Besonders intensiv wird das Ergebnis, wenn man die Mascara auf feuchte Wimpern auftr\u00e4gt.<\/p>\n<p>Um die Mascara zu entfernen, einfach die Wimpern mit warmem Wasser befeuchten und die R\u00f6hrchen, die sich um die Wimpern gelegt haben, mit sanftem Druck entfernen. Kein Eye-Make-up-Entferner, kein Augen-Reiben!<\/p>\n<p>&nbsp;<\/p>\n<h5>Make-up Vorteile:<\/h5>\n<ul>\n<li>Maximiert die L\u00e4nge, definiert pr\u00e4zise, hebt an und verleiht Schwung.<\/li>\n<li>Umh\u00fcllt die Wimpern mit einer schwerelosen 360-Grad-Tube.<\/li>\n<li>Best\u00e4ndig gegen Verlaufen und Verschmieren f\u00fcr langanhaltenden Halt.<\/li>\n<li>L\u00e4sst sich einfach mit warmem Wasser entfernen &#8211; kein Make-up-Entferner oder starkes Reiben n\u00f6tig.<\/li>\n<li>Die spitz zulaufende B\u00fcrste erreicht jede Wimper und hebt sie von der Wurzel bis zur Spitze an.<\/li>\n<li>Dicht gepackte Borsten trennen und umh\u00fcllen gleichm\u00e4\u00dfig Wimpern, ohne zu verklumpen.<\/li>\n<\/ul>\n<p>&nbsp;<\/p>\n<p>&nbsp;<\/p>\n<h5>Hautvorteile:<\/h5>\n<ul>\n<li>Carnaubawachs verleiht eine cremige Textur, unterst\u00fctzt die Haftung und hilft beim Aufbau von Volumen.<\/li>\n<li>Der Rice Curl Complex hilft, die Wimpern anzuheben und ihnen Schwung zu verleihen.<\/li>\n<li>Jojoba-Samen\u00f6l ist reich an Antioxidantien und spendet Feuchtigkeit.<\/li>\n<li>Upgecycelter Jackfruit-Extrakt unterst\u00fctzt die Hydratation und sch\u00fctzt die Wimpern.<\/li>\n<li>Sicher f\u00fcr empfindliche Augen und Kontaktlinsentr\u00e4ger*innen.<\/li>\n<\/ul>\n<p>&nbsp;<\/p>\n<h5>Inhalt:<\/h5>\n<p>8g<\/p>\n<p>&nbsp;<\/p>\n<h5>Inhaltsstoffe:<\/h5>\n<p>Water\/Aqua, Acrylates Copolymer, Synthetic Beeswax, Hydrogenated Jojoba Oil, Stearic Acid, Iron Oxides (CI 77499), Glyceryl Stearate, Copernicia Cerifera (Carnauba) Wax, PVP, Ammonium Acrylates Copolymer, Alcohol, Aminomethyl Propanol, Caprylyl Glycol, 1,2-Hexanediol, Hydroxyacetophenone, Sodium Dehydroacetate, Butylene Glycol, Laureth-21, Glycerin, Trideceth-6 Phosphate, Dipropylene Glycol, Glycosphingolipids, Artocarpus Heterophyllus Fruit Extract, Glyceryl Caprylate, Lactobacillus\/Tomato Fruit Ferment Extract, Keratin Amino Acids, Oryza Sativa (Rice) Extract, Leuconostoc\/Radish Root Ferment Filtrate, Lactobacillus Ferment, Acyl Coenzyme A Desaturase.<\/p>\n","protected":false},"excerpt":{"rendered":"<p>Die Lash Fixation\u2122 Length &amp; Definition Tubing Mascara von jane iredale h\u00e4lt wirklich alles, was diese neue, innovative Technologie verspricht: Sie ist schwerelos und umh\u00fcllt, trennt und hebt jedes einzelne H\u00e4rchen an. Auf diese Weise sorgt sie f\u00fcr maximal verl\u00e4ngerte, perfekt definierte Wimpern mit einem verf\u00fchrerischen Schwung.<\/p>\n","protected":false},"featured_media":987486912,"comment_status":"open","ping_status":"closed","template":"","meta":{"_et_pb_use_builder":"off","_et_pb_old_content":"<strong>Anwendungsgebiete: <\/strong>\r\n\r\nAls Gesichtspackung wird masque verwendet bei allen Hautarten zur Straffung und Versch\u00f6nerung des Hautbildes.\r\nZur kurfristigen Therapie bei d\u00fcnner, empfindlicher Haut mit oberfl\u00e4chlichen Entz\u00fcndungen.\r\n\r\n<strong>Wirkungsweise:<\/strong>\r\n\r\nMasque erh\u00f6ht mit Hilfe der Lipacide RH (Lipoaminos\u00e4uren) die F\u00e4higkeit der Epidermis, den zullul\u00e4ren Wassergehalt stabil zu halten. Die Haut wird sichtbar straffer und elastischer. Lipacide RH wirkt gleichzeitig vorbeugend gegen bakterielle Entz\u00fcndungen.\r\n\r\n<strong>Anwendung<\/strong>:\r\n\r\nQuantit\u00e4t und Art der Anwendung sind nach dem individuellen und aktuellen Zustand der Haut festzulegen.\r\n\r\n<strong>Gegenanzeigen:<\/strong>\r\n\r\nDas Produkt sollte bei bekannter Campher-Unvertr\u00e4glichkeit nicht angewendet werden.\r\n\r\n\u00a0","_et_gb_content_width":""},"product_brand":[474],"product_cat":[221,130,211,83,86],"product_tag":[123,173,334,176],"class_list":{"0":"post-987486927","1":"product","2":"type-product","3":"status-publish","4":"has-post-thumbnail","6":"product_brand-jane-iredale","7":"product_cat-mu-augen","8":"product_cat-mineralmakeup-augen","9":"product_cat-augen-und-co","10":"product_cat-jane-iredale","11":"product_cat-make-up","12":"product_tag-augen","13":"product_tag-make-up","14":"product_tag-mascara","15":"product_tag-wimperntusche","17":"first","18":"instock","19":"taxable","20":"shipping-taxable","21":"purchasable","22":"product-type-simple"},"booking_location":null,"booking_location_type":null,"booking_duration":null,"booking_duration_unit":null,"booking_buffer":null,"booking_cost":null,"booking_resources":null,"exclude_global_add_ons":[],"addons":[],"_links":{"self":[{"href":"https:\/\/www.claresco-cosmetic.de\/kosmetik-shop\/wp-json\/wp\/v2\/product\/987486927","targetHints":{"allow":["GET"]}}],"collection":[{"href":"https:\/\/www.claresco-cosmetic.de\/kosmetik-shop\/wp-json\/wp\/v2\/product"}],"about":[{"href":"https:\/\/www.claresco-cosmetic.de\/kosmetik-shop\/wp-json\/wp\/v2\/types\/product"}],"replies":[{"embeddable":true,"href":"https:\/\/www.claresco-cosmetic.de\/kosmetik-shop\/wp-json\/wp\/v2\/comments?post=987486927"}],"wp:featuredmedia":[{"embeddable":true,"href":"https:\/\/www.claresco-cosmetic.de\/kosmetik-shop\/wp-json\/wp\/v2\/media\/987486912"}],"wp:attachment":[{"href":"https:\/\/www.claresco-cosmetic.de\/kosmetik-shop\/wp-json\/wp\/v2\/media?parent=987486927"}],"wp:term":[{"taxonomy":"product_brand","embeddable":true,"href":"https:\/\/www.claresco-cosmetic.de\/kosmetik-shop\/wp-json\/wp\/v2\/product_brand?post=987486927"},{"taxonomy":"product_cat","embeddable":true,"href":"https:\/\/www.claresco-cosmetic.de\/kosmetik-shop\/wp-json\/wp\/v2\/product_cat?post=987486927"},{"taxonomy":"product_tag","embeddable":true,"href":"https:\/\/www.claresco-cosmetic.de\/kosmetik-shop\/wp-json\/wp\/v2\/product_tag?post=987486927"}],"curies":[{"name":"wp","href":"https:\/\/api.w.org\/{rel}","templated":true}]}}